{"id":2572,"date":"2024-06-26T21:05:56","date_gmt":"2024-06-26T21:05:56","guid":{"rendered":"\/agile\/?post_type=ht_kb&#038;p=2572"},"modified":"2024-08-06T20:49:40","modified_gmt":"2024-08-06T20:49:40","slug":"horaires-des-employes-couts","status":"publish","type":"ht_kb","link":"\/agile\/fr\/knowledge-base\/horaires-des-employes-couts\/","title":{"rendered":"Horaires des employ\u00e9s &#8211; Co\u00fbts"},"content":{"rendered":"<h3><\/h3>\n<ul>\n<li>Les employ\u00e9s peuvent \u00eatre planifi\u00e9s \u00e0 l&rsquo;avance avec des donn\u00e9es de calcul des co\u00fbts de travail, afin d&rsquo;attribuer leur temps de travail \u00e0 un d\u00e9partement ou \u00e0 une t\u00e2che sp\u00e9cifique.<\/li>\n<\/ul>\n<p>L&rsquo;utilisateur peut ajouter le co\u00fbt du travail avec le menu lat\u00e9ral :<\/p>\n<ul>\n<li>\n<ol>\n<li>Cliquez dans la cellule<\/li>\n<li>Cliquer sur le menu contextuel (&#8230;)<\/li>\n<li>Cliquez sur \u00a0\u00bb Modifier l&rsquo;horaire \u00ab\u00a0.<\/li>\n<li>Cliquer sur \u00ab\u00a0+Ajouter co\u00fbt\u00a0\u00bb (Note : s&rsquo;il n&rsquo;y a pas d&rsquo;horaire existant, l&rsquo;utilisateur doit ajouter l&rsquo;horaire avant d&rsquo;ajouter le co\u00fbt du travail).<\/li>\n<li>L&rsquo;utilisateur doit indiquer l&rsquo;heure de d\u00e9but et l&rsquo;heure de fin.<\/li>\n<li>L&rsquo;utilisateur doit sp\u00e9cifier au moins un niveau de travail.<\/li>\n<li>Si l&rsquo;utilisateur ne sp\u00e9cifie pas de d\u00e9partement, le syst\u00e8me prendra le d\u00e9partement par d\u00e9faut de l&rsquo;utilisateur.<\/li>\n<li>Cliquez sur \u00ab\u00a0Appliquer\u00a0\u00bb une fois que les co\u00fbts des travaux ont \u00e9t\u00e9 ajout\u00e9s.<\/li>\n<\/ol>\n<\/li>\n<\/ul>\n<p>Voir les captures d&rsquo;\u00e9cran 1 et 2 ci-dessous.<\/p>\n<p>Capture d&rsquo;\u00e9cran 1<\/p>\n<p><img loading=\"lazy\" decoding=\"async\" width=\"2048\" height=\"903\" class=\"wp-image-2573\" src=\"\/agile\/wp-content\/uploads\/sites\/2\/2024\/06\/word-image-2572-1.png\" srcset=\"\/agile\/wp-content\/uploads\/sites\/2\/2024\/06\/word-image-2572-1.png 2048w, \/agile\/wp-content\/uploads\/sites\/2\/2024\/06\/word-image-2572-1-300x132.png 300w, \/agile\/wp-content\/uploads\/sites\/2\/2024\/06\/word-image-2572-1-1024x452.png 1024w, \/agile\/wp-content\/uploads\/sites\/2\/2024\/06\/word-image-2572-1-768x339.png 768w, \/agile\/wp-content\/uploads\/sites\/2\/2024\/06\/word-image-2572-1-50x22.png 50w, \/agile\/wp-content\/uploads\/sites\/2\/2024\/06\/word-image-2572-1-1536x677.png 1536w, \/agile\/wp-content\/uploads\/sites\/2\/2024\/06\/word-image-2572-1-60x26.png 60w, \/agile\/wp-content\/uploads\/sites\/2\/2024\/06\/word-image-2572-1-100x44.png 100w\" sizes=\"auto, (max-width: 2048px) 100vw, 2048px\" \/><\/p>\n<p>Capture d&rsquo;\u00e9cran 2<\/p>\n<p><img loading=\"lazy\" decoding=\"async\" width=\"2048\" height=\"905\" class=\"wp-image-2575\" src=\"\/agile\/wp-content\/uploads\/sites\/2\/2024\/06\/word-image-2572-2.png\" srcset=\"\/agile\/wp-content\/uploads\/sites\/2\/2024\/06\/word-image-2572-2.png 2048w, \/agile\/wp-content\/uploads\/sites\/2\/2024\/06\/word-image-2572-2-300x133.png 300w, \/agile\/wp-content\/uploads\/sites\/2\/2024\/06\/word-image-2572-2-1024x453.png 1024w, \/agile\/wp-content\/uploads\/sites\/2\/2024\/06\/word-image-2572-2-768x339.png 768w, \/agile\/wp-content\/uploads\/sites\/2\/2024\/06\/word-image-2572-2-50x22.png 50w, \/agile\/wp-content\/uploads\/sites\/2\/2024\/06\/word-image-2572-2-1536x679.png 1536w, \/agile\/wp-content\/uploads\/sites\/2\/2024\/06\/word-image-2572-2-60x27.png 60w, \/agile\/wp-content\/uploads\/sites\/2\/2024\/06\/word-image-2572-2-100x44.png 100w\" sizes=\"auto, (max-width: 2048px) 100vw, 2048px\" \/><\/p>\n<p><strong><em>Comment consulter les SSLA ajout\u00e9s ?<\/em><\/strong><\/p>\n<p><em>Lorsque le SSLA est ajout\u00e9 \u00e0 l&rsquo;horaire, l&rsquo;utilisateur peut le visualiser en survolant l&rsquo;ic\u00f4ne SSLA apparaissant dans la cellule de l&rsquo;horaire. L&rsquo;ic\u00f4ne s&rsquo;affichera sous la forme d&rsquo;une infobulle. L&rsquo;autre fa\u00e7on de visualiser le co\u00fbt du travail est de passer par le menu lat\u00e9ral. Cliquez sur 3 points (&#8230;) &gt; Modifier l&rsquo;horaire, un menu lat\u00e9ral s&rsquo;ouvre et l&rsquo;utilisateur peut voir le co\u00fbt du travail dans le menu lat\u00e9ral. (voir la capture d&rsquo;\u00e9cran ci-dessous)<\/em><\/p>\n<p><strong><img loading=\"lazy\" decoding=\"async\" width=\"2048\" height=\"911\" class=\"wp-image-2577\" src=\"\/agile\/wp-content\/uploads\/sites\/2\/2024\/06\/word-image-2572-3.png\" srcset=\"\/agile\/wp-content\/uploads\/sites\/2\/2024\/06\/word-image-2572-3.png 2048w, \/agile\/wp-content\/uploads\/sites\/2\/2024\/06\/word-image-2572-3-300x133.png 300w, \/agile\/wp-content\/uploads\/sites\/2\/2024\/06\/word-image-2572-3-1024x456.png 1024w, \/agile\/wp-content\/uploads\/sites\/2\/2024\/06\/word-image-2572-3-768x342.png 768w, \/agile\/wp-content\/uploads\/sites\/2\/2024\/06\/word-image-2572-3-50x22.png 50w, \/agile\/wp-content\/uploads\/sites\/2\/2024\/06\/word-image-2572-3-1536x683.png 1536w, \/agile\/wp-content\/uploads\/sites\/2\/2024\/06\/word-image-2572-3-60x27.png 60w, \/agile\/wp-content\/uploads\/sites\/2\/2024\/06\/word-image-2572-3-100x44.png 100w\" sizes=\"auto, (max-width: 2048px) 100vw, 2048px\" \/><\/strong><\/p>\n","protected":false},"excerpt":{"rendered":"<p>Les employ\u00e9s peuvent \u00eatre planifi\u00e9s \u00e0 l&rsquo;avance avec des donn\u00e9es de calcul des co\u00fbts de travail, afin d&rsquo;attribuer leur temps de travail \u00e0 un d\u00e9partement ou \u00e0 une t\u00e2che sp\u00e9cifique. L&rsquo;utilisateur peut ajouter le co\u00fbt du travail avec le menu lat\u00e9ral : Cliquez dans la cellule Cliquer sur le menu&#8230;<\/p>\n","protected":false},"author":3,"comment_status":"open","ping_status":"closed","template":"","format":"standard","meta":{"_lmt_disableupdate":"","_lmt_disable":"","footnotes":""},"ht-kb-category":[161],"ht-kb-tag":[],"class_list":["post-2572","ht_kb","type-ht_kb","status-publish","format-standard","hentry","ht_kb_category-horaires-de-travail"],"_links":{"self":[{"href":"https:\/\/help.synerion.com\/agile\/fr\/wp-json\/wp\/v2\/ht-kb\/2572","targetHints":{"allow":["GET"]}}],"collection":[{"href":"https:\/\/help.synerion.com\/agile\/fr\/wp-json\/wp\/v2\/ht-kb"}],"about":[{"href":"https:\/\/help.synerion.com\/agile\/fr\/wp-json\/wp\/v2\/types\/ht_kb"}],"author":[{"embeddable":true,"href":"https:\/\/help.synerion.com\/agile\/fr\/wp-json\/wp\/v2\/users\/3"}],"replies":[{"embeddable":true,"href":"https:\/\/help.synerion.com\/agile\/fr\/wp-json\/wp\/v2\/comments?post=2572"}],"version-history":[{"count":2,"href":"https:\/\/help.synerion.com\/agile\/fr\/wp-json\/wp\/v2\/ht-kb\/2572\/revisions"}],"predecessor-version":[{"id":3076,"href":"https:\/\/help.synerion.com\/agile\/fr\/wp-json\/wp\/v2\/ht-kb\/2572\/revisions\/3076"}],"wp:attachment":[{"href":"https:\/\/help.synerion.com\/agile\/fr\/wp-json\/wp\/v2\/media?parent=2572"}],"wp:term":[{"taxonomy":"ht_kb_category","embeddable":true,"href":"https:\/\/help.synerion.com\/agile\/fr\/wp-json\/wp\/v2\/ht-kb-category?post=2572"},{"taxonomy":"ht_kb_tag","embeddable":true,"href":"https:\/\/help.synerion.com\/agile\/fr\/wp-json\/wp\/v2\/ht-kb-tag?post=2572"}],"curies":[{"name":"wp","href":"https:\/\/api.w.org\/{rel}","templated":true}]}}

Horaires des employés &#8211; Coûts

<h3></h3>
<ul>
<li>Les employés peuvent être planifiés à l&rsquo;avance avec des données de calcul des coûts de travail, afin d&rsquo;attribuer leur temps de travail à un département ou à une tâche spécifique.</li>
</ul>
<p>L&rsquo;utilisateur peut ajouter le coût du travail avec le menu latéral :</p>
<ul>
<li>
<ol>
<li>Cliquez dans la cellule</li>
<li>Cliquer sur le menu contextuel (&#8230;)</li>
<li>Cliquez sur  » Modifier l&rsquo;horaire « .</li>
<li>Cliquer sur « +Ajouter coût » (Note : s&rsquo;il n&rsquo;y a pas d&rsquo;horaire existant, l&rsquo;utilisateur doit ajouter l&rsquo;horaire avant d&rsquo;ajouter le coût du travail).</li>
<li>L&rsquo;utilisateur doit indiquer l&rsquo;heure de début et l&rsquo;heure de fin.</li>
<li>L&rsquo;utilisateur doit spécifier au moins un niveau de travail.</li>
<li>Si l&rsquo;utilisateur ne spécifie pas de département, le système prendra le département par défaut de l&rsquo;utilisateur.</li>
<li>Cliquez sur « Appliquer » une fois que les coûts des travaux ont été ajoutés.</li>
</ol>
</li>
</ul>
<p>Voir les captures d&rsquo;écran 1 et 2 ci-dessous.</p>
<p>Capture d&rsquo;écran 1</p>
<p><img loading="lazy" decoding="async" width="2048" height="903" class="wp-image-2573" src="/agile/wp-content/uploads/sites/2/2024/06/word-image-2572-1.png" srcset="/agile/wp-content/uploads/sites/2/2024/06/word-image-2572-1.png 2048w, /agile/wp-content/uploads/sites/2/2024/06/word-image-2572-1-300x132.png 300w, /agile/wp-content/uploads/sites/2/2024/06/word-image-2572-1-1024x452.png 1024w, /agile/wp-content/uploads/sites/2/2024/06/word-image-2572-1-768x339.png 768w, /agile/wp-content/uploads/sites/2/2024/06/word-image-2572-1-50x22.png 50w, /agile/wp-content/uploads/sites/2/2024/06/word-image-2572-1-1536x677.png 1536w, /agile/wp-content/uploads/sites/2/2024/06/word-image-2572-1-60x26.png 60w, /agile/wp-content/uploads/sites/2/2024/06/word-image-2572-1-100x44.png 100w" sizes="auto, (max-width: 2048px) 100vw, 2048px" /></p>
<p>Capture d&rsquo;écran 2</p>
<p><img loading="lazy" decoding="async" width="2048" height="905" class="wp-image-2575" src="/agile/wp-content/uploads/sites/2/2024/06/word-image-2572-2.png" srcset="/agile/wp-content/uploads/sites/2/2024/06/word-image-2572-2.png 2048w, /agile/wp-content/uploads/sites/2/2024/06/word-image-2572-2-300x133.png 300w, /agile/wp-content/uploads/sites/2/2024/06/word-image-2572-2-1024x453.png 1024w, /agile/wp-content/uploads/sites/2/2024/06/word-image-2572-2-768x339.png 768w, /agile/wp-content/uploads/sites/2/2024/06/word-image-2572-2-50x22.png 50w, /agile/wp-content/uploads/sites/2/2024/06/word-image-2572-2-1536x679.png 1536w, /agile/wp-content/uploads/sites/2/2024/06/word-image-2572-2-60x27.png 60w, /agile/wp-content/uploads/sites/2/2024/06/word-image-2572-2-100x44.png 100w" sizes="auto, (max-width: 2048px) 100vw, 2048px" /></p>
<p><strong><em>Comment consulter les SSLA ajoutés ?</em></strong></p>
<p><em>Lorsque le SSLA est ajouté à l&rsquo;horaire, l&rsquo;utilisateur peut le visualiser en survolant l&rsquo;icône SSLA apparaissant dans la cellule de l&rsquo;horaire. L&rsquo;icône s&rsquo;affichera sous la forme d&rsquo;une infobulle. L&rsquo;autre façon de visualiser le coût du travail est de passer par le menu latéral. Cliquez sur 3 points (&#8230;) &gt; Modifier l&rsquo;horaire, un menu latéral s&rsquo;ouvre et l&rsquo;utilisateur peut voir le coût du travail dans le menu latéral. (voir la capture d&rsquo;écran ci-dessous)</em></p>
<p><strong><img loading="lazy" decoding="async" width="2048" height="911" class="wp-image-2577" src="/agile/wp-content/uploads/sites/2/2024/06/word-image-2572-3.png" srcset="/agile/wp-content/uploads/sites/2/2024/06/word-image-2572-3.png 2048w, /agile/wp-content/uploads/sites/2/2024/06/word-image-2572-3-300x133.png 300w, /agile/wp-content/uploads/sites/2/2024/06/word-image-2572-3-1024x456.png 1024w, /agile/wp-content/uploads/sites/2/2024/06/word-image-2572-3-768x342.png 768w, /agile/wp-content/uploads/sites/2/2024/06/word-image-2572-3-50x22.png 50w, /agile/wp-content/uploads/sites/2/2024/06/word-image-2572-3-1536x683.png 1536w, /agile/wp-content/uploads/sites/2/2024/06/word-image-2572-3-60x27.png 60w, /agile/wp-content/uploads/sites/2/2024/06/word-image-2572-3-100x44.png 100w" sizes="auto, (max-width: 2048px) 100vw, 2048px" /></strong></p>

<p>Les employés peuvent être planifiés à l&rsquo;avance avec des données de calcul des coûts de travail, afin d&rsquo;attribuer leur temps de travail à un département ou à une tâche spécifique. L&rsquo;utilisateur peut ajouter le coût du travail avec le menu latéral : Cliquez dans la cellule Cliquer sur le menu&#8230;</p>
