{"id":2580,"date":"2024-06-26T21:10:49","date_gmt":"2024-06-26T21:10:49","guid":{"rendered":"\/agile\/?post_type=ht_kb&#038;p=2580"},"modified":"2024-08-06T20:48:50","modified_gmt":"2024-08-06T20:48:50","slug":"modification-des-horaires","status":"publish","type":"ht_kb","link":"\/agile\/fr\/knowledge-base\/modification-des-horaires\/","title":{"rendered":"Modification des horaires"},"content":{"rendered":"\n<p>Pour modifier les heures de d\u00e9but ou de fin de l&rsquo;horaire d&rsquo;un employ\u00e9 :&nbsp;<\/p>\n\n\n\n<ul class=\"wp-block-list\">\n<li>Double-cliquez sur la cellule de la grille correspondant au jour et \u00e0 l&#8217;employ\u00e9 dont vous souhaitez modifier l&rsquo;horaire.&nbsp;&nbsp;&nbsp;&nbsp;<\/li>\n<\/ul>\n\n\n\n<ul class=\"wp-block-list\">\n<li>Une fois vos modifications effectu\u00e9es, vous pouvez enregistrer l&rsquo;horaire de trois fa\u00e7ons : appuyez sur Entr\u00e9e, appuyez sur la touche Tab jusqu&rsquo;\u00e0 la fin de l&rsquo;enregistrement ou cliquez sur une autre cellule&nbsp;<\/li>\n<\/ul>\n\n\n\n<p>Pour des modifications d&rsquo;horaire plus complexes :&nbsp;<\/p>\n\n\n\n<ul class=\"wp-block-list\">\n<li>Cliquez sur les trois points situ\u00e9s \u00e0 droite de la cellule que vous souhaitez modifier et s\u00e9lectionnez Modifier l&rsquo;horaire.&nbsp;&nbsp;&nbsp;&nbsp;<\/li>\n<\/ul>\n\n\n\n<ul class=\"wp-block-list\">\n<li>Le panneau lat\u00e9ral s&rsquo;ouvre sur la droite et vous permet de sp\u00e9cifier une absence, de modifier la r\u00e8gle de travail ou l&rsquo;horaire, ou d&rsquo;ajouter des informations sur les co\u00fbts ou une \u00e9quipe suppl\u00e9mentaire.&nbsp;<\/li>\n<\/ul>\n\n\n\n<figure class=\"wp-block-image size-large\"><img loading=\"lazy\" decoding=\"async\" width=\"1024\" height=\"472\" src=\"\/agile\/wp-content\/uploads\/sites\/2\/2024\/08\/image-9-1024x472.png\" alt=\"\" class=\"wp-image-2886\" srcset=\"\/agile\/wp-content\/uploads\/sites\/2\/2024\/08\/image-9-1024x472.png 1024w, \/agile\/wp-content\/uploads\/sites\/2\/2024\/08\/image-9-300x138.png 300w, \/agile\/wp-content\/uploads\/sites\/2\/2024\/08\/image-9-768x354.png 768w, \/agile\/wp-content\/uploads\/sites\/2\/2024\/08\/image-9-50x23.png 50w, \/agile\/wp-content\/uploads\/sites\/2\/2024\/08\/image-9-1536x708.png 1536w, \/agile\/wp-content\/uploads\/sites\/2\/2024\/08\/image-9-60x28.png 60w, \/agile\/wp-content\/uploads\/sites\/2\/2024\/08\/image-9-100x46.png 100w, \/agile\/wp-content\/uploads\/sites\/2\/2024\/08\/image-9.png 1600w\" sizes=\"auto, (max-width: 1024px) 100vw, 1024px\" \/><\/figure>\n\n\n\n<p><strong>Horaires de nuit<\/strong><\/p>\n\n\n\n<ul class=\"wp-block-list\">\n<li>Pour programmer un employ\u00e9 pour la nuit, ajoutez l&rsquo;horaire le jour o\u00f9 le quart de travail commence.<\/li>\n\n\n\n<li>Exemple : Pour un employ\u00e9 travaillant du lundi \u00e0 22 heures au mardi \u00e0 6 heures, l&rsquo;horaire doit \u00eatre ajout\u00e9 le lundi sous la forme 22 heures-6 heures (le syst\u00e8me comprendra que l&rsquo;heure de fin pr\u00e9vue est le lendemain).<\/li>\n<\/ul>\n","protected":false},"excerpt":{"rendered":"<p>Pour modifier les heures de d\u00e9but ou de fin de l&rsquo;horaire d&rsquo;un employ\u00e9 :&nbsp; Pour des modifications d&rsquo;horaire plus complexes :&nbsp; Horaires de nuit<\/p>\n","protected":false},"author":4,"comment_status":"open","ping_status":"closed","template":"","format":"standard","meta":{"_lmt_disableupdate":"","_lmt_disable":"","footnotes":""},"ht-kb-category":[161],"ht-kb-tag":[72,176,116,166,32,177],"class_list":["post-2580","ht_kb","type-ht_kb","status-publish","format-standard","hentry","ht_kb_category-horaires-de-travail","ht_kb_tag-employee","ht_kb_tag-employee-2","ht_kb_tag-mss","ht_kb_tag-mss-2","ht_kb_tag-schedule","ht_kb_tag-schedule-2"],"_links":{"self":[{"href":"https:\/\/help.synerion.com\/agile\/fr\/wp-json\/wp\/v2\/ht-kb\/2580","targetHints":{"allow":["GET"]}}],"collection":[{"href":"https:\/\/help.synerion.com\/agile\/fr\/wp-json\/wp\/v2\/ht-kb"}],"about":[{"href":"https:\/\/help.synerion.com\/agile\/fr\/wp-json\/wp\/v2\/types\/ht_kb"}],"author":[{"embeddable":true,"href":"https:\/\/help.synerion.com\/agile\/fr\/wp-json\/wp\/v2\/users\/4"}],"replies":[{"embeddable":true,"href":"https:\/\/help.synerion.com\/agile\/fr\/wp-json\/wp\/v2\/comments?post=2580"}],"version-history":[{"count":3,"href":"https:\/\/help.synerion.com\/agile\/fr\/wp-json\/wp\/v2\/ht-kb\/2580\/revisions"}],"predecessor-version":[{"id":2888,"href":"https:\/\/help.synerion.com\/agile\/fr\/wp-json\/wp\/v2\/ht-kb\/2580\/revisions\/2888"}],"wp:attachment":[{"href":"https:\/\/help.synerion.com\/agile\/fr\/wp-json\/wp\/v2\/media?parent=2580"}],"wp:term":[{"taxonomy":"ht_kb_category","embeddable":true,"href":"https:\/\/help.synerion.com\/agile\/fr\/wp-json\/wp\/v2\/ht-kb-category?post=2580"},{"taxonomy":"ht_kb_tag","embeddable":true,"href":"https:\/\/help.synerion.com\/agile\/fr\/wp-json\/wp\/v2\/ht-kb-tag?post=2580"}],"curies":[{"name":"wp","href":"https:\/\/api.w.org\/{rel}","templated":true}]}}

<p>Pour modifier les heures de début ou de fin de l&rsquo;horaire d&rsquo;un employé :&nbsp;</p>



<ul class="wp-block-list">
<li>Double-cliquez sur la cellule de la grille correspondant au jour et à l&#8217;employé dont vous souhaitez modifier l&rsquo;horaire.&nbsp;&nbsp;&nbsp;&nbsp;</li>
</ul>



<ul class="wp-block-list">
<li>Une fois vos modifications effectuées, vous pouvez enregistrer l&rsquo;horaire de trois façons : appuyez sur Entrée, appuyez sur la touche Tab jusqu&rsquo;à la fin de l&rsquo;enregistrement ou cliquez sur une autre cellule&nbsp;</li>
</ul>



<p>Pour des modifications d&rsquo;horaire plus complexes :&nbsp;</p>



<ul class="wp-block-list">
<li>Cliquez sur les trois points situés à droite de la cellule que vous souhaitez modifier et sélectionnez Modifier l&rsquo;horaire.&nbsp;&nbsp;&nbsp;&nbsp;</li>
</ul>



<ul class="wp-block-list">
<li>Le panneau latéral s&rsquo;ouvre sur la droite et vous permet de spécifier une absence, de modifier la règle de travail ou l&rsquo;horaire, ou d&rsquo;ajouter des informations sur les coûts ou une équipe supplémentaire.&nbsp;</li>
</ul>



<figure class="wp-block-image size-large"><img loading="lazy" decoding="async" width="1024" height="472" src="/agile/wp-content/uploads/sites/2/2024/08/image-9-1024x472.png" alt="" class="wp-image-2886" srcset="/agile/wp-content/uploads/sites/2/2024/08/image-9-1024x472.png 1024w, /agile/wp-content/uploads/sites/2/2024/08/image-9-300x138.png 300w, /agile/wp-content/uploads/sites/2/2024/08/image-9-768x354.png 768w, /agile/wp-content/uploads/sites/2/2024/08/image-9-50x23.png 50w, /agile/wp-content/uploads/sites/2/2024/08/image-9-1536x708.png 1536w, /agile/wp-content/uploads/sites/2/2024/08/image-9-60x28.png 60w, /agile/wp-content/uploads/sites/2/2024/08/image-9-100x46.png 100w, /agile/wp-content/uploads/sites/2/2024/08/image-9.png 1600w" sizes="auto, (max-width: 1024px) 100vw, 1024px" /></figure>



<p><strong>Horaires de nuit</strong></p>



<ul class="wp-block-list">
<li>Pour programmer un employé pour la nuit, ajoutez l&rsquo;horaire le jour où le quart de travail commence.</li>



<li>Exemple : Pour un employé travaillant du lundi à 22 heures au mardi à 6 heures, l&rsquo;horaire doit être ajouté le lundi sous la forme 22 heures-6 heures (le système comprendra que l&rsquo;heure de fin prévue est le lendemain).</li>
</ul>

<p>Pour modifier les heures de début ou de fin de l&rsquo;horaire d&rsquo;un employé :&nbsp; Pour des modifications d&rsquo;horaire plus complexes :&nbsp; Horaires de nuit</p>
