{"id":3382,"date":"2024-08-16T18:48:25","date_gmt":"2024-08-16T18:48:25","guid":{"rendered":"\/agile\/?post_type=ht_kb&#038;p=3382"},"modified":"2025-01-03T16:48:10","modified_gmt":"2025-01-03T16:48:10","slug":"preference-journee-individuelle-mss","status":"publish","type":"ht_kb","link":"\/agile\/fr\/knowledge-base\/preference-journee-individuelle-mss\/","title":{"rendered":"Pr\u00e9f\u00e9rence pour une journ\u00e9e individuelle (MSS)"},"content":{"rendered":"\n<p><strong>Autorisation requise<\/strong>:&nbsp; WorkTimeOverrides-Edit<\/p>\n\n\n\n<p><br>Si l&rsquo;autorisation d&rsquo;\u00e9dition est manquante, l&rsquo;utilisateur ne pourra pas ajouter\/modifier un seul jour et celui-ci appara\u00eetra en mode lecture seule.<\/p>\n\n\n\n<p>Sous l&rsquo;onglet \u00a0\u00bb Journ\u00e9e individuelle \u00ab\u00a0, l&rsquo;utilisateur MSS peut ajouter les pr\u00e9f\u00e9rences de disponibilit\u00e9 pour la date s\u00e9lectionn\u00e9e :&nbsp;<\/p>\n\n\n\n<ul class=\"wp-block-list\">\n<li>Plage de temps \/ toute la journ\u00e9e : Le commutateur de plage de temps est d\u00e9sactiv\u00e9 par d\u00e9faut. Si il est activ\u00e9, l&rsquo;utilisateur peut sp\u00e9cifier la disponibilit\u00e9 dans une plage de temps.<\/li>\n\n\n\n<li>Disponible\/Indisponible : Par d\u00e9faut, cette option est configur\u00e9e comme \u00e9tant indisponible. L&rsquo;utilisateur peut changer cette option.<\/li>\n<\/ul>\n\n\n\n<p>Cela permet \u00e0 l&rsquo;utilisateur de copier la m\u00eame disponibilit\u00e9 pour d&rsquo;autres dates (s&rsquo;il le souhaite) en cochant la case \u00ab\u00a0Copier la disponibilit\u00e9 \u00e0 d&rsquo;autres dates\u00a0\u00bb et en sp\u00e9cifiant autant de jours que l&rsquo;utilisateur MSS le souhaite.<\/p>\n\n\n\n<figure class=\"wp-block-image size-full\"><img loading=\"lazy\" decoding=\"async\" width=\"1600\" height=\"720\" src=\"\/agile\/wp-content\/uploads\/sites\/2\/2024\/08\/image-96.png\" alt=\"\" class=\"wp-image-4238\" srcset=\"\/agile\/wp-content\/uploads\/sites\/2\/2024\/08\/image-96.png 1600w, \/agile\/wp-content\/uploads\/sites\/2\/2024\/08\/image-96-300x135.png 300w, \/agile\/wp-content\/uploads\/sites\/2\/2024\/08\/image-96-1024x461.png 1024w, \/agile\/wp-content\/uploads\/sites\/2\/2024\/08\/image-96-768x346.png 768w, \/agile\/wp-content\/uploads\/sites\/2\/2024\/08\/image-96-50x23.png 50w, \/agile\/wp-content\/uploads\/sites\/2\/2024\/08\/image-96-1536x691.png 1536w, \/agile\/wp-content\/uploads\/sites\/2\/2024\/08\/image-96-60x27.png 60w, \/agile\/wp-content\/uploads\/sites\/2\/2024\/08\/image-96-100x45.png 100w\" sizes=\"auto, (max-width: 1600px) 100vw, 1600px\" \/><\/figure>\n\n\n\n<p><strong>Messages de la banni\u00e8re d&rsquo;information<\/strong><\/p>\n\n\n\n<p>Sous une journ\u00e9e individuelle,<\/p>\n\n\n\n<ul class=\"wp-block-list\">\n<li>Si l&rsquo;utilisateur indique une pr\u00e9f\u00e9rence pour une date n&rsquo;ayant pas de pr\u00e9f\u00e9rence existante, aucune banni\u00e8re d&rsquo;information ne sera affich\u00e9e.<\/li>\n\n\n\n<li>Si l&rsquo;utilisateur sp\u00e9cifie une pr\u00e9f\u00e9rence pour une date ayant une pr\u00e9f\u00e9rence existante (toute la journ\u00e9e disponible\/indisponible, plage horaire disponible\/indisponible), un bandeau d&rsquo;information \u00ab\u00a0La disponibilit\u00e9 pour cette date est d\u00e9finie dans le cadre d&rsquo;un cycle r\u00e9current\u00a0\u00bb s&rsquo;affichera.<\/li>\n\n\n\n<li>Lorsque l&rsquo;utilisateur enregistre un remplacement pour les jours de pr\u00e9f\u00e9rence, il voit appara\u00eetre un bandeau d&rsquo;information \u00ab\u00a0La disponibilit\u00e9 est remplac\u00e9e pour cette date\u00a0\u00bb.<\/li>\n<\/ul>\n\n\n\n<p>Capture d&rsquo;\u00e9cran de r\u00e9f\u00e9rence :<\/p>\n\n\n\n<figure class=\"wp-block-image size-full\"><img loading=\"lazy\" decoding=\"async\" width=\"1600\" height=\"726\" src=\"\/agile\/wp-content\/uploads\/sites\/2\/2024\/08\/image-97.png\" alt=\"\" class=\"wp-image-4240\" srcset=\"\/agile\/wp-content\/uploads\/sites\/2\/2024\/08\/image-97.png 1600w, \/agile\/wp-content\/uploads\/sites\/2\/2024\/08\/image-97-300x136.png 300w, \/agile\/wp-content\/uploads\/sites\/2\/2024\/08\/image-97-1024x465.png 1024w, \/agile\/wp-content\/uploads\/sites\/2\/2024\/08\/image-97-768x348.png 768w, \/agile\/wp-content\/uploads\/sites\/2\/2024\/08\/image-97-50x23.png 50w, \/agile\/wp-content\/uploads\/sites\/2\/2024\/08\/image-97-1536x697.png 1536w, \/agile\/wp-content\/uploads\/sites\/2\/2024\/08\/image-97-60x27.png 60w, \/agile\/wp-content\/uploads\/sites\/2\/2024\/08\/image-97-100x45.png 100w\" sizes=\"auto, (max-width: 1600px) 100vw, 1600px\" \/><\/figure>\n\n\n\n<p><strong><em>NOTE<\/em><\/strong><em>:<\/em><\/p>\n\n\n\n<ul class=\"wp-block-list\">\n<li><em>L&rsquo;utilisateur MSS ne peut pas ajouter une pr\u00e9f\u00e9rence pour les dates pass\u00e9es. L&rsquo;option \u00ab\u00a0Sp\u00e9cifier la disponibilit\u00e9\u00a0\u00bb du menu contextuel sera d\u00e9sactiv\u00e9e pour les dates pass\u00e9es.<\/em><\/li>\n\n\n\n<li><em>Si l&rsquo;utilisateur ne sp\u00e9cifie qu&rsquo;une seule pr\u00e9f\u00e9rence, il ne peut pas la supprimer. Cependant, l&rsquo;utilisateur peut apporter des modifications \u00e0 une pr\u00e9f\u00e9rence existante.<\/em><\/li>\n<\/ul>\n","protected":false},"excerpt":{"rendered":"<p>Autorisation requise:&nbsp; WorkTimeOverrides-Edit Si l&rsquo;autorisation d&rsquo;\u00e9dition est manquante, l&rsquo;utilisateur ne pourra pas ajouter\/modifier un seul jour et celui-ci appara\u00eetra en mode lecture seule. Sous l&rsquo;onglet \u00a0\u00bb Journ\u00e9e individuelle \u00ab\u00a0, l&rsquo;utilisateur MSS peut ajouter les pr\u00e9f\u00e9rences de disponibilit\u00e9 pour la date s\u00e9lectionn\u00e9e :&nbsp; Cela permet \u00e0 l&rsquo;utilisateur de copier la m\u00eame&#8230;<\/p>\n","protected":false},"author":4,"comment_status":"closed","ping_status":"closed","template":"","format":"standard","meta":{"_lmt_disableupdate":"","_lmt_disable":"","footnotes":""},"ht-kb-category":[199],"ht-kb-tag":[116,166,32,177,134,196],"class_list":["post-3382","ht_kb","type-ht_kb","status-publish","format-standard","hentry","ht_kb_category-programmer-disponibilite","ht_kb_tag-mss","ht_kb_tag-mss-2","ht_kb_tag-schedule","ht_kb_tag-schedule-2","ht_kb_tag-scheduler","ht_kb_tag-scheduler-2"],"_links":{"self":[{"href":"https:\/\/help.synerion.com\/agile\/fr\/wp-json\/wp\/v2\/ht-kb\/3382","targetHints":{"allow":["GET"]}}],"collection":[{"href":"https:\/\/help.synerion.com\/agile\/fr\/wp-json\/wp\/v2\/ht-kb"}],"about":[{"href":"https:\/\/help.synerion.com\/agile\/fr\/wp-json\/wp\/v2\/types\/ht_kb"}],"author":[{"embeddable":true,"href":"https:\/\/help.synerion.com\/agile\/fr\/wp-json\/wp\/v2\/users\/4"}],"replies":[{"embeddable":true,"href":"https:\/\/help.synerion.com\/agile\/fr\/wp-json\/wp\/v2\/comments?post=3382"}],"version-history":[{"count":2,"href":"https:\/\/help.synerion.com\/agile\/fr\/wp-json\/wp\/v2\/ht-kb\/3382\/revisions"}],"predecessor-version":[{"id":4243,"href":"https:\/\/help.synerion.com\/agile\/fr\/wp-json\/wp\/v2\/ht-kb\/3382\/revisions\/4243"}],"wp:attachment":[{"href":"https:\/\/help.synerion.com\/agile\/fr\/wp-json\/wp\/v2\/media?parent=3382"}],"wp:term":[{"taxonomy":"ht_kb_category","embeddable":true,"href":"https:\/\/help.synerion.com\/agile\/fr\/wp-json\/wp\/v2\/ht-kb-category?post=3382"},{"taxonomy":"ht_kb_tag","embeddable":true,"href":"https:\/\/help.synerion.com\/agile\/fr\/wp-json\/wp\/v2\/ht-kb-tag?post=3382"}],"curies":[{"name":"wp","href":"https:\/\/api.w.org\/{rel}","templated":true}]}}

Préférence pour une journée individuelle (MSS)

<p><strong>Autorisation requise</strong>:&nbsp; WorkTimeOverrides-Edit</p>



<p><br>Si l&rsquo;autorisation d&rsquo;édition est manquante, l&rsquo;utilisateur ne pourra pas ajouter/modifier un seul jour et celui-ci apparaîtra en mode lecture seule.</p>



<p>Sous l&rsquo;onglet  » Journée individuelle « , l&rsquo;utilisateur MSS peut ajouter les préférences de disponibilité pour la date sélectionnée :&nbsp;</p>



<ul class="wp-block-list">
<li>Plage de temps / toute la journée : Le commutateur de plage de temps est désactivé par défaut. Si il est activé, l&rsquo;utilisateur peut spécifier la disponibilité dans une plage de temps.</li>



<li>Disponible/Indisponible : Par défaut, cette option est configurée comme étant indisponible. L&rsquo;utilisateur peut changer cette option.</li>
</ul>



<p>Cela permet à l&rsquo;utilisateur de copier la même disponibilité pour d&rsquo;autres dates (s&rsquo;il le souhaite) en cochant la case « Copier la disponibilité à d&rsquo;autres dates » et en spécifiant autant de jours que l&rsquo;utilisateur MSS le souhaite.</p>



<figure class="wp-block-image size-full"><img loading="lazy" decoding="async" width="1600" height="720" src="/agile/wp-content/uploads/sites/2/2024/08/image-96.png" alt="" class="wp-image-4238" srcset="/agile/wp-content/uploads/sites/2/2024/08/image-96.png 1600w, /agile/wp-content/uploads/sites/2/2024/08/image-96-300x135.png 300w, /agile/wp-content/uploads/sites/2/2024/08/image-96-1024x461.png 1024w, /agile/wp-content/uploads/sites/2/2024/08/image-96-768x346.png 768w, /agile/wp-content/uploads/sites/2/2024/08/image-96-50x23.png 50w, /agile/wp-content/uploads/sites/2/2024/08/image-96-1536x691.png 1536w, /agile/wp-content/uploads/sites/2/2024/08/image-96-60x27.png 60w, /agile/wp-content/uploads/sites/2/2024/08/image-96-100x45.png 100w" sizes="auto, (max-width: 1600px) 100vw, 1600px" /></figure>



<p><strong>Messages de la bannière d&rsquo;information</strong></p>



<p>Sous une journée individuelle,</p>



<ul class="wp-block-list">
<li>Si l&rsquo;utilisateur indique une préférence pour une date n&rsquo;ayant pas de préférence existante, aucune bannière d&rsquo;information ne sera affichée.</li>



<li>Si l&rsquo;utilisateur spécifie une préférence pour une date ayant une préférence existante (toute la journée disponible/indisponible, plage horaire disponible/indisponible), un bandeau d&rsquo;information « La disponibilité pour cette date est définie dans le cadre d&rsquo;un cycle récurrent » s&rsquo;affichera.</li>



<li>Lorsque l&rsquo;utilisateur enregistre un remplacement pour les jours de préférence, il voit apparaître un bandeau d&rsquo;information « La disponibilité est remplacée pour cette date ».</li>
</ul>



<p>Capture d&rsquo;écran de référence :</p>



<figure class="wp-block-image size-full"><img loading="lazy" decoding="async" width="1600" height="726" src="/agile/wp-content/uploads/sites/2/2024/08/image-97.png" alt="" class="wp-image-4240" srcset="/agile/wp-content/uploads/sites/2/2024/08/image-97.png 1600w, /agile/wp-content/uploads/sites/2/2024/08/image-97-300x136.png 300w, /agile/wp-content/uploads/sites/2/2024/08/image-97-1024x465.png 1024w, /agile/wp-content/uploads/sites/2/2024/08/image-97-768x348.png 768w, /agile/wp-content/uploads/sites/2/2024/08/image-97-50x23.png 50w, /agile/wp-content/uploads/sites/2/2024/08/image-97-1536x697.png 1536w, /agile/wp-content/uploads/sites/2/2024/08/image-97-60x27.png 60w, /agile/wp-content/uploads/sites/2/2024/08/image-97-100x45.png 100w" sizes="auto, (max-width: 1600px) 100vw, 1600px" /></figure>



<p><strong><em>NOTE</em></strong><em>:</em></p>



<ul class="wp-block-list">
<li><em>L&rsquo;utilisateur MSS ne peut pas ajouter une préférence pour les dates passées. L&rsquo;option « Spécifier la disponibilité » du menu contextuel sera désactivée pour les dates passées.</em></li>



<li><em>Si l&rsquo;utilisateur ne spécifie qu&rsquo;une seule préférence, il ne peut pas la supprimer. Cependant, l&rsquo;utilisateur peut apporter des modifications à une préférence existante.</em></li>
</ul>

<p>Autorisation requise:&nbsp; WorkTimeOverrides-Edit Si l&rsquo;autorisation d&rsquo;édition est manquante, l&rsquo;utilisateur ne pourra pas ajouter/modifier un seul jour et celui-ci apparaîtra en mode lecture seule. Sous l&rsquo;onglet  » Journée individuelle « , l&rsquo;utilisateur MSS peut ajouter les préférences de disponibilité pour la date sélectionnée :&nbsp; Cela permet à l&rsquo;utilisateur de copier la même&#8230;</p>
