{"id":3384,"date":"2024-08-16T18:50:34","date_gmt":"2024-08-16T18:50:34","guid":{"rendered":"\/agile\/?post_type=ht_kb&#038;p=3384"},"modified":"2025-01-03T16:51:01","modified_gmt":"2025-01-03T16:51:01","slug":"preference-cycle-recurrent-mss","status":"publish","type":"ht_kb","link":"\/agile\/fr\/knowledge-base\/preference-cycle-recurrent-mss\/","title":{"rendered":"Pr\u00e9f\u00e9rence pour un Cycle r\u00e9current (MSS)"},"content":{"rendered":"\n<p><strong>Autorisation requise:<\/strong>&nbsp;WorkTimePreferences-Edit<\/p>\n\n\n\n<p><br>Si l&rsquo;autorisation WorkTimePreferences-Edit est manquante, l&rsquo;utilisateur MSS ne pourra pas ajouter, modifier ou supprimer les pr\u00e9f\u00e9rences du cycle r\u00e9current. L&rsquo;utilisateur ne peut pas modifier le cycle actuel mais peut cr\u00e9er un nouveau cycle futur.<\/p>\n\n\n\n<p>Si l&rsquo;utilisateur n&rsquo;a pas sp\u00e9cifi\u00e9 de pr\u00e9f\u00e9rence sous cycle r\u00e9current, les pr\u00e9f\u00e9rences seront affich\u00e9es comme non sp\u00e9cifi\u00e9es.<\/p>\n\n\n\n<h3 class=\"wp-block-heading\">Ajouter les pr\u00e9f\u00e9rences<\/h3>\n\n\n\n<ul class=\"wp-block-list\">\n<li>Cliquez sur \u00ab\u00a0Horaires de travail\u00a0\u00bb dans le menu principal.<\/li>\n\n\n\n<li>S\u00e9lectionnez un employ\u00e9 dans le s\u00e9lecteur d&#8217;employ\u00e9s et allez jusqu&rsquo;\u00e0 la date \u00e0 laquelle l&rsquo;utilisateur souhaite ajouter la pr\u00e9f\u00e9rence.&nbsp;<\/li>\n\n\n\n<li>Cliquer sur \u00ab\u00a0Sp\u00e9cifier la disponibilit\u00e9\u00a0\u00bb dans le menu contextuel<\/li>\n\n\n\n<li>Cliquez sur l&rsquo;onglet \u00ab\u00a0Cycle r\u00e9current\u201d<\/li>\n\n\n\n<li>Trois champs s&rsquo;affichent : Type d&rsquo;horaire hebdomadaire, premier jour du cycle et date de d\u00e9but. Ces trois champs sont en lecture seule.<\/li>\n\n\n\n<li>L&rsquo;utilisateur peut ajouter des pr\u00e9f\u00e9rences en cliquant sur l&rsquo;ic\u00f4ne de modification (ic\u00f4ne de stylo &#8211; elle appara\u00eet lorsque l&rsquo;utilisateur survole les jours).<\/li>\n\n\n\n<li>L&rsquo;utilisateur ajoute les pr\u00e9f\u00e9rences de disponibilit\u00e9 et clique sur \u00ab\u00a0Enregistrer\u00a0\u00bb pour les ajouter au cycle r\u00e9current.<\/li>\n<\/ul>\n\n\n\n<figure class=\"wp-block-image size-full\"><img loading=\"lazy\" decoding=\"async\" width=\"1600\" height=\"725\" src=\"\/agile\/wp-content\/uploads\/sites\/2\/2024\/08\/image-98.png\" alt=\"\" class=\"wp-image-4244\" srcset=\"\/agile\/wp-content\/uploads\/sites\/2\/2024\/08\/image-98.png 1600w, \/agile\/wp-content\/uploads\/sites\/2\/2024\/08\/image-98-300x136.png 300w, \/agile\/wp-content\/uploads\/sites\/2\/2024\/08\/image-98-1024x464.png 1024w, \/agile\/wp-content\/uploads\/sites\/2\/2024\/08\/image-98-768x348.png 768w, \/agile\/wp-content\/uploads\/sites\/2\/2024\/08\/image-98-50x23.png 50w, \/agile\/wp-content\/uploads\/sites\/2\/2024\/08\/image-98-1536x696.png 1536w, \/agile\/wp-content\/uploads\/sites\/2\/2024\/08\/image-98-60x27.png 60w, \/agile\/wp-content\/uploads\/sites\/2\/2024\/08\/image-98-100x45.png 100w\" sizes=\"auto, (max-width: 1600px) 100vw, 1600px\" \/><\/figure>\n\n\n\n<p><strong><em>NOTE<\/em><\/strong><em>:<\/em><\/p>\n\n\n\n<ul class=\"wp-block-list\">\n<li><em>L&rsquo;utilisateur peut ajouter plusieurs pr\u00e9f\u00e9rences pour une journ\u00e9e individuelle.<\/em><\/li>\n\n\n\n<li><em>Lorsque l&rsquo;utilisateur clique sur l&rsquo;ic\u00f4ne d&rsquo;\u00e9dition (stylo) pour ajouter la pr\u00e9f\u00e9rence, celle-ci s&rsquo;affiche par d\u00e9faut : toute la journ\u00e9e et indisponible.<\/em><\/li>\n\n\n\n<li><em>Les pr\u00e9f\u00e9rences pour la nuit sont report\u00e9es au jour suivant en fonction de l&rsquo;heure&nbsp;<\/em><\/li>\n<\/ul>\n\n\n\n<p><em>(23:00-7:00 &gt;&gt; 23:00- 23:59 seront ajout\u00e9es au jour 1 et 0:00 &#8211; 7:00 seront sauvegard\u00e9es pour le jour suivant).<\/em><\/p>\n\n\n\n<ul class=\"wp-block-list\">\n<li><em>L&rsquo;utilisateur ne peut pas ajouter des pr\u00e9f\u00e9rences de cr\u00e9neaux horaires en double.<\/em><\/li>\n<\/ul>\n","protected":false},"excerpt":{"rendered":"<p>Autorisation requise:&nbsp;WorkTimePreferences-Edit Si l&rsquo;autorisation WorkTimePreferences-Edit est manquante, l&rsquo;utilisateur MSS ne pourra pas ajouter, modifier ou supprimer les pr\u00e9f\u00e9rences du cycle r\u00e9current. L&rsquo;utilisateur ne peut pas modifier le cycle actuel mais peut cr\u00e9er un nouveau cycle futur. Si l&rsquo;utilisateur n&rsquo;a pas sp\u00e9cifi\u00e9 de pr\u00e9f\u00e9rence sous cycle r\u00e9current, les pr\u00e9f\u00e9rences seront affich\u00e9es&#8230;<\/p>\n","protected":false},"author":4,"comment_status":"closed","ping_status":"closed","template":"","format":"standard","meta":{"_lmt_disableupdate":"","_lmt_disable":"","footnotes":""},"ht-kb-category":[199],"ht-kb-tag":[116,166,177,32,196,134],"class_list":["post-3384","ht_kb","type-ht_kb","status-publish","format-standard","hentry","ht_kb_category-programmer-disponibilite","ht_kb_tag-mss","ht_kb_tag-mss-2","ht_kb_tag-schedule-2","ht_kb_tag-schedule","ht_kb_tag-scheduler-2","ht_kb_tag-scheduler"],"_links":{"self":[{"href":"https:\/\/help.synerion.com\/agile\/fr\/wp-json\/wp\/v2\/ht-kb\/3384","targetHints":{"allow":["GET"]}}],"collection":[{"href":"https:\/\/help.synerion.com\/agile\/fr\/wp-json\/wp\/v2\/ht-kb"}],"about":[{"href":"https:\/\/help.synerion.com\/agile\/fr\/wp-json\/wp\/v2\/types\/ht_kb"}],"author":[{"embeddable":true,"href":"https:\/\/help.synerion.com\/agile\/fr\/wp-json\/wp\/v2\/users\/4"}],"replies":[{"embeddable":true,"href":"https:\/\/help.synerion.com\/agile\/fr\/wp-json\/wp\/v2\/comments?post=3384"}],"version-history":[{"count":2,"href":"https:\/\/help.synerion.com\/agile\/fr\/wp-json\/wp\/v2\/ht-kb\/3384\/revisions"}],"predecessor-version":[{"id":4246,"href":"https:\/\/help.synerion.com\/agile\/fr\/wp-json\/wp\/v2\/ht-kb\/3384\/revisions\/4246"}],"wp:attachment":[{"href":"https:\/\/help.synerion.com\/agile\/fr\/wp-json\/wp\/v2\/media?parent=3384"}],"wp:term":[{"taxonomy":"ht_kb_category","embeddable":true,"href":"https:\/\/help.synerion.com\/agile\/fr\/wp-json\/wp\/v2\/ht-kb-category?post=3384"},{"taxonomy":"ht_kb_tag","embeddable":true,"href":"https:\/\/help.synerion.com\/agile\/fr\/wp-json\/wp\/v2\/ht-kb-tag?post=3384"}],"curies":[{"name":"wp","href":"https:\/\/api.w.org\/{rel}","templated":true}]}}

Préférence pour un Cycle récurrent (MSS)

<p><strong>Autorisation requise:</strong>&nbsp;WorkTimePreferences-Edit</p>



<p><br>Si l&rsquo;autorisation WorkTimePreferences-Edit est manquante, l&rsquo;utilisateur MSS ne pourra pas ajouter, modifier ou supprimer les préférences du cycle récurrent. L&rsquo;utilisateur ne peut pas modifier le cycle actuel mais peut créer un nouveau cycle futur.</p>



<p>Si l&rsquo;utilisateur n&rsquo;a pas spécifié de préférence sous cycle récurrent, les préférences seront affichées comme non spécifiées.</p>



<h3 class="wp-block-heading">Ajouter les préférences</h3>



<ul class="wp-block-list">
<li>Cliquez sur « Horaires de travail » dans le menu principal.</li>



<li>Sélectionnez un employé dans le sélecteur d&#8217;employés et allez jusqu&rsquo;à la date à laquelle l&rsquo;utilisateur souhaite ajouter la préférence.&nbsp;</li>



<li>Cliquer sur « Spécifier la disponibilité » dans le menu contextuel</li>



<li>Cliquez sur l&rsquo;onglet « Cycle récurrent”</li>



<li>Trois champs s&rsquo;affichent : Type d&rsquo;horaire hebdomadaire, premier jour du cycle et date de début. Ces trois champs sont en lecture seule.</li>



<li>L&rsquo;utilisateur peut ajouter des préférences en cliquant sur l&rsquo;icône de modification (icône de stylo &#8211; elle apparaît lorsque l&rsquo;utilisateur survole les jours).</li>



<li>L&rsquo;utilisateur ajoute les préférences de disponibilité et clique sur « Enregistrer » pour les ajouter au cycle récurrent.</li>
</ul>



<figure class="wp-block-image size-full"><img loading="lazy" decoding="async" width="1600" height="725" src="/agile/wp-content/uploads/sites/2/2024/08/image-98.png" alt="" class="wp-image-4244" srcset="/agile/wp-content/uploads/sites/2/2024/08/image-98.png 1600w, /agile/wp-content/uploads/sites/2/2024/08/image-98-300x136.png 300w, /agile/wp-content/uploads/sites/2/2024/08/image-98-1024x464.png 1024w, /agile/wp-content/uploads/sites/2/2024/08/image-98-768x348.png 768w, /agile/wp-content/uploads/sites/2/2024/08/image-98-50x23.png 50w, /agile/wp-content/uploads/sites/2/2024/08/image-98-1536x696.png 1536w, /agile/wp-content/uploads/sites/2/2024/08/image-98-60x27.png 60w, /agile/wp-content/uploads/sites/2/2024/08/image-98-100x45.png 100w" sizes="auto, (max-width: 1600px) 100vw, 1600px" /></figure>



<p><strong><em>NOTE</em></strong><em>:</em></p>



<ul class="wp-block-list">
<li><em>L&rsquo;utilisateur peut ajouter plusieurs préférences pour une journée individuelle.</em></li>



<li><em>Lorsque l&rsquo;utilisateur clique sur l&rsquo;icône d&rsquo;édition (stylo) pour ajouter la préférence, celle-ci s&rsquo;affiche par défaut : toute la journée et indisponible.</em></li>



<li><em>Les préférences pour la nuit sont reportées au jour suivant en fonction de l&rsquo;heure&nbsp;</em></li>
</ul>



<p><em>(23:00-7:00 &gt;&gt; 23:00- 23:59 seront ajoutées au jour 1 et 0:00 &#8211; 7:00 seront sauvegardées pour le jour suivant).</em></p>



<ul class="wp-block-list">
<li><em>L&rsquo;utilisateur ne peut pas ajouter des préférences de créneaux horaires en double.</em></li>
</ul>

<p>Autorisation requise:&nbsp;WorkTimePreferences-Edit Si l&rsquo;autorisation WorkTimePreferences-Edit est manquante, l&rsquo;utilisateur MSS ne pourra pas ajouter, modifier ou supprimer les préférences du cycle récurrent. L&rsquo;utilisateur ne peut pas modifier le cycle actuel mais peut créer un nouveau cycle futur. Si l&rsquo;utilisateur n&rsquo;a pas spécifié de préférence sous cycle récurrent, les préférences seront affichées&#8230;</p>
