{"id":3388,"date":"2024-08-16T18:53:01","date_gmt":"2024-08-16T18:53:01","guid":{"rendered":"\/agile\/?post_type=ht_kb&#038;p=3388"},"modified":"2025-01-03T17:00:50","modified_gmt":"2025-01-03T17:00:50","slug":"preference-cycles-futurs-mss","status":"publish","type":"ht_kb","link":"\/agile\/fr\/knowledge-base\/preference-cycles-futurs-mss\/","title":{"rendered":"Pr\u00e9f\u00e9rence pour Cycles futurs (MSS)"},"content":{"rendered":"\n<p>L&rsquo;utilisateur MSS peut d\u00e9finir des cycles r\u00e9currents futurs s&rsquo;il sait que la disponibilit\u00e9 d&rsquo;un utilisateur ESS sp\u00e9cifique changera \u00e0 l&rsquo;avenir.<\/p>\n\n\n\n<p><strong>Autorisation requise : <\/strong>WorkTimePreferences-Edit<\/p>\n\n\n\n<p><br>Lorsque WorkTimePreferences-Edit est manquant, l&rsquo;utilisateur ne pourra pas ajouter, modifier ou supprimer le cycle futur et les pr\u00e9f\u00e9rences qu&rsquo;il contient. Il sera en mode lecture seule.<\/p>\n\n\n\n<h3 class=\"wp-block-heading\">Ajouter un cycle futur<\/h3>\n\n\n\n<ul class=\"wp-block-list\">\n<li>L&rsquo;utilisateur doit cliquer sur le bouton \u00ab\u00a0+ Ajouter un cycle\u00a0\u00bb qui appara\u00eet dans l&rsquo;onglet de cycle r\u00e9current.<\/li>\n\n\n\n<li>Cela ouvrira l&rsquo;onglet des cycles futurs.<\/li>\n<\/ul>\n\n\n\n<figure class=\"wp-block-image size-full\"><img loading=\"lazy\" decoding=\"async\" width=\"1600\" height=\"724\" src=\"\/agile\/wp-content\/uploads\/sites\/2\/2024\/08\/image-108.png\" alt=\"\" class=\"wp-image-4269\" srcset=\"\/agile\/wp-content\/uploads\/sites\/2\/2024\/08\/image-108.png 1600w, \/agile\/wp-content\/uploads\/sites\/2\/2024\/08\/image-108-300x136.png 300w, \/agile\/wp-content\/uploads\/sites\/2\/2024\/08\/image-108-1024x463.png 1024w, \/agile\/wp-content\/uploads\/sites\/2\/2024\/08\/image-108-768x348.png 768w, \/agile\/wp-content\/uploads\/sites\/2\/2024\/08\/image-108-50x23.png 50w, \/agile\/wp-content\/uploads\/sites\/2\/2024\/08\/image-108-1536x695.png 1536w, \/agile\/wp-content\/uploads\/sites\/2\/2024\/08\/image-108-60x27.png 60w, \/agile\/wp-content\/uploads\/sites\/2\/2024\/08\/image-108-100x45.png 100w\" sizes=\"auto, (max-width: 1600px) 100vw, 1600px\" \/><\/figure>\n\n\n\n<ul class=\"wp-block-list\">\n<li>Premi\u00e8rement, l&rsquo;utilisateur doit sp\u00e9cifier le premier jour du cycle et la date de d\u00e9but. Le champ \u00ab\u00a0Type\u00a0\u00bb est d\u00e9fini par d\u00e9faut sur Hebdomadaire et n&rsquo;est pas modifiable.<\/li>\n<\/ul>\n\n\n\n<figure class=\"wp-block-image size-full\"><img loading=\"lazy\" decoding=\"async\" width=\"1600\" height=\"727\" src=\"\/agile\/wp-content\/uploads\/sites\/2\/2024\/08\/image-109.png\" alt=\"\" class=\"wp-image-4271\" srcset=\"\/agile\/wp-content\/uploads\/sites\/2\/2024\/08\/image-109.png 1600w, \/agile\/wp-content\/uploads\/sites\/2\/2024\/08\/image-109-300x136.png 300w, \/agile\/wp-content\/uploads\/sites\/2\/2024\/08\/image-109-1024x465.png 1024w, \/agile\/wp-content\/uploads\/sites\/2\/2024\/08\/image-109-768x349.png 768w, \/agile\/wp-content\/uploads\/sites\/2\/2024\/08\/image-109-50x23.png 50w, \/agile\/wp-content\/uploads\/sites\/2\/2024\/08\/image-109-1536x698.png 1536w, \/agile\/wp-content\/uploads\/sites\/2\/2024\/08\/image-109-60x27.png 60w, \/agile\/wp-content\/uploads\/sites\/2\/2024\/08\/image-109-100x45.png 100w\" sizes=\"auto, (max-width: 1600px) 100vw, 1600px\" \/><\/figure>\n\n\n\n<ul class=\"wp-block-list\">\n<li>En cliquant sur \u00ab\u00a0Enregistrer\u00a0\u00bb, un cycle futur sera ajout\u00e9 avec les pr\u00e9f\u00e9rences non sp\u00e9cifi\u00e9es et le message de r\u00e9ussite s&rsquo;affichera. Comme pour les cycles r\u00e9currents, l&rsquo;utilisateur peut ajouter des pr\u00e9f\u00e9rences une fois que le cycle futur est cr\u00e9\u00e9.<\/li>\n<\/ul>\n\n\n\n<figure class=\"wp-block-image size-full\"><img loading=\"lazy\" decoding=\"async\" width=\"1600\" height=\"714\" src=\"\/agile\/wp-content\/uploads\/sites\/2\/2024\/08\/image-110.png\" alt=\"\" class=\"wp-image-4273\" srcset=\"\/agile\/wp-content\/uploads\/sites\/2\/2024\/08\/image-110.png 1600w, \/agile\/wp-content\/uploads\/sites\/2\/2024\/08\/image-110-300x134.png 300w, \/agile\/wp-content\/uploads\/sites\/2\/2024\/08\/image-110-1024x457.png 1024w, \/agile\/wp-content\/uploads\/sites\/2\/2024\/08\/image-110-768x343.png 768w, \/agile\/wp-content\/uploads\/sites\/2\/2024\/08\/image-110-50x22.png 50w, \/agile\/wp-content\/uploads\/sites\/2\/2024\/08\/image-110-1536x685.png 1536w, \/agile\/wp-content\/uploads\/sites\/2\/2024\/08\/image-110-60x27.png 60w, \/agile\/wp-content\/uploads\/sites\/2\/2024\/08\/image-110-100x45.png 100w\" sizes=\"auto, (max-width: 1600px) 100vw, 1600px\" \/><\/figure>\n\n\n\n<p><strong><em>NOTE<\/em><\/strong><em>:<\/em><\/p>\n\n\n\n<ul class=\"wp-block-list\">\n<li><em>Contrairement aux cycles r\u00e9currents, l&rsquo;utilisateur peut modifier la date de d\u00e9but du cycle futur et le premier jour du cycle.<\/em><\/li>\n\n\n\n<li><em>L&rsquo;utilisateur peut ajouter plusieurs cycles futurs.<\/em><\/li>\n\n\n\n<li><em>L&rsquo;utilisateur ne peut pas cr\u00e9er plusieurs cycles futurs avec la m\u00eame date de d\u00e9but.<\/em><\/li>\n\n\n\n<li><em>L&rsquo;utilisateur ne peut pas ajouter des pr\u00e9f\u00e9rences de cr\u00e9neaux horaires en double ou qui se superposent.<\/em><\/li>\n\n\n\n<li><em>Comme pour les cycles r\u00e9currents, l&rsquo;utilisateur peut supprimer les pr\u00e9f\u00e9rences d&rsquo;une journ\u00e9e individuelle en cliquant sur l&rsquo;ic\u00f4ne de suppression.<\/em><\/li>\n\n\n\n<li><em>L&rsquo;utilisateur peut visualiser le cycle futur sous forme d\u00e9velopp\u00e9e ou r\u00e9duite en cliquant sur l&rsquo;ic\u00f4ne en forme de chevron apparaissant avant l&rsquo;\u00e9tiquette du cycle futur.<\/em><\/li>\n<\/ul>\n\n\n\n<h3 class=\"wp-block-heading\">Supprimer un cycle futur<\/h3>\n\n\n\n<ul class=\"wp-block-list\">\n<li>Dans le menu lat\u00e9ral \u00ab\u00a0Sp\u00e9cifier la disponibilit\u00e9\u00a0\u00bb, cliquer sur l&rsquo;onglet \u00ab\u00a0Cycle futur\u00a0\u00bb.<\/li>\n\n\n\n<li>L&rsquo;utilisateur clique sur l&rsquo;ic\u00f4ne de suppression qui appara\u00eet \u00e0 c\u00f4t\u00e9 de la date de d\u00e9but du cycle futur.<\/li>\n\n\n\n<li>Une bo\u00eete de dialogue de confirmation appara\u00eet, l&rsquo;utilisateur doit cliquer sur \u00ab\u00a0Supprimer\u00a0\u00bb.<\/li>\n\n\n\n<li>L&rsquo;utilisateur verra le message de r\u00e9ussite du toast une fois le cycle supprim\u00e9 avec succ\u00e8s et le cycle futur n&rsquo;appara\u00eetra plus sous l&rsquo;onglet \u00ab\u00a0cycle futur\u00a0\u00bb.<\/li>\n<\/ul>\n\n\n\n<figure class=\"wp-block-image size-full\"><img loading=\"lazy\" decoding=\"async\" width=\"1600\" height=\"711\" src=\"\/agile\/wp-content\/uploads\/sites\/2\/2024\/08\/image-111.png\" alt=\"\" class=\"wp-image-4275\" srcset=\"\/agile\/wp-content\/uploads\/sites\/2\/2024\/08\/image-111.png 1600w, \/agile\/wp-content\/uploads\/sites\/2\/2024\/08\/image-111-300x133.png 300w, \/agile\/wp-content\/uploads\/sites\/2\/2024\/08\/image-111-1024x455.png 1024w, \/agile\/wp-content\/uploads\/sites\/2\/2024\/08\/image-111-768x341.png 768w, \/agile\/wp-content\/uploads\/sites\/2\/2024\/08\/image-111-50x22.png 50w, \/agile\/wp-content\/uploads\/sites\/2\/2024\/08\/image-111-1536x683.png 1536w, \/agile\/wp-content\/uploads\/sites\/2\/2024\/08\/image-111-60x27.png 60w, \/agile\/wp-content\/uploads\/sites\/2\/2024\/08\/image-111-100x44.png 100w\" sizes=\"auto, (max-width: 1600px) 100vw, 1600px\" \/><\/figure>\n","protected":false},"excerpt":{"rendered":"<p>L&rsquo;utilisateur MSS peut d\u00e9finir des cycles r\u00e9currents futurs s&rsquo;il sait que la disponibilit\u00e9 d&rsquo;un utilisateur ESS sp\u00e9cifique changera \u00e0 l&rsquo;avenir. Autorisation requise : WorkTimePreferences-Edit Lorsque WorkTimePreferences-Edit est manquant, l&rsquo;utilisateur ne pourra pas ajouter, modifier ou supprimer le cycle futur et les pr\u00e9f\u00e9rences qu&rsquo;il contient. Il sera en mode lecture seule&#8230;.<\/p>\n","protected":false},"author":4,"comment_status":"closed","ping_status":"closed","template":"","format":"standard","meta":{"_lmt_disableupdate":"","_lmt_disable":"","footnotes":""},"ht-kb-category":[199],"ht-kb-tag":[116,166,177,32,196,134],"class_list":["post-3388","ht_kb","type-ht_kb","status-publish","format-standard","hentry","ht_kb_category-programmer-disponibilite","ht_kb_tag-mss","ht_kb_tag-mss-2","ht_kb_tag-schedule-2","ht_kb_tag-schedule","ht_kb_tag-scheduler-2","ht_kb_tag-scheduler"],"_links":{"self":[{"href":"https:\/\/help.synerion.com\/agile\/fr\/wp-json\/wp\/v2\/ht-kb\/3388","targetHints":{"allow":["GET"]}}],"collection":[{"href":"https:\/\/help.synerion.com\/agile\/fr\/wp-json\/wp\/v2\/ht-kb"}],"about":[{"href":"https:\/\/help.synerion.com\/agile\/fr\/wp-json\/wp\/v2\/types\/ht_kb"}],"author":[{"embeddable":true,"href":"https:\/\/help.synerion.com\/agile\/fr\/wp-json\/wp\/v2\/users\/4"}],"replies":[{"embeddable":true,"href":"https:\/\/help.synerion.com\/agile\/fr\/wp-json\/wp\/v2\/comments?post=3388"}],"version-history":[{"count":2,"href":"https:\/\/help.synerion.com\/agile\/fr\/wp-json\/wp\/v2\/ht-kb\/3388\/revisions"}],"predecessor-version":[{"id":4278,"href":"https:\/\/help.synerion.com\/agile\/fr\/wp-json\/wp\/v2\/ht-kb\/3388\/revisions\/4278"}],"wp:attachment":[{"href":"https:\/\/help.synerion.com\/agile\/fr\/wp-json\/wp\/v2\/media?parent=3388"}],"wp:term":[{"taxonomy":"ht_kb_category","embeddable":true,"href":"https:\/\/help.synerion.com\/agile\/fr\/wp-json\/wp\/v2\/ht-kb-category?post=3388"},{"taxonomy":"ht_kb_tag","embeddable":true,"href":"https:\/\/help.synerion.com\/agile\/fr\/wp-json\/wp\/v2\/ht-kb-tag?post=3388"}],"curies":[{"name":"wp","href":"https:\/\/api.w.org\/{rel}","templated":true}]}}

Préférence pour Cycles futurs (MSS)

<p>L&rsquo;utilisateur MSS peut définir des cycles récurrents futurs s&rsquo;il sait que la disponibilité d&rsquo;un utilisateur ESS spécifique changera à l&rsquo;avenir.</p>



<p><strong>Autorisation requise : </strong>WorkTimePreferences-Edit</p>



<p><br>Lorsque WorkTimePreferences-Edit est manquant, l&rsquo;utilisateur ne pourra pas ajouter, modifier ou supprimer le cycle futur et les préférences qu&rsquo;il contient. Il sera en mode lecture seule.</p>



<h3 class="wp-block-heading">Ajouter un cycle futur</h3>



<ul class="wp-block-list">
<li>L&rsquo;utilisateur doit cliquer sur le bouton « + Ajouter un cycle » qui apparaît dans l&rsquo;onglet de cycle récurrent.</li>



<li>Cela ouvrira l&rsquo;onglet des cycles futurs.</li>
</ul>



<figure class="wp-block-image size-full"><img loading="lazy" decoding="async" width="1600" height="724" src="/agile/wp-content/uploads/sites/2/2024/08/image-108.png" alt="" class="wp-image-4269" srcset="/agile/wp-content/uploads/sites/2/2024/08/image-108.png 1600w, /agile/wp-content/uploads/sites/2/2024/08/image-108-300x136.png 300w, /agile/wp-content/uploads/sites/2/2024/08/image-108-1024x463.png 1024w, /agile/wp-content/uploads/sites/2/2024/08/image-108-768x348.png 768w, /agile/wp-content/uploads/sites/2/2024/08/image-108-50x23.png 50w, /agile/wp-content/uploads/sites/2/2024/08/image-108-1536x695.png 1536w, /agile/wp-content/uploads/sites/2/2024/08/image-108-60x27.png 60w, /agile/wp-content/uploads/sites/2/2024/08/image-108-100x45.png 100w" sizes="auto, (max-width: 1600px) 100vw, 1600px" /></figure>



<ul class="wp-block-list">
<li>Premièrement, l&rsquo;utilisateur doit spécifier le premier jour du cycle et la date de début. Le champ « Type » est défini par défaut sur Hebdomadaire et n&rsquo;est pas modifiable.</li>
</ul>



<figure class="wp-block-image size-full"><img loading="lazy" decoding="async" width="1600" height="727" src="/agile/wp-content/uploads/sites/2/2024/08/image-109.png" alt="" class="wp-image-4271" srcset="/agile/wp-content/uploads/sites/2/2024/08/image-109.png 1600w, /agile/wp-content/uploads/sites/2/2024/08/image-109-300x136.png 300w, /agile/wp-content/uploads/sites/2/2024/08/image-109-1024x465.png 1024w, /agile/wp-content/uploads/sites/2/2024/08/image-109-768x349.png 768w, /agile/wp-content/uploads/sites/2/2024/08/image-109-50x23.png 50w, /agile/wp-content/uploads/sites/2/2024/08/image-109-1536x698.png 1536w, /agile/wp-content/uploads/sites/2/2024/08/image-109-60x27.png 60w, /agile/wp-content/uploads/sites/2/2024/08/image-109-100x45.png 100w" sizes="auto, (max-width: 1600px) 100vw, 1600px" /></figure>



<ul class="wp-block-list">
<li>En cliquant sur « Enregistrer », un cycle futur sera ajouté avec les préférences non spécifiées et le message de réussite s&rsquo;affichera. Comme pour les cycles récurrents, l&rsquo;utilisateur peut ajouter des préférences une fois que le cycle futur est créé.</li>
</ul>



<figure class="wp-block-image size-full"><img loading="lazy" decoding="async" width="1600" height="714" src="/agile/wp-content/uploads/sites/2/2024/08/image-110.png" alt="" class="wp-image-4273" srcset="/agile/wp-content/uploads/sites/2/2024/08/image-110.png 1600w, /agile/wp-content/uploads/sites/2/2024/08/image-110-300x134.png 300w, /agile/wp-content/uploads/sites/2/2024/08/image-110-1024x457.png 1024w, /agile/wp-content/uploads/sites/2/2024/08/image-110-768x343.png 768w, /agile/wp-content/uploads/sites/2/2024/08/image-110-50x22.png 50w, /agile/wp-content/uploads/sites/2/2024/08/image-110-1536x685.png 1536w, /agile/wp-content/uploads/sites/2/2024/08/image-110-60x27.png 60w, /agile/wp-content/uploads/sites/2/2024/08/image-110-100x45.png 100w" sizes="auto, (max-width: 1600px) 100vw, 1600px" /></figure>



<p><strong><em>NOTE</em></strong><em>:</em></p>



<ul class="wp-block-list">
<li><em>Contrairement aux cycles récurrents, l&rsquo;utilisateur peut modifier la date de début du cycle futur et le premier jour du cycle.</em></li>



<li><em>L&rsquo;utilisateur peut ajouter plusieurs cycles futurs.</em></li>



<li><em>L&rsquo;utilisateur ne peut pas créer plusieurs cycles futurs avec la même date de début.</em></li>



<li><em>L&rsquo;utilisateur ne peut pas ajouter des préférences de créneaux horaires en double ou qui se superposent.</em></li>



<li><em>Comme pour les cycles récurrents, l&rsquo;utilisateur peut supprimer les préférences d&rsquo;une journée individuelle en cliquant sur l&rsquo;icône de suppression.</em></li>



<li><em>L&rsquo;utilisateur peut visualiser le cycle futur sous forme développée ou réduite en cliquant sur l&rsquo;icône en forme de chevron apparaissant avant l&rsquo;étiquette du cycle futur.</em></li>
</ul>



<h3 class="wp-block-heading">Supprimer un cycle futur</h3>



<ul class="wp-block-list">
<li>Dans le menu latéral « Spécifier la disponibilité », cliquer sur l&rsquo;onglet « Cycle futur ».</li>



<li>L&rsquo;utilisateur clique sur l&rsquo;icône de suppression qui apparaît à côté de la date de début du cycle futur.</li>



<li>Une boîte de dialogue de confirmation apparaît, l&rsquo;utilisateur doit cliquer sur « Supprimer ».</li>



<li>L&rsquo;utilisateur verra le message de réussite du toast une fois le cycle supprimé avec succès et le cycle futur n&rsquo;apparaîtra plus sous l&rsquo;onglet « cycle futur ».</li>
</ul>



<figure class="wp-block-image size-full"><img loading="lazy" decoding="async" width="1600" height="711" src="/agile/wp-content/uploads/sites/2/2024/08/image-111.png" alt="" class="wp-image-4275" srcset="/agile/wp-content/uploads/sites/2/2024/08/image-111.png 1600w, /agile/wp-content/uploads/sites/2/2024/08/image-111-300x133.png 300w, /agile/wp-content/uploads/sites/2/2024/08/image-111-1024x455.png 1024w, /agile/wp-content/uploads/sites/2/2024/08/image-111-768x341.png 768w, /agile/wp-content/uploads/sites/2/2024/08/image-111-50x22.png 50w, /agile/wp-content/uploads/sites/2/2024/08/image-111-1536x683.png 1536w, /agile/wp-content/uploads/sites/2/2024/08/image-111-60x27.png 60w, /agile/wp-content/uploads/sites/2/2024/08/image-111-100x44.png 100w" sizes="auto, (max-width: 1600px) 100vw, 1600px" /></figure>

<p>L&rsquo;utilisateur MSS peut définir des cycles récurrents futurs s&rsquo;il sait que la disponibilité d&rsquo;un utilisateur ESS spécifique changera à l&rsquo;avenir. Autorisation requise : WorkTimePreferences-Edit Lorsque WorkTimePreferences-Edit est manquant, l&rsquo;utilisateur ne pourra pas ajouter, modifier ou supprimer le cycle futur et les préférences qu&rsquo;il contient. Il sera en mode lecture seule&#8230;.</p>
