{"id":3545,"date":"2024-09-24T14:23:15","date_gmt":"2024-09-24T14:23:15","guid":{"rendered":"\/agile\/?post_type=ht_kb&#038;p=3545"},"modified":"2025-01-06T21:18:57","modified_gmt":"2025-01-06T21:18:57","slug":"ess-app-consulter-votre-calendrier","status":"publish","type":"ht_kb","link":"\/agile\/fr\/knowledge-base\/ess-app-consulter-votre-calendrier\/","title":{"rendered":"ESS Application mobile : Consulter votre calendrier"},"content":{"rendered":"\n<p>En bas de l&rsquo;\u00e9cran, cliquez sur \u00ab Calendrier \u00bb. Vous verrez le calendrier de la semaine en cours.<\/p>\n\n\n\n<p>Vous pouvez passer \u00e0 la semaine suivante \u00e0 l&rsquo;aide des fl\u00e8ches situ\u00e9es en haut de l&rsquo;\u00e9cran.<\/p>\n\n\n<div class=\"wp-block-image\">\n<figure class=\"aligncenter size-full is-resized\"><img loading=\"lazy\" decoding=\"async\" width=\"739\" height=\"1600\" src=\"\/agile\/wp-content\/uploads\/sites\/2\/2024\/09\/image-6.jpeg\" alt=\"\" class=\"wp-image-4820\" style=\"width:343px;height:auto\" srcset=\"\/agile\/wp-content\/uploads\/sites\/2\/2024\/09\/image-6.jpeg 739w, \/agile\/wp-content\/uploads\/sites\/2\/2024\/09\/image-6-139x300.jpeg 139w, \/agile\/wp-content\/uploads\/sites\/2\/2024\/09\/image-6-473x1024.jpeg 473w, \/agile\/wp-content\/uploads\/sites\/2\/2024\/09\/image-6-23x50.jpeg 23w, \/agile\/wp-content\/uploads\/sites\/2\/2024\/09\/image-6-709x1536.jpeg 709w, \/agile\/wp-content\/uploads\/sites\/2\/2024\/09\/image-6-28x60.jpeg 28w, \/agile\/wp-content\/uploads\/sites\/2\/2024\/09\/image-6-46x100.jpeg 46w\" sizes=\"auto, (max-width: 739px) 100vw, 739px\" \/><\/figure>\n<\/div>\n\n\n<p>En cliquant sur le bouton de filtrage en haut \u00e0 droite, vous pouvez voir les absences des d\u00e9partements (si cette fonction est activ\u00e9e par votre organisation).<\/p>\n\n\n<div class=\"wp-block-image\">\n<figure class=\"aligncenter size-full is-resized\"><img loading=\"lazy\" decoding=\"async\" width=\"739\" height=\"1600\" src=\"\/agile\/wp-content\/uploads\/sites\/2\/2024\/09\/image-7.jpeg\" alt=\"\" class=\"wp-image-4823\" style=\"width:326px;height:auto\" srcset=\"\/agile\/wp-content\/uploads\/sites\/2\/2024\/09\/image-7.jpeg 739w, \/agile\/wp-content\/uploads\/sites\/2\/2024\/09\/image-7-139x300.jpeg 139w, \/agile\/wp-content\/uploads\/sites\/2\/2024\/09\/image-7-473x1024.jpeg 473w, \/agile\/wp-content\/uploads\/sites\/2\/2024\/09\/image-7-23x50.jpeg 23w, \/agile\/wp-content\/uploads\/sites\/2\/2024\/09\/image-7-709x1536.jpeg 709w, \/agile\/wp-content\/uploads\/sites\/2\/2024\/09\/image-7-28x60.jpeg 28w, \/agile\/wp-content\/uploads\/sites\/2\/2024\/09\/image-7-46x100.jpeg 46w\" sizes=\"auto, (max-width: 739px) 100vw, 739px\" \/><\/figure>\n<\/div>\n\n\n<p>En cliquant sur une cellule contenant les absences du d\u00e9partement, vous pouvez voir qui d&rsquo;autre est absent dans votre d\u00e9partement.<\/p>\n\n\n\n<p>Vous pourrez voir vos horaires publi\u00e9s et vos absences pour la semaine :<\/p>\n\n\n<div class=\"wp-block-image\">\n<figure class=\"aligncenter size-full is-resized\"><img loading=\"lazy\" decoding=\"async\" width=\"739\" height=\"1600\" src=\"\/agile\/wp-content\/uploads\/sites\/2\/2024\/09\/image-8.jpeg\" alt=\"\" class=\"wp-image-4825\" style=\"width:345px;height:auto\" srcset=\"\/agile\/wp-content\/uploads\/sites\/2\/2024\/09\/image-8.jpeg 739w, \/agile\/wp-content\/uploads\/sites\/2\/2024\/09\/image-8-139x300.jpeg 139w, \/agile\/wp-content\/uploads\/sites\/2\/2024\/09\/image-8-473x1024.jpeg 473w, \/agile\/wp-content\/uploads\/sites\/2\/2024\/09\/image-8-23x50.jpeg 23w, \/agile\/wp-content\/uploads\/sites\/2\/2024\/09\/image-8-709x1536.jpeg 709w, \/agile\/wp-content\/uploads\/sites\/2\/2024\/09\/image-8-28x60.jpeg 28w, \/agile\/wp-content\/uploads\/sites\/2\/2024\/09\/image-8-46x100.jpeg 46w\" sizes=\"auto, (max-width: 739px) 100vw, 739px\" \/><\/figure>\n<\/div>\n\n\n<p>Les jours f\u00e9ri\u00e9s appara\u00eetront \u00e9galement dans le calendrier en fonction de votre calendrier des jours f\u00e9ri\u00e9s.<\/p>\n\n\n\n<p>Si les horaires ne sont pas encore publi\u00e9s pour votre organisation, ils appara\u00eetront comme suit :&nbsp;<\/p>\n\n\n<div class=\"wp-block-image\">\n<figure class=\"aligncenter size-full is-resized\"><img loading=\"lazy\" decoding=\"async\" width=\"739\" height=\"1600\" src=\"\/agile\/wp-content\/uploads\/sites\/2\/2024\/09\/image-9.jpeg\" alt=\"\" class=\"wp-image-4827\" style=\"width:372px;height:auto\" srcset=\"\/agile\/wp-content\/uploads\/sites\/2\/2024\/09\/image-9.jpeg 739w, \/agile\/wp-content\/uploads\/sites\/2\/2024\/09\/image-9-139x300.jpeg 139w, \/agile\/wp-content\/uploads\/sites\/2\/2024\/09\/image-9-473x1024.jpeg 473w, \/agile\/wp-content\/uploads\/sites\/2\/2024\/09\/image-9-23x50.jpeg 23w, \/agile\/wp-content\/uploads\/sites\/2\/2024\/09\/image-9-709x1536.jpeg 709w, \/agile\/wp-content\/uploads\/sites\/2\/2024\/09\/image-9-28x60.jpeg 28w, \/agile\/wp-content\/uploads\/sites\/2\/2024\/09\/image-9-46x100.jpeg 46w\" sizes=\"auto, (max-width: 739px) 100vw, 739px\" \/><\/figure>\n<\/div>","protected":false},"excerpt":{"rendered":"<p>En bas de l&rsquo;\u00e9cran, cliquez sur \u00ab Calendrier \u00bb. Vous verrez le calendrier de la semaine en cours. Vous pouvez passer \u00e0 la semaine suivante \u00e0 l&rsquo;aide des fl\u00e8ches situ\u00e9es en haut de l&rsquo;\u00e9cran. En cliquant sur le bouton de filtrage en haut \u00e0 droite, vous pouvez voir les absences&#8230;<\/p>\n","protected":false},"author":4,"comment_status":"closed","ping_status":"closed","template":"","format":"standard","meta":{"_lmt_disableupdate":"","_lmt_disable":"","footnotes":""},"ht-kb-category":[214],"ht-kb-tag":[220,219,221,222,73,200],"class_list":["post-3545","ht_kb","type-ht_kb","status-publish","format-standard","hentry","ht_kb_category-mobile_app_fr","ht_kb_tag-app-2","ht_kb_tag-app","ht_kb_tag-calendar","ht_kb_tag-calendar-2","ht_kb_tag-ess","ht_kb_tag-ess-2"],"_links":{"self":[{"href":"https:\/\/help.synerion.com\/agile\/fr\/wp-json\/wp\/v2\/ht-kb\/3545","targetHints":{"allow":["GET"]}}],"collection":[{"href":"https:\/\/help.synerion.com\/agile\/fr\/wp-json\/wp\/v2\/ht-kb"}],"about":[{"href":"https:\/\/help.synerion.com\/agile\/fr\/wp-json\/wp\/v2\/types\/ht_kb"}],"author":[{"embeddable":true,"href":"https:\/\/help.synerion.com\/agile\/fr\/wp-json\/wp\/v2\/users\/4"}],"replies":[{"embeddable":true,"href":"https:\/\/help.synerion.com\/agile\/fr\/wp-json\/wp\/v2\/comments?post=3545"}],"version-history":[{"count":2,"href":"https:\/\/help.synerion.com\/agile\/fr\/wp-json\/wp\/v2\/ht-kb\/3545\/revisions"}],"predecessor-version":[{"id":4829,"href":"https:\/\/help.synerion.com\/agile\/fr\/wp-json\/wp\/v2\/ht-kb\/3545\/revisions\/4829"}],"wp:attachment":[{"href":"https:\/\/help.synerion.com\/agile\/fr\/wp-json\/wp\/v2\/media?parent=3545"}],"wp:term":[{"taxonomy":"ht_kb_category","embeddable":true,"href":"https:\/\/help.synerion.com\/agile\/fr\/wp-json\/wp\/v2\/ht-kb-category?post=3545"},{"taxonomy":"ht_kb_tag","embeddable":true,"href":"https:\/\/help.synerion.com\/agile\/fr\/wp-json\/wp\/v2\/ht-kb-tag?post=3545"}],"curies":[{"name":"wp","href":"https:\/\/api.w.org\/{rel}","templated":true}]}}

<p>En bas de l&rsquo;écran, cliquez sur « Calendrier ». Vous verrez le calendrier de la semaine en cours.</p>



<p>Vous pouvez passer à la semaine suivante à l&rsquo;aide des flèches situées en haut de l&rsquo;écran.</p>


<div class="wp-block-image">
<figure class="aligncenter size-full is-resized"><img loading="lazy" decoding="async" width="739" height="1600" src="/agile/wp-content/uploads/sites/2/2024/09/image-6.jpeg" alt="" class="wp-image-4820" style="width:343px;height:auto" srcset="/agile/wp-content/uploads/sites/2/2024/09/image-6.jpeg 739w, /agile/wp-content/uploads/sites/2/2024/09/image-6-139x300.jpeg 139w, /agile/wp-content/uploads/sites/2/2024/09/image-6-473x1024.jpeg 473w, /agile/wp-content/uploads/sites/2/2024/09/image-6-23x50.jpeg 23w, /agile/wp-content/uploads/sites/2/2024/09/image-6-709x1536.jpeg 709w, /agile/wp-content/uploads/sites/2/2024/09/image-6-28x60.jpeg 28w, /agile/wp-content/uploads/sites/2/2024/09/image-6-46x100.jpeg 46w" sizes="auto, (max-width: 739px) 100vw, 739px" /></figure>
</div>


<p>En cliquant sur le bouton de filtrage en haut à droite, vous pouvez voir les absences des départements (si cette fonction est activée par votre organisation).</p>


<div class="wp-block-image">
<figure class="aligncenter size-full is-resized"><img loading="lazy" decoding="async" width="739" height="1600" src="/agile/wp-content/uploads/sites/2/2024/09/image-7.jpeg" alt="" class="wp-image-4823" style="width:326px;height:auto" srcset="/agile/wp-content/uploads/sites/2/2024/09/image-7.jpeg 739w, /agile/wp-content/uploads/sites/2/2024/09/image-7-139x300.jpeg 139w, /agile/wp-content/uploads/sites/2/2024/09/image-7-473x1024.jpeg 473w, /agile/wp-content/uploads/sites/2/2024/09/image-7-23x50.jpeg 23w, /agile/wp-content/uploads/sites/2/2024/09/image-7-709x1536.jpeg 709w, /agile/wp-content/uploads/sites/2/2024/09/image-7-28x60.jpeg 28w, /agile/wp-content/uploads/sites/2/2024/09/image-7-46x100.jpeg 46w" sizes="auto, (max-width: 739px) 100vw, 739px" /></figure>
</div>


<p>En cliquant sur une cellule contenant les absences du département, vous pouvez voir qui d&rsquo;autre est absent dans votre département.</p>



<p>Vous pourrez voir vos horaires publiés et vos absences pour la semaine :</p>


<div class="wp-block-image">
<figure class="aligncenter size-full is-resized"><img loading="lazy" decoding="async" width="739" height="1600" src="/agile/wp-content/uploads/sites/2/2024/09/image-8.jpeg" alt="" class="wp-image-4825" style="width:345px;height:auto" srcset="/agile/wp-content/uploads/sites/2/2024/09/image-8.jpeg 739w, /agile/wp-content/uploads/sites/2/2024/09/image-8-139x300.jpeg 139w, /agile/wp-content/uploads/sites/2/2024/09/image-8-473x1024.jpeg 473w, /agile/wp-content/uploads/sites/2/2024/09/image-8-23x50.jpeg 23w, /agile/wp-content/uploads/sites/2/2024/09/image-8-709x1536.jpeg 709w, /agile/wp-content/uploads/sites/2/2024/09/image-8-28x60.jpeg 28w, /agile/wp-content/uploads/sites/2/2024/09/image-8-46x100.jpeg 46w" sizes="auto, (max-width: 739px) 100vw, 739px" /></figure>
</div>


<p>Les jours fériés apparaîtront également dans le calendrier en fonction de votre calendrier des jours fériés.</p>



<p>Si les horaires ne sont pas encore publiés pour votre organisation, ils apparaîtront comme suit :&nbsp;</p>


<div class="wp-block-image">
<figure class="aligncenter size-full is-resized"><img loading="lazy" decoding="async" width="739" height="1600" src="/agile/wp-content/uploads/sites/2/2024/09/image-9.jpeg" alt="" class="wp-image-4827" style="width:372px;height:auto" srcset="/agile/wp-content/uploads/sites/2/2024/09/image-9.jpeg 739w, /agile/wp-content/uploads/sites/2/2024/09/image-9-139x300.jpeg 139w, /agile/wp-content/uploads/sites/2/2024/09/image-9-473x1024.jpeg 473w, /agile/wp-content/uploads/sites/2/2024/09/image-9-23x50.jpeg 23w, /agile/wp-content/uploads/sites/2/2024/09/image-9-709x1536.jpeg 709w, /agile/wp-content/uploads/sites/2/2024/09/image-9-28x60.jpeg 28w, /agile/wp-content/uploads/sites/2/2024/09/image-9-46x100.jpeg 46w" sizes="auto, (max-width: 739px) 100vw, 739px" /></figure>
</div>

<p>En bas de l&rsquo;écran, cliquez sur « Calendrier ». Vous verrez le calendrier de la semaine en cours. Vous pouvez passer à la semaine suivante à l&rsquo;aide des flèches situées en haut de l&rsquo;écran. En cliquant sur le bouton de filtrage en haut à droite, vous pouvez voir les absences&#8230;</p>
