{"id":3558,"date":"2024-10-03T19:59:05","date_gmt":"2024-10-03T19:59:05","guid":{"rendered":"\/agile\/?post_type=ht_kb&#038;p=3558"},"modified":"2025-01-07T17:14:42","modified_gmt":"2025-01-07T17:14:42","slug":"ess-apercu-feuille-de-temps","status":"publish","type":"ht_kb","link":"\/agile\/fr\/knowledge-base\/ess-apercu-feuille-de-temps\/","title":{"rendered":"ESS \u2013 Aper\u00e7u de la Feuille de temps&nbsp;"},"content":{"rendered":"\n<p>ESS \u2013 La fonction de feuille de temps permet aux utilisateurs de feuilles de temps de visualiser, d&rsquo;ajouter, de modifier et de soumettre leurs feuilles de temps hebdomadaires au superviseur. Les utilisateurs de l&rsquo;ESS peuvent \u00e9galement consulter le sommaire de la semaine et de la p\u00e9riode de paie sur la page Feuille de temps.&nbsp;<\/p>\n\n\n\n<p>&nbsp;<strong>Permission de base requise<\/strong>: FeatureTimesheet&nbsp;&nbsp;<\/p>\n\n\n\n<p class=\"has-medium-font-size\"><strong>Navigation vers la page Feuille de temps&nbsp;<\/strong><\/p>\n\n\n\n<p>Pour afficher la page Feuille de temps, l&rsquo;utilisateur doit cliquer sur l&rsquo;ic\u00f4ne \u00ab Feuille de temps \u00bb dans le menu lat\u00e9ral de la page d&rsquo;accueil. Sur la page Feuille de temps, l&rsquo;utilisateur peut voir la r\u00e9partition de la p\u00e9riode par semaine.&nbsp;<\/p>\n\n\n\n<p>Navigation entre les diff\u00e9rentes semaines de la p\u00e9riode&nbsp;<\/p>\n\n\n\n<p>Pour naviguer entre les diff\u00e9rentes semaines de la p\u00e9riode, l&rsquo;utilisateur verra l&rsquo;ic\u00f4ne de navigation en haut \u00e0 gauche de la page de la feuille de temps.&nbsp;<\/p>\n\n\n\n<p>Par d\u00e9faut, l&rsquo;utilisateur verra la semaine en cours. Pour naviguer vers d&rsquo;autres semaines, l&rsquo;utilisateur peut cliquer sur les fl\u00e8ches de navigation vers l&rsquo;avant ou vers l&rsquo;arri\u00e8re OU l&rsquo;utilisateur peut cliquer sur la semaine de la p\u00e9riode en cours pour s\u00e9lectionner d&rsquo;autres semaines dans le menu d\u00e9roulant (comme indiqu\u00e9 ci-dessous).&nbsp;<\/p>\n\n\n\n<figure class=\"wp-block-image size-full\"><img loading=\"lazy\" decoding=\"async\" width=\"1600\" height=\"763\" src=\"\/agile\/wp-content\/uploads\/sites\/2\/2024\/10\/image-99.png\" alt=\"\" class=\"wp-image-4958\" srcset=\"\/agile\/wp-content\/uploads\/sites\/2\/2024\/10\/image-99.png 1600w, \/agile\/wp-content\/uploads\/sites\/2\/2024\/10\/image-99-300x143.png 300w, \/agile\/wp-content\/uploads\/sites\/2\/2024\/10\/image-99-1024x488.png 1024w, \/agile\/wp-content\/uploads\/sites\/2\/2024\/10\/image-99-768x366.png 768w, \/agile\/wp-content\/uploads\/sites\/2\/2024\/10\/image-99-50x24.png 50w, \/agile\/wp-content\/uploads\/sites\/2\/2024\/10\/image-99-1536x732.png 1536w, \/agile\/wp-content\/uploads\/sites\/2\/2024\/10\/image-99-60x29.png 60w, \/agile\/wp-content\/uploads\/sites\/2\/2024\/10\/image-99-100x48.png 100w\" sizes=\"auto, (max-width: 1600px) 100vw, 1600px\" \/><\/figure>\n\n\n\n<p><strong><em>NOTE: <\/em><\/strong>&nbsp;<\/p>\n\n\n\n<ol class=\"wp-block-list\">\n<li><strong><em>L&rsquo;utilisateur ne peut visualiser qu&rsquo;une seule semaine future apparaissant avec l&rsquo;\u00e9tiquette \u00ab next \u00bb lorsqu&rsquo;il clique sur l&rsquo;ic\u00f4ne \u00ab forward \u00bb (&gt;).&nbsp;&nbsp;<\/em><\/strong><\/li>\n\n\n\n<li><strong><em>La navigation vers les semaines de la p\u00e9riode pr\u00e9c\u00e9dente est bas\u00e9e sur le param\u00e8tre syst\u00e8me \u00ab MaxPayPeriodWeeks \u00bb.&nbsp;<\/em><\/strong><\/li>\n<\/ol>\n\n\n\n<p class=\"has-medium-font-size\"><strong>Informations disponibles sur la grille des feuilles de temps<\/strong>&nbsp;<\/p>\n\n\n\n<p>L&rsquo;utilisateur peut voir<\/p>\n\n\n\n<ul class=\"wp-block-list\">\n<li>Statut de la feuille de temps&nbsp;<\/li>\n\n\n\n<li>Nom du service (affiche le nom du service par d\u00e9faut s&rsquo;il n&rsquo;a pas \u00e9t\u00e9 s\u00e9lectionn\u00e9)&nbsp;<\/li>\n\n\n\n<li>Co\u00fbt du travail (affiche le nom du co\u00fbt du travail par d\u00e9faut si aucun n&rsquo;est s\u00e9lectionn\u00e9 ou vide si aucun co\u00fbt du travail par d\u00e9faut n&rsquo;est disponible)&nbsp;<\/li>\n\n\n\n<li>Absences ajout\u00e9es manuellement ou modifications par un utilisateur ESS&nbsp;<\/li>\n\n\n\n<li>Saisies hebdomadaires de la dur\u00e9e&nbsp;<\/li>\n\n\n\n<li>D\u00e9penses (le cas \u00e9ch\u00e9ant)&nbsp;<\/li>\n\n\n\n<li>Notes (le cas \u00e9ch\u00e9ant)&nbsp;<\/li>\n\n\n\n<li>Cong\u00e9s statutaires ou absences horaires (le cas \u00e9ch\u00e9ant)&nbsp;<\/li>\n\n\n\n<li>Erreurs ou exceptions (le cas \u00e9ch\u00e9ant)&nbsp;<\/li>\n\n\n\n<li>Total des heures&nbsp;<\/li>\n\n\n\n<li>La ligne et la colonne D\u00e9penses totales n&rsquo;apparaissent que si la semaine s\u00e9lectionn\u00e9e comporte des d\u00e9penses ajout\u00e9es.&nbsp;<\/li>\n\n\n\n<li>La ligne Heures suppl\u00e9mentaires n&rsquo;appara\u00eet que si la semaine s\u00e9lectionn\u00e9e comporte des entr\u00e9es d&rsquo;heures suppl\u00e9mentaires.&nbsp;<\/li>\n\n\n\n<li>Afficher l&rsquo;onglet r\u00e9sum\u00e9 &#8211; Semaine et p\u00e9riode de paie&nbsp;<\/li>\n<\/ul>\n\n\n\n<figure class=\"wp-block-image size-full\"><img loading=\"lazy\" decoding=\"async\" width=\"1600\" height=\"863\" src=\"\/agile\/wp-content\/uploads\/sites\/2\/2024\/10\/image-100.png\" alt=\"\" class=\"wp-image-4960\" srcset=\"\/agile\/wp-content\/uploads\/sites\/2\/2024\/10\/image-100.png 1600w, \/agile\/wp-content\/uploads\/sites\/2\/2024\/10\/image-100-300x162.png 300w, \/agile\/wp-content\/uploads\/sites\/2\/2024\/10\/image-100-1024x552.png 1024w, \/agile\/wp-content\/uploads\/sites\/2\/2024\/10\/image-100-768x414.png 768w, \/agile\/wp-content\/uploads\/sites\/2\/2024\/10\/image-100-50x27.png 50w, \/agile\/wp-content\/uploads\/sites\/2\/2024\/10\/image-100-1536x828.png 1536w, \/agile\/wp-content\/uploads\/sites\/2\/2024\/10\/image-100-60x32.png 60w, \/agile\/wp-content\/uploads\/sites\/2\/2024\/10\/image-100-100x54.png 100w\" sizes=\"auto, (max-width: 1600px) 100vw, 1600px\" \/><\/figure>\n\n\n\n<p><strong><em>NOTE: Par d\u00e9faut, l&rsquo;utilisateur verra 5 lignes dans la grille de la feuille de temps. Une fois que les 5 lignes sont remplies, il continuera \u00e0 ajouter une ligne vide apr\u00e8s chaque nouvelle ligne sauvegard\u00e9e avec des entr\u00e9es.&nbsp;<\/em><\/strong><\/p>\n","protected":false},"excerpt":{"rendered":"<p>ESS \u2013 La fonction de feuille de temps permet aux utilisateurs de feuilles de temps de visualiser, d&rsquo;ajouter, de modifier et de soumettre leurs feuilles de temps hebdomadaires au superviseur. Les utilisateurs de l&rsquo;ESS peuvent \u00e9galement consulter le sommaire de la semaine et de la p\u00e9riode de paie sur la&#8230;<\/p>\n","protected":false},"author":4,"comment_status":"closed","ping_status":"closed","template":"","format":"standard","meta":{"_lmt_disableupdate":"","_lmt_disable":"","footnotes":""},"ht-kb-category":[223],"ht-kb-tag":[73,200,227,226],"class_list":["post-3558","ht_kb","type-ht_kb","status-publish","format-standard","hentry","ht_kb_category-ess-fr","ht_kb_tag-ess","ht_kb_tag-ess-2","ht_kb_tag-timesheet-2","ht_kb_tag-timesheet"],"_links":{"self":[{"href":"https:\/\/help.synerion.com\/agile\/fr\/wp-json\/wp\/v2\/ht-kb\/3558","targetHints":{"allow":["GET"]}}],"collection":[{"href":"https:\/\/help.synerion.com\/agile\/fr\/wp-json\/wp\/v2\/ht-kb"}],"about":[{"href":"https:\/\/help.synerion.com\/agile\/fr\/wp-json\/wp\/v2\/types\/ht_kb"}],"author":[{"embeddable":true,"href":"https:\/\/help.synerion.com\/agile\/fr\/wp-json\/wp\/v2\/users\/4"}],"replies":[{"embeddable":true,"href":"https:\/\/help.synerion.com\/agile\/fr\/wp-json\/wp\/v2\/comments?post=3558"}],"version-history":[{"count":2,"href":"https:\/\/help.synerion.com\/agile\/fr\/wp-json\/wp\/v2\/ht-kb\/3558\/revisions"}],"predecessor-version":[{"id":4963,"href":"https:\/\/help.synerion.com\/agile\/fr\/wp-json\/wp\/v2\/ht-kb\/3558\/revisions\/4963"}],"wp:attachment":[{"href":"https:\/\/help.synerion.com\/agile\/fr\/wp-json\/wp\/v2\/media?parent=3558"}],"wp:term":[{"taxonomy":"ht_kb_category","embeddable":true,"href":"https:\/\/help.synerion.com\/agile\/fr\/wp-json\/wp\/v2\/ht-kb-category?post=3558"},{"taxonomy":"ht_kb_tag","embeddable":true,"href":"https:\/\/help.synerion.com\/agile\/fr\/wp-json\/wp\/v2\/ht-kb-tag?post=3558"}],"curies":[{"name":"wp","href":"https:\/\/api.w.org\/{rel}","templated":true}]}}

ESS – Aperçu de la Feuille de temps&nbsp;

<p>ESS – La fonction de feuille de temps permet aux utilisateurs de feuilles de temps de visualiser, d&rsquo;ajouter, de modifier et de soumettre leurs feuilles de temps hebdomadaires au superviseur. Les utilisateurs de l&rsquo;ESS peuvent également consulter le sommaire de la semaine et de la période de paie sur la page Feuille de temps.&nbsp;</p>



<p>&nbsp;<strong>Permission de base requise</strong>: FeatureTimesheet&nbsp;&nbsp;</p>



<p class="has-medium-font-size"><strong>Navigation vers la page Feuille de temps&nbsp;</strong></p>



<p>Pour afficher la page Feuille de temps, l&rsquo;utilisateur doit cliquer sur l&rsquo;icône « Feuille de temps » dans le menu latéral de la page d&rsquo;accueil. Sur la page Feuille de temps, l&rsquo;utilisateur peut voir la répartition de la période par semaine.&nbsp;</p>



<p>Navigation entre les différentes semaines de la période&nbsp;</p>



<p>Pour naviguer entre les différentes semaines de la période, l&rsquo;utilisateur verra l&rsquo;icône de navigation en haut à gauche de la page de la feuille de temps.&nbsp;</p>



<p>Par défaut, l&rsquo;utilisateur verra la semaine en cours. Pour naviguer vers d&rsquo;autres semaines, l&rsquo;utilisateur peut cliquer sur les flèches de navigation vers l&rsquo;avant ou vers l&rsquo;arrière OU l&rsquo;utilisateur peut cliquer sur la semaine de la période en cours pour sélectionner d&rsquo;autres semaines dans le menu déroulant (comme indiqué ci-dessous).&nbsp;</p>



<figure class="wp-block-image size-full"><img loading="lazy" decoding="async" width="1600" height="763" src="/agile/wp-content/uploads/sites/2/2024/10/image-99.png" alt="" class="wp-image-4958" srcset="/agile/wp-content/uploads/sites/2/2024/10/image-99.png 1600w, /agile/wp-content/uploads/sites/2/2024/10/image-99-300x143.png 300w, /agile/wp-content/uploads/sites/2/2024/10/image-99-1024x488.png 1024w, /agile/wp-content/uploads/sites/2/2024/10/image-99-768x366.png 768w, /agile/wp-content/uploads/sites/2/2024/10/image-99-50x24.png 50w, /agile/wp-content/uploads/sites/2/2024/10/image-99-1536x732.png 1536w, /agile/wp-content/uploads/sites/2/2024/10/image-99-60x29.png 60w, /agile/wp-content/uploads/sites/2/2024/10/image-99-100x48.png 100w" sizes="auto, (max-width: 1600px) 100vw, 1600px" /></figure>



<p><strong><em>NOTE: </em></strong>&nbsp;</p>



<ol class="wp-block-list">
<li><strong><em>L&rsquo;utilisateur ne peut visualiser qu&rsquo;une seule semaine future apparaissant avec l&rsquo;étiquette « next » lorsqu&rsquo;il clique sur l&rsquo;icône « forward » (&gt;).&nbsp;&nbsp;</em></strong></li>



<li><strong><em>La navigation vers les semaines de la période précédente est basée sur le paramètre système « MaxPayPeriodWeeks ».&nbsp;</em></strong></li>
</ol>



<p class="has-medium-font-size"><strong>Informations disponibles sur la grille des feuilles de temps</strong>&nbsp;</p>



<p>L&rsquo;utilisateur peut voir</p>



<ul class="wp-block-list">
<li>Statut de la feuille de temps&nbsp;</li>



<li>Nom du service (affiche le nom du service par défaut s&rsquo;il n&rsquo;a pas été sélectionné)&nbsp;</li>



<li>Coût du travail (affiche le nom du coût du travail par défaut si aucun n&rsquo;est sélectionné ou vide si aucun coût du travail par défaut n&rsquo;est disponible)&nbsp;</li>



<li>Absences ajoutées manuellement ou modifications par un utilisateur ESS&nbsp;</li>



<li>Saisies hebdomadaires de la durée&nbsp;</li>



<li>Dépenses (le cas échéant)&nbsp;</li>



<li>Notes (le cas échéant)&nbsp;</li>



<li>Congés statutaires ou absences horaires (le cas échéant)&nbsp;</li>



<li>Erreurs ou exceptions (le cas échéant)&nbsp;</li>



<li>Total des heures&nbsp;</li>



<li>La ligne et la colonne Dépenses totales n&rsquo;apparaissent que si la semaine sélectionnée comporte des dépenses ajoutées.&nbsp;</li>



<li>La ligne Heures supplémentaires n&rsquo;apparaît que si la semaine sélectionnée comporte des entrées d&rsquo;heures supplémentaires.&nbsp;</li>



<li>Afficher l&rsquo;onglet résumé &#8211; Semaine et période de paie&nbsp;</li>
</ul>



<figure class="wp-block-image size-full"><img loading="lazy" decoding="async" width="1600" height="863" src="/agile/wp-content/uploads/sites/2/2024/10/image-100.png" alt="" class="wp-image-4960" srcset="/agile/wp-content/uploads/sites/2/2024/10/image-100.png 1600w, /agile/wp-content/uploads/sites/2/2024/10/image-100-300x162.png 300w, /agile/wp-content/uploads/sites/2/2024/10/image-100-1024x552.png 1024w, /agile/wp-content/uploads/sites/2/2024/10/image-100-768x414.png 768w, /agile/wp-content/uploads/sites/2/2024/10/image-100-50x27.png 50w, /agile/wp-content/uploads/sites/2/2024/10/image-100-1536x828.png 1536w, /agile/wp-content/uploads/sites/2/2024/10/image-100-60x32.png 60w, /agile/wp-content/uploads/sites/2/2024/10/image-100-100x54.png 100w" sizes="auto, (max-width: 1600px) 100vw, 1600px" /></figure>



<p><strong><em>NOTE: Par défaut, l&rsquo;utilisateur verra 5 lignes dans la grille de la feuille de temps. Une fois que les 5 lignes sont remplies, il continuera à ajouter une ligne vide après chaque nouvelle ligne sauvegardée avec des entrées.&nbsp;</em></strong></p>

<p>ESS – La fonction de feuille de temps permet aux utilisateurs de feuilles de temps de visualiser, d&rsquo;ajouter, de modifier et de soumettre leurs feuilles de temps hebdomadaires au superviseur. Les utilisateurs de l&rsquo;ESS peuvent également consulter le sommaire de la semaine et de la période de paie sur la&#8230;</p>
