{"id":3570,"date":"2024-10-04T13:54:34","date_gmt":"2024-10-04T13:54:34","guid":{"rendered":"\/agile\/?post_type=ht_kb&#038;p=3570"},"modified":"2025-01-07T17:22:19","modified_gmt":"2025-01-07T17:22:19","slug":"ess-feuille-de-temps-absences-programmees","status":"publish","type":"ht_kb","link":"\/agile\/fr\/knowledge-base\/ess-feuille-de-temps-absences-programmees\/","title":{"rendered":"ESS Feuille de temps: Absences programm\u00e9es&nbsp;"},"content":{"rendered":"\n<p>Lorsque l&rsquo;utilisateur a des absences programm\u00e9es, la feuille de temps affichera les absences programm\u00e9es dans les lignes sup\u00e9rieures de la grille de la feuille de temps avec le nom de la cat\u00e9gorie de temps d&rsquo;absence dans l&rsquo;en-t\u00eate de la date (ayant une absence programm\u00e9e). La ligne des absences programm\u00e9es est d\u00e9sactiv\u00e9e. Ainsi, l&rsquo;utilisateur ne peut pas effectuer de modifications.&nbsp;<\/p>\n\n\n\n<p>Capture d&rsquo;\u00e9cran de r\u00e9f\u00e9rence :&nbsp;<\/p>\n\n\n\n<figure class=\"wp-block-image size-large\"><img loading=\"lazy\" decoding=\"async\" width=\"1024\" height=\"470\" src=\"\/agile\/wp-content\/uploads\/sites\/2\/2024\/10\/image-108-1024x470.png\" alt=\"\" class=\"wp-image-4984\" srcset=\"\/agile\/wp-content\/uploads\/sites\/2\/2024\/10\/image-108-1024x470.png 1024w, \/agile\/wp-content\/uploads\/sites\/2\/2024\/10\/image-108-300x138.png 300w, \/agile\/wp-content\/uploads\/sites\/2\/2024\/10\/image-108-768x352.png 768w, \/agile\/wp-content\/uploads\/sites\/2\/2024\/10\/image-108-50x23.png 50w, \/agile\/wp-content\/uploads\/sites\/2\/2024\/10\/image-108-1536x705.png 1536w, \/agile\/wp-content\/uploads\/sites\/2\/2024\/10\/image-108-60x28.png 60w, \/agile\/wp-content\/uploads\/sites\/2\/2024\/10\/image-108-100x46.png 100w, \/agile\/wp-content\/uploads\/sites\/2\/2024\/10\/image-108.png 1600w\" sizes=\"auto, (max-width: 1024px) 100vw, 1024px\" \/><\/figure>\n","protected":false},"excerpt":{"rendered":"<p>Lorsque l&rsquo;utilisateur a des absences programm\u00e9es, la feuille de temps affichera les absences programm\u00e9es dans les lignes sup\u00e9rieures de la grille de la feuille de temps avec le nom de la cat\u00e9gorie de temps d&rsquo;absence dans l&rsquo;en-t\u00eate de la date (ayant une absence programm\u00e9e). La ligne des absences programm\u00e9es est&#8230;<\/p>\n","protected":false},"author":4,"comment_status":"closed","ping_status":"closed","template":"","format":"standard","meta":{"_lmt_disableupdate":"","_lmt_disable":"","footnotes":""},"ht-kb-category":[223],"ht-kb-tag":[171,141,200,73,226,227],"class_list":["post-3570","ht_kb","type-ht_kb","status-publish","format-standard","hentry","ht_kb_category-ess-fr","ht_kb_tag-absences-3","ht_kb_tag-absences","ht_kb_tag-ess-2","ht_kb_tag-ess","ht_kb_tag-timesheet","ht_kb_tag-timesheet-2"],"_links":{"self":[{"href":"https:\/\/help.synerion.com\/agile\/fr\/wp-json\/wp\/v2\/ht-kb\/3570","targetHints":{"allow":["GET"]}}],"collection":[{"href":"https:\/\/help.synerion.com\/agile\/fr\/wp-json\/wp\/v2\/ht-kb"}],"about":[{"href":"https:\/\/help.synerion.com\/agile\/fr\/wp-json\/wp\/v2\/types\/ht_kb"}],"author":[{"embeddable":true,"href":"https:\/\/help.synerion.com\/agile\/fr\/wp-json\/wp\/v2\/users\/4"}],"replies":[{"embeddable":true,"href":"https:\/\/help.synerion.com\/agile\/fr\/wp-json\/wp\/v2\/comments?post=3570"}],"version-history":[{"count":2,"href":"https:\/\/help.synerion.com\/agile\/fr\/wp-json\/wp\/v2\/ht-kb\/3570\/revisions"}],"predecessor-version":[{"id":4986,"href":"https:\/\/help.synerion.com\/agile\/fr\/wp-json\/wp\/v2\/ht-kb\/3570\/revisions\/4986"}],"wp:attachment":[{"href":"https:\/\/help.synerion.com\/agile\/fr\/wp-json\/wp\/v2\/media?parent=3570"}],"wp:term":[{"taxonomy":"ht_kb_category","embeddable":true,"href":"https:\/\/help.synerion.com\/agile\/fr\/wp-json\/wp\/v2\/ht-kb-category?post=3570"},{"taxonomy":"ht_kb_tag","embeddable":true,"href":"https:\/\/help.synerion.com\/agile\/fr\/wp-json\/wp\/v2\/ht-kb-tag?post=3570"}],"curies":[{"name":"wp","href":"https:\/\/api.w.org\/{rel}","templated":true}]}}

ESS Feuille de temps: Absences programmées&nbsp;

<p>Lorsque l&rsquo;utilisateur a des absences programmées, la feuille de temps affichera les absences programmées dans les lignes supérieures de la grille de la feuille de temps avec le nom de la catégorie de temps d&rsquo;absence dans l&rsquo;en-tête de la date (ayant une absence programmée). La ligne des absences programmées est désactivée. Ainsi, l&rsquo;utilisateur ne peut pas effectuer de modifications.&nbsp;</p>



<p>Capture d&rsquo;écran de référence :&nbsp;</p>



<figure class="wp-block-image size-large"><img loading="lazy" decoding="async" width="1024" height="470" src="/agile/wp-content/uploads/sites/2/2024/10/image-108-1024x470.png" alt="" class="wp-image-4984" srcset="/agile/wp-content/uploads/sites/2/2024/10/image-108-1024x470.png 1024w, /agile/wp-content/uploads/sites/2/2024/10/image-108-300x138.png 300w, /agile/wp-content/uploads/sites/2/2024/10/image-108-768x352.png 768w, /agile/wp-content/uploads/sites/2/2024/10/image-108-50x23.png 50w, /agile/wp-content/uploads/sites/2/2024/10/image-108-1536x705.png 1536w, /agile/wp-content/uploads/sites/2/2024/10/image-108-60x28.png 60w, /agile/wp-content/uploads/sites/2/2024/10/image-108-100x46.png 100w, /agile/wp-content/uploads/sites/2/2024/10/image-108.png 1600w" sizes="auto, (max-width: 1024px) 100vw, 1024px" /></figure>

<p>Lorsque l&rsquo;utilisateur a des absences programmées, la feuille de temps affichera les absences programmées dans les lignes supérieures de la grille de la feuille de temps avec le nom de la catégorie de temps d&rsquo;absence dans l&rsquo;en-tête de la date (ayant une absence programmée). La ligne des absences programmées est&#8230;</p>
