{"id":3772,"date":"2024-10-21T13:29:44","date_gmt":"2024-10-21T13:29:44","guid":{"rendered":"\/agile\/?post_type=ht_kb&#038;p=3772"},"modified":"2025-01-07T20:46:25","modified_gmt":"2025-01-07T20:46:25","slug":"mss-feuille-de-temps_temps-additionnel","status":"publish","type":"ht_kb","link":"\/agile\/fr\/knowledge-base\/mss-feuille-de-temps_temps-additionnel\/","title":{"rendered":"MSS Feuille de temps_Temps additionnel"},"content":{"rendered":"\n<p>L&rsquo;utilisateur MSS verra une ligne \u00ab Temps additionnel \u00bb dans la grille de la feuille de temps lorsque l&rsquo;utilisateur ESS a ajout\u00e9 une dur\u00e9e sup\u00e9rieure aux heures normales. L&rsquo;utilisateur MSS peut \u00e9galement ajouter ou modifier les temps additionnels dans la feuille de temps. En tant qu&rsquo;utilisateur MSS, il a la possibilit\u00e9 d&rsquo;autoriser ou non les temps additionnels ajout\u00e9s \u00e0 la semaine de la p\u00e9riode.&nbsp;<\/p>\n\n\n\n<p class=\"has-medium-font-size\"><strong>Autoriser le temps additionnel<\/strong><\/p>\n\n\n\n<p>Pour autoriser le temps additionnel, l&rsquo;utilisateur de MSS&nbsp;<\/p>\n\n\n\n<ol class=\"wp-block-list\">\n<li>Cliquez sur l&rsquo;ic\u00f4ne Feuille de temps qui appara\u00eet dans la barre lat\u00e9rale du menu principal.&nbsp;<\/li>\n\n\n\n<li>Sur la page de la feuille de temps, s\u00e9lectionnez un utilisateur ESS dans le s\u00e9lecteur d&#8217;employ\u00e9s.&nbsp;<\/li>\n\n\n\n<li>S\u00e9lectionnez une semaine de p\u00e9riode pour laquelle du temps additionnel a \u00e9t\u00e9 ajout\u00e9.&nbsp;<\/li>\n\n\n\n<li>L&rsquo;utilisateur MSS verra un cercle gris avec la dur\u00e9e du temps additionnel dans les colonnes du temps additionnel.&nbsp;<\/li>\n<\/ol>\n\n\n\n<figure class=\"wp-block-image size-full\"><img loading=\"lazy\" decoding=\"async\" width=\"1600\" height=\"802\" src=\"\/agile\/wp-content\/uploads\/sites\/2\/2024\/10\/image-262.png\" alt=\"\" class=\"wp-image-5378\" srcset=\"\/agile\/wp-content\/uploads\/sites\/2\/2024\/10\/image-262.png 1600w, \/agile\/wp-content\/uploads\/sites\/2\/2024\/10\/image-262-300x150.png 300w, \/agile\/wp-content\/uploads\/sites\/2\/2024\/10\/image-262-1024x513.png 1024w, \/agile\/wp-content\/uploads\/sites\/2\/2024\/10\/image-262-768x385.png 768w, \/agile\/wp-content\/uploads\/sites\/2\/2024\/10\/image-262-50x25.png 50w, \/agile\/wp-content\/uploads\/sites\/2\/2024\/10\/image-262-1536x770.png 1536w, \/agile\/wp-content\/uploads\/sites\/2\/2024\/10\/image-262-60x30.png 60w, \/agile\/wp-content\/uploads\/sites\/2\/2024\/10\/image-262-100x50.png 100w\" sizes=\"auto, (max-width: 1600px) 100vw, 1600px\" \/><\/figure>\n\n\n\n<ol start=\"5\" class=\"wp-block-list\">\n<li>Pour autoriser le temps additionnel, cliquez sur l&rsquo;ic\u00f4ne du cercle gris&nbsp;<\/li>\n\n\n\n<li>L&rsquo;ic\u00f4ne se transforme en coche verte et le message de r\u00e9ussite s&rsquo;affiche.&nbsp;<\/li>\n<\/ol>\n\n\n\n<figure class=\"wp-block-image size-full\"><img loading=\"lazy\" decoding=\"async\" width=\"1600\" height=\"725\" src=\"\/agile\/wp-content\/uploads\/sites\/2\/2024\/10\/image-263.png\" alt=\"\" class=\"wp-image-5380\" srcset=\"\/agile\/wp-content\/uploads\/sites\/2\/2024\/10\/image-263.png 1600w, \/agile\/wp-content\/uploads\/sites\/2\/2024\/10\/image-263-300x136.png 300w, \/agile\/wp-content\/uploads\/sites\/2\/2024\/10\/image-263-1024x464.png 1024w, \/agile\/wp-content\/uploads\/sites\/2\/2024\/10\/image-263-768x348.png 768w, \/agile\/wp-content\/uploads\/sites\/2\/2024\/10\/image-263-50x23.png 50w, \/agile\/wp-content\/uploads\/sites\/2\/2024\/10\/image-263-1536x696.png 1536w, \/agile\/wp-content\/uploads\/sites\/2\/2024\/10\/image-263-60x27.png 60w, \/agile\/wp-content\/uploads\/sites\/2\/2024\/10\/image-263-100x45.png 100w\" sizes=\"auto, (max-width: 1600px) 100vw, 1600px\" \/><\/figure>\n\n\n\n<p class=\"has-medium-font-size\"><strong>Temps additionnel non autoris\u00e9<\/strong><\/p>\n\n\n\n<p>Par d\u00e9faut, les dur\u00e9es d&rsquo;heures suppl\u00e9mentaires apparaissent comme non autoris\u00e9es. Cependant, si l&rsquo;utilisateur de MSS a autoris\u00e9 les temps additionnels auparavant et qu&rsquo;il souhaite les r\u00e9tablir comme non autoris\u00e9s, l&rsquo;utilisateur peut le faire en suivant les \u00e9tapes ci-dessous :&nbsp;<\/p>\n\n\n\n<ol class=\"wp-block-list\">\n<li>Cliquez sur l&rsquo;ic\u00f4ne Feuille de temps qui appara\u00eet dans la barre lat\u00e9rale du menu principal.&nbsp;<\/li>\n\n\n\n<li>Sur la page de la feuille de temps, s\u00e9lectionnez un utilisateur de feuille de temps ESS dans le s\u00e9lecteur d&#8217;employ\u00e9s.&nbsp;<\/li>\n\n\n\n<li>S\u00e9lectionnez une semaine de p\u00e9riode pour laquelle du temps additionnel a \u00e9t\u00e9 ajout\u00e9.&nbsp;<\/li>\n\n\n\n<li>L&rsquo;utilisateur MSS verra une coche verte avec la dur\u00e9e du temps additionnel pour la cellule ayant approuv\u00e9 le temps additionnel.&nbsp;<\/li>\n<\/ol>\n\n\n\n<figure class=\"wp-block-image size-full\"><img loading=\"lazy\" decoding=\"async\" width=\"1600\" height=\"837\" src=\"\/agile\/wp-content\/uploads\/sites\/2\/2024\/10\/image-264.png\" alt=\"\" class=\"wp-image-5382\" srcset=\"\/agile\/wp-content\/uploads\/sites\/2\/2024\/10\/image-264.png 1600w, \/agile\/wp-content\/uploads\/sites\/2\/2024\/10\/image-264-300x157.png 300w, \/agile\/wp-content\/uploads\/sites\/2\/2024\/10\/image-264-1024x536.png 1024w, \/agile\/wp-content\/uploads\/sites\/2\/2024\/10\/image-264-768x402.png 768w, \/agile\/wp-content\/uploads\/sites\/2\/2024\/10\/image-264-50x26.png 50w, \/agile\/wp-content\/uploads\/sites\/2\/2024\/10\/image-264-1536x804.png 1536w, \/agile\/wp-content\/uploads\/sites\/2\/2024\/10\/image-264-60x31.png 60w, \/agile\/wp-content\/uploads\/sites\/2\/2024\/10\/image-264-100x52.png 100w\" sizes=\"auto, (max-width: 1600px) 100vw, 1600px\" \/><\/figure>\n\n\n\n<ol start=\"5\" class=\"wp-block-list\">\n<li>Pour annuler l&rsquo;autorisation du temps additionnel, cliquez sur l&rsquo;ic\u00f4ne de la coche verte&nbsp;<\/li>\n\n\n\n<li>L&rsquo;ic\u00f4ne redeviendra un cercle gris et le message de r\u00e9ussite s&rsquo;affichera.&nbsp;<\/li>\n<\/ol>\n\n\n\n<figure class=\"wp-block-image size-full\"><img loading=\"lazy\" decoding=\"async\" width=\"1600\" height=\"834\" src=\"\/agile\/wp-content\/uploads\/sites\/2\/2024\/10\/image-265.png\" alt=\"\" class=\"wp-image-5384\" srcset=\"\/agile\/wp-content\/uploads\/sites\/2\/2024\/10\/image-265.png 1600w, \/agile\/wp-content\/uploads\/sites\/2\/2024\/10\/image-265-300x156.png 300w, \/agile\/wp-content\/uploads\/sites\/2\/2024\/10\/image-265-1024x534.png 1024w, \/agile\/wp-content\/uploads\/sites\/2\/2024\/10\/image-265-768x400.png 768w, \/agile\/wp-content\/uploads\/sites\/2\/2024\/10\/image-265-50x26.png 50w, \/agile\/wp-content\/uploads\/sites\/2\/2024\/10\/image-265-1536x801.png 1536w, \/agile\/wp-content\/uploads\/sites\/2\/2024\/10\/image-265-60x31.png 60w, \/agile\/wp-content\/uploads\/sites\/2\/2024\/10\/image-265-100x52.png 100w\" sizes=\"auto, (max-width: 1600px) 100vw, 1600px\" \/><\/figure>\n","protected":false},"excerpt":{"rendered":"<p>L&rsquo;utilisateur MSS verra une ligne \u00ab Temps additionnel \u00bb dans la grille de la feuille de temps lorsque l&rsquo;utilisateur ESS a ajout\u00e9 une dur\u00e9e sup\u00e9rieure aux heures normales. L&rsquo;utilisateur MSS peut \u00e9galement ajouter ou modifier les temps additionnels dans la feuille de temps. En tant qu&rsquo;utilisateur MSS, il a la&#8230;<\/p>\n","protected":false},"author":4,"comment_status":"closed","ping_status":"closed","template":"","format":"standard","meta":{"_lmt_disableupdate":"","_lmt_disable":"","footnotes":""},"ht-kb-category":[241],"ht-kb-tag":[140,233,116,166,226,227],"class_list":["post-3772","ht_kb","type-ht_kb","status-publish","format-standard","hentry","ht_kb_category-mss-feuille-de-temps","ht_kb_tag-extra-time","ht_kb_tag-extra-time-2","ht_kb_tag-mss","ht_kb_tag-mss-2","ht_kb_tag-timesheet","ht_kb_tag-timesheet-2"],"_links":{"self":[{"href":"https:\/\/help.synerion.com\/agile\/fr\/wp-json\/wp\/v2\/ht-kb\/3772","targetHints":{"allow":["GET"]}}],"collection":[{"href":"https:\/\/help.synerion.com\/agile\/fr\/wp-json\/wp\/v2\/ht-kb"}],"about":[{"href":"https:\/\/help.synerion.com\/agile\/fr\/wp-json\/wp\/v2\/types\/ht_kb"}],"author":[{"embeddable":true,"href":"https:\/\/help.synerion.com\/agile\/fr\/wp-json\/wp\/v2\/users\/4"}],"replies":[{"embeddable":true,"href":"https:\/\/help.synerion.com\/agile\/fr\/wp-json\/wp\/v2\/comments?post=3772"}],"version-history":[{"count":2,"href":"https:\/\/help.synerion.com\/agile\/fr\/wp-json\/wp\/v2\/ht-kb\/3772\/revisions"}],"predecessor-version":[{"id":5386,"href":"https:\/\/help.synerion.com\/agile\/fr\/wp-json\/wp\/v2\/ht-kb\/3772\/revisions\/5386"}],"wp:attachment":[{"href":"https:\/\/help.synerion.com\/agile\/fr\/wp-json\/wp\/v2\/media?parent=3772"}],"wp:term":[{"taxonomy":"ht_kb_category","embeddable":true,"href":"https:\/\/help.synerion.com\/agile\/fr\/wp-json\/wp\/v2\/ht-kb-category?post=3772"},{"taxonomy":"ht_kb_tag","embeddable":true,"href":"https:\/\/help.synerion.com\/agile\/fr\/wp-json\/wp\/v2\/ht-kb-tag?post=3772"}],"curies":[{"name":"wp","href":"https:\/\/api.w.org\/{rel}","templated":true}]}}

<p>L&rsquo;utilisateur MSS verra une ligne « Temps additionnel » dans la grille de la feuille de temps lorsque l&rsquo;utilisateur ESS a ajouté une durée supérieure aux heures normales. L&rsquo;utilisateur MSS peut également ajouter ou modifier les temps additionnels dans la feuille de temps. En tant qu&rsquo;utilisateur MSS, il a la possibilité d&rsquo;autoriser ou non les temps additionnels ajoutés à la semaine de la période.&nbsp;</p>



<p class="has-medium-font-size"><strong>Autoriser le temps additionnel</strong></p>



<p>Pour autoriser le temps additionnel, l&rsquo;utilisateur de MSS&nbsp;</p>



<ol class="wp-block-list">
<li>Cliquez sur l&rsquo;icône Feuille de temps qui apparaît dans la barre latérale du menu principal.&nbsp;</li>



<li>Sur la page de la feuille de temps, sélectionnez un utilisateur ESS dans le sélecteur d&#8217;employés.&nbsp;</li>



<li>Sélectionnez une semaine de période pour laquelle du temps additionnel a été ajouté.&nbsp;</li>



<li>L&rsquo;utilisateur MSS verra un cercle gris avec la durée du temps additionnel dans les colonnes du temps additionnel.&nbsp;</li>
</ol>



<figure class="wp-block-image size-full"><img loading="lazy" decoding="async" width="1600" height="802" src="/agile/wp-content/uploads/sites/2/2024/10/image-262.png" alt="" class="wp-image-5378" srcset="/agile/wp-content/uploads/sites/2/2024/10/image-262.png 1600w, /agile/wp-content/uploads/sites/2/2024/10/image-262-300x150.png 300w, /agile/wp-content/uploads/sites/2/2024/10/image-262-1024x513.png 1024w, /agile/wp-content/uploads/sites/2/2024/10/image-262-768x385.png 768w, /agile/wp-content/uploads/sites/2/2024/10/image-262-50x25.png 50w, /agile/wp-content/uploads/sites/2/2024/10/image-262-1536x770.png 1536w, /agile/wp-content/uploads/sites/2/2024/10/image-262-60x30.png 60w, /agile/wp-content/uploads/sites/2/2024/10/image-262-100x50.png 100w" sizes="auto, (max-width: 1600px) 100vw, 1600px" /></figure>



<ol start="5" class="wp-block-list">
<li>Pour autoriser le temps additionnel, cliquez sur l&rsquo;icône du cercle gris&nbsp;</li>



<li>L&rsquo;icône se transforme en coche verte et le message de réussite s&rsquo;affiche.&nbsp;</li>
</ol>



<figure class="wp-block-image size-full"><img loading="lazy" decoding="async" width="1600" height="725" src="/agile/wp-content/uploads/sites/2/2024/10/image-263.png" alt="" class="wp-image-5380" srcset="/agile/wp-content/uploads/sites/2/2024/10/image-263.png 1600w, /agile/wp-content/uploads/sites/2/2024/10/image-263-300x136.png 300w, /agile/wp-content/uploads/sites/2/2024/10/image-263-1024x464.png 1024w, /agile/wp-content/uploads/sites/2/2024/10/image-263-768x348.png 768w, /agile/wp-content/uploads/sites/2/2024/10/image-263-50x23.png 50w, /agile/wp-content/uploads/sites/2/2024/10/image-263-1536x696.png 1536w, /agile/wp-content/uploads/sites/2/2024/10/image-263-60x27.png 60w, /agile/wp-content/uploads/sites/2/2024/10/image-263-100x45.png 100w" sizes="auto, (max-width: 1600px) 100vw, 1600px" /></figure>



<p class="has-medium-font-size"><strong>Temps additionnel non autorisé</strong></p>



<p>Par défaut, les durées d&rsquo;heures supplémentaires apparaissent comme non autorisées. Cependant, si l&rsquo;utilisateur de MSS a autorisé les temps additionnels auparavant et qu&rsquo;il souhaite les rétablir comme non autorisés, l&rsquo;utilisateur peut le faire en suivant les étapes ci-dessous :&nbsp;</p>



<ol class="wp-block-list">
<li>Cliquez sur l&rsquo;icône Feuille de temps qui apparaît dans la barre latérale du menu principal.&nbsp;</li>



<li>Sur la page de la feuille de temps, sélectionnez un utilisateur de feuille de temps ESS dans le sélecteur d&#8217;employés.&nbsp;</li>



<li>Sélectionnez une semaine de période pour laquelle du temps additionnel a été ajouté.&nbsp;</li>



<li>L&rsquo;utilisateur MSS verra une coche verte avec la durée du temps additionnel pour la cellule ayant approuvé le temps additionnel.&nbsp;</li>
</ol>



<figure class="wp-block-image size-full"><img loading="lazy" decoding="async" width="1600" height="837" src="/agile/wp-content/uploads/sites/2/2024/10/image-264.png" alt="" class="wp-image-5382" srcset="/agile/wp-content/uploads/sites/2/2024/10/image-264.png 1600w, /agile/wp-content/uploads/sites/2/2024/10/image-264-300x157.png 300w, /agile/wp-content/uploads/sites/2/2024/10/image-264-1024x536.png 1024w, /agile/wp-content/uploads/sites/2/2024/10/image-264-768x402.png 768w, /agile/wp-content/uploads/sites/2/2024/10/image-264-50x26.png 50w, /agile/wp-content/uploads/sites/2/2024/10/image-264-1536x804.png 1536w, /agile/wp-content/uploads/sites/2/2024/10/image-264-60x31.png 60w, /agile/wp-content/uploads/sites/2/2024/10/image-264-100x52.png 100w" sizes="auto, (max-width: 1600px) 100vw, 1600px" /></figure>



<ol start="5" class="wp-block-list">
<li>Pour annuler l&rsquo;autorisation du temps additionnel, cliquez sur l&rsquo;icône de la coche verte&nbsp;</li>



<li>L&rsquo;icône redeviendra un cercle gris et le message de réussite s&rsquo;affichera.&nbsp;</li>
</ol>



<figure class="wp-block-image size-full"><img loading="lazy" decoding="async" width="1600" height="834" src="/agile/wp-content/uploads/sites/2/2024/10/image-265.png" alt="" class="wp-image-5384" srcset="/agile/wp-content/uploads/sites/2/2024/10/image-265.png 1600w, /agile/wp-content/uploads/sites/2/2024/10/image-265-300x156.png 300w, /agile/wp-content/uploads/sites/2/2024/10/image-265-1024x534.png 1024w, /agile/wp-content/uploads/sites/2/2024/10/image-265-768x400.png 768w, /agile/wp-content/uploads/sites/2/2024/10/image-265-50x26.png 50w, /agile/wp-content/uploads/sites/2/2024/10/image-265-1536x801.png 1536w, /agile/wp-content/uploads/sites/2/2024/10/image-265-60x31.png 60w, /agile/wp-content/uploads/sites/2/2024/10/image-265-100x52.png 100w" sizes="auto, (max-width: 1600px) 100vw, 1600px" /></figure>

<p>L&rsquo;utilisateur MSS verra une ligne « Temps additionnel » dans la grille de la feuille de temps lorsque l&rsquo;utilisateur ESS a ajouté une durée supérieure aux heures normales. L&rsquo;utilisateur MSS peut également ajouter ou modifier les temps additionnels dans la feuille de temps. En tant qu&rsquo;utilisateur MSS, il a la&#8230;</p>
