{"id":3806,"date":"2024-10-23T18:02:39","date_gmt":"2024-10-23T18:02:39","guid":{"rendered":"\/agile\/?post_type=ht_kb&#038;p=3806"},"modified":"2025-01-06T16:07:52","modified_gmt":"2025-01-06T16:07:52","slug":"afficher-tous-les-calendriers-des-conge","status":"publish","type":"ht_kb","link":"\/agile\/fr\/knowledge-base\/afficher-tous-les-calendriers-des-conge\/","title":{"rendered":"Cong\u00e9s f\u00e9ri\u00e9s-Afficher tous les calendriers des cong\u00e9"},"content":{"rendered":"\n<p>Comme dans le cas de Legacy, Bolt permet \u00e9galement de visualiser les jours f\u00e9ri\u00e9s \u00e0 partir de tous les calendriers des jours f\u00e9ri\u00e9s. L&rsquo;utilisateur peut afficher tous les calendriers de cong\u00e9s en activant la bascule \u00ab Afficher tous les calendriers de cong\u00e9s\u00bb. Par d\u00e9faut, la bascule est d\u00e9sactiv\u00e9e.&nbsp;<\/p>\n\n\n\n<figure class=\"wp-block-image size-full\"><img loading=\"lazy\" decoding=\"async\" width=\"1600\" height=\"734\" src=\"\/agile\/wp-content\/uploads\/sites\/2\/2024\/10\/image-18.png\" alt=\"\" class=\"wp-image-4547\" srcset=\"\/agile\/wp-content\/uploads\/sites\/2\/2024\/10\/image-18.png 1600w, \/agile\/wp-content\/uploads\/sites\/2\/2024\/10\/image-18-300x138.png 300w, \/agile\/wp-content\/uploads\/sites\/2\/2024\/10\/image-18-1024x470.png 1024w, \/agile\/wp-content\/uploads\/sites\/2\/2024\/10\/image-18-768x352.png 768w, \/agile\/wp-content\/uploads\/sites\/2\/2024\/10\/image-18-50x23.png 50w, \/agile\/wp-content\/uploads\/sites\/2\/2024\/10\/image-18-1536x705.png 1536w, \/agile\/wp-content\/uploads\/sites\/2\/2024\/10\/image-18-60x28.png 60w, \/agile\/wp-content\/uploads\/sites\/2\/2024\/10\/image-18-100x46.png 100w\" sizes=\"auto, (max-width: 1600px) 100vw, 1600px\" \/><\/figure>\n\n\n\n<p>Lorsque l&rsquo;utilisateur active la case \u00e0 cocher, il obtient la liste des jours f\u00e9ri\u00e9s de tous les calendriers de vacances. L&rsquo;utilisateur peut diff\u00e9rencier les jours f\u00e9ri\u00e9s associ\u00e9s et les jours f\u00e9ri\u00e9s non associ\u00e9s au groupe de jours f\u00e9ri\u00e9s s\u00e9lectionn\u00e9 en fonction de l&rsquo;\u00e9tat des cases \u00e0 cocher.&nbsp;&nbsp;<\/p>\n\n\n\n<p>Les cases \u00e0 cocher s\u00e9lectionn\u00e9es affichent les jours f\u00e9ri\u00e9s associ\u00e9s au calendrier des vacances s\u00e9lectionn\u00e9 dans la liste d\u00e9roulante.&nbsp;<\/p>\n\n\n\n<p>Les cases non s\u00e9lectionn\u00e9es indiquent que les jours f\u00e9ri\u00e9s ne sont pas associ\u00e9s au programme de vacances s\u00e9lectionn\u00e9.&nbsp;<\/p>\n\n\n\n<figure class=\"wp-block-image size-full\"><img loading=\"lazy\" decoding=\"async\" width=\"1600\" height=\"695\" src=\"\/agile\/wp-content\/uploads\/sites\/2\/2024\/10\/image-19.png\" alt=\"\" class=\"wp-image-4549\" srcset=\"\/agile\/wp-content\/uploads\/sites\/2\/2024\/10\/image-19.png 1600w, \/agile\/wp-content\/uploads\/sites\/2\/2024\/10\/image-19-300x130.png 300w, \/agile\/wp-content\/uploads\/sites\/2\/2024\/10\/image-19-1024x445.png 1024w, \/agile\/wp-content\/uploads\/sites\/2\/2024\/10\/image-19-768x334.png 768w, \/agile\/wp-content\/uploads\/sites\/2\/2024\/10\/image-19-50x22.png 50w, \/agile\/wp-content\/uploads\/sites\/2\/2024\/10\/image-19-1536x667.png 1536w, \/agile\/wp-content\/uploads\/sites\/2\/2024\/10\/image-19-60x26.png 60w, \/agile\/wp-content\/uploads\/sites\/2\/2024\/10\/image-19-100x43.png 100w\" sizes=\"auto, (max-width: 1600px) 100vw, 1600px\" \/><\/figure>\n","protected":false},"excerpt":{"rendered":"<p>Comme dans le cas de Legacy, Bolt permet \u00e9galement de visualiser les jours f\u00e9ri\u00e9s \u00e0 partir de tous les calendriers des jours f\u00e9ri\u00e9s. L&rsquo;utilisateur peut afficher tous les calendriers de cong\u00e9s en activant la bascule \u00ab Afficher tous les calendriers de cong\u00e9s\u00bb. Par d\u00e9faut, la bascule est d\u00e9sactiv\u00e9e.&nbsp; Lorsque l&rsquo;utilisateur&#8230;<\/p>\n","protected":false},"author":4,"comment_status":"closed","ping_status":"closed","template":"","format":"standard","meta":{"_lmt_disableupdate":"","_lmt_disable":"","footnotes":""},"ht-kb-category":[246],"ht-kb-tag":[215,216,243,244,116,166],"class_list":["post-3806","ht_kb","type-ht_kb","status-publish","format-standard","hentry","ht_kb_category-conges-feries","ht_kb_tag-admin","ht_kb_tag-admin-2","ht_kb_tag-holidays","ht_kb_tag-holidays-2","ht_kb_tag-mss","ht_kb_tag-mss-2"],"_links":{"self":[{"href":"https:\/\/help.synerion.com\/agile\/fr\/wp-json\/wp\/v2\/ht-kb\/3806","targetHints":{"allow":["GET"]}}],"collection":[{"href":"https:\/\/help.synerion.com\/agile\/fr\/wp-json\/wp\/v2\/ht-kb"}],"about":[{"href":"https:\/\/help.synerion.com\/agile\/fr\/wp-json\/wp\/v2\/types\/ht_kb"}],"author":[{"embeddable":true,"href":"https:\/\/help.synerion.com\/agile\/fr\/wp-json\/wp\/v2\/users\/4"}],"replies":[{"embeddable":true,"href":"https:\/\/help.synerion.com\/agile\/fr\/wp-json\/wp\/v2\/comments?post=3806"}],"version-history":[{"count":2,"href":"https:\/\/help.synerion.com\/agile\/fr\/wp-json\/wp\/v2\/ht-kb\/3806\/revisions"}],"predecessor-version":[{"id":4551,"href":"https:\/\/help.synerion.com\/agile\/fr\/wp-json\/wp\/v2\/ht-kb\/3806\/revisions\/4551"}],"wp:attachment":[{"href":"https:\/\/help.synerion.com\/agile\/fr\/wp-json\/wp\/v2\/media?parent=3806"}],"wp:term":[{"taxonomy":"ht_kb_category","embeddable":true,"href":"https:\/\/help.synerion.com\/agile\/fr\/wp-json\/wp\/v2\/ht-kb-category?post=3806"},{"taxonomy":"ht_kb_tag","embeddable":true,"href":"https:\/\/help.synerion.com\/agile\/fr\/wp-json\/wp\/v2\/ht-kb-tag?post=3806"}],"curies":[{"name":"wp","href":"https:\/\/api.w.org\/{rel}","templated":true}]}}

Congés fériés-Afficher tous les calendriers des congé

<p>Comme dans le cas de Legacy, Bolt permet également de visualiser les jours fériés à partir de tous les calendriers des jours fériés. L&rsquo;utilisateur peut afficher tous les calendriers de congés en activant la bascule « Afficher tous les calendriers de congés». Par défaut, la bascule est désactivée.&nbsp;</p>



<figure class="wp-block-image size-full"><img loading="lazy" decoding="async" width="1600" height="734" src="/agile/wp-content/uploads/sites/2/2024/10/image-18.png" alt="" class="wp-image-4547" srcset="/agile/wp-content/uploads/sites/2/2024/10/image-18.png 1600w, /agile/wp-content/uploads/sites/2/2024/10/image-18-300x138.png 300w, /agile/wp-content/uploads/sites/2/2024/10/image-18-1024x470.png 1024w, /agile/wp-content/uploads/sites/2/2024/10/image-18-768x352.png 768w, /agile/wp-content/uploads/sites/2/2024/10/image-18-50x23.png 50w, /agile/wp-content/uploads/sites/2/2024/10/image-18-1536x705.png 1536w, /agile/wp-content/uploads/sites/2/2024/10/image-18-60x28.png 60w, /agile/wp-content/uploads/sites/2/2024/10/image-18-100x46.png 100w" sizes="auto, (max-width: 1600px) 100vw, 1600px" /></figure>



<p>Lorsque l&rsquo;utilisateur active la case à cocher, il obtient la liste des jours fériés de tous les calendriers de vacances. L&rsquo;utilisateur peut différencier les jours fériés associés et les jours fériés non associés au groupe de jours fériés sélectionné en fonction de l&rsquo;état des cases à cocher.&nbsp;&nbsp;</p>



<p>Les cases à cocher sélectionnées affichent les jours fériés associés au calendrier des vacances sélectionné dans la liste déroulante.&nbsp;</p>



<p>Les cases non sélectionnées indiquent que les jours fériés ne sont pas associés au programme de vacances sélectionné.&nbsp;</p>



<figure class="wp-block-image size-full"><img loading="lazy" decoding="async" width="1600" height="695" src="/agile/wp-content/uploads/sites/2/2024/10/image-19.png" alt="" class="wp-image-4549" srcset="/agile/wp-content/uploads/sites/2/2024/10/image-19.png 1600w, /agile/wp-content/uploads/sites/2/2024/10/image-19-300x130.png 300w, /agile/wp-content/uploads/sites/2/2024/10/image-19-1024x445.png 1024w, /agile/wp-content/uploads/sites/2/2024/10/image-19-768x334.png 768w, /agile/wp-content/uploads/sites/2/2024/10/image-19-50x22.png 50w, /agile/wp-content/uploads/sites/2/2024/10/image-19-1536x667.png 1536w, /agile/wp-content/uploads/sites/2/2024/10/image-19-60x26.png 60w, /agile/wp-content/uploads/sites/2/2024/10/image-19-100x43.png 100w" sizes="auto, (max-width: 1600px) 100vw, 1600px" /></figure>

<p>Comme dans le cas de Legacy, Bolt permet également de visualiser les jours fériés à partir de tous les calendriers des jours fériés. L&rsquo;utilisateur peut afficher tous les calendriers de congés en activant la bascule « Afficher tous les calendriers de congés». Par défaut, la bascule est désactivée.&nbsp; Lorsque l&rsquo;utilisateur&#8230;</p>
