{"id":3810,"date":"2024-10-23T18:21:27","date_gmt":"2024-10-23T18:21:27","guid":{"rendered":"\/agile\/?post_type=ht_kb&#038;p=3810"},"modified":"2025-01-06T16:14:08","modified_gmt":"2025-01-06T16:14:08","slug":"conges-feries-filtrer","status":"publish","type":"ht_kb","link":"\/agile\/fr\/knowledge-base\/conges-feries-filtrer\/","title":{"rendered":"Cong\u00e9s f\u00e9ri\u00e9s-Filtrer les jours f\u00e9ri\u00e9s"},"content":{"rendered":"\n<p>L&rsquo;utilisateur peut afficher diff\u00e9rents cong\u00e9s dans le cadre du calendrier des cong\u00e9s s\u00e9lectionn\u00e9. Le filtre permet \u00e0 l&rsquo;utilisateur d&rsquo;afficher les cong\u00e9s actuels, les cong\u00e9s futurs et tous les cong\u00e9s (y compris les cong\u00e9s pass\u00e9s). Par d\u00e9faut, les cong\u00e9s actuels sont affich\u00e9s.&nbsp;<\/p>\n\n\n\n<p>Pour afficher diff\u00e9rents cong\u00e9s,&nbsp;<\/p>\n\n\n\n<ol class=\"wp-block-list\">\n<li>S\u00e9lectionnez un groupe de cong\u00e9s dont l&rsquo;utilisateur souhaite visualiser les jours f\u00e9ri\u00e9s.&nbsp;<\/li>\n\n\n\n<li>&nbsp;Cliquez sur le filtre (par d\u00e9faut, il affiche les jours f\u00e9ri\u00e9s en cours).&nbsp;<\/li>\n\n\n\n<li>L&rsquo;utilisateur s\u00e9lectionne \u00ab Tous \u00bb ou \u00ab Seulement les cong\u00e9s \u00e0 venir \u00bb.&nbsp;<\/li>\n<\/ol>\n\n\n\n<figure class=\"wp-block-image size-full\"><img loading=\"lazy\" decoding=\"async\" width=\"1600\" height=\"749\" src=\"\/agile\/wp-content\/uploads\/sites\/2\/2024\/10\/image-20.png\" alt=\"\" class=\"wp-image-4555\" srcset=\"\/agile\/wp-content\/uploads\/sites\/2\/2024\/10\/image-20.png 1600w, \/agile\/wp-content\/uploads\/sites\/2\/2024\/10\/image-20-300x140.png 300w, \/agile\/wp-content\/uploads\/sites\/2\/2024\/10\/image-20-1024x479.png 1024w, \/agile\/wp-content\/uploads\/sites\/2\/2024\/10\/image-20-768x360.png 768w, \/agile\/wp-content\/uploads\/sites\/2\/2024\/10\/image-20-50x23.png 50w, \/agile\/wp-content\/uploads\/sites\/2\/2024\/10\/image-20-1536x719.png 1536w, \/agile\/wp-content\/uploads\/sites\/2\/2024\/10\/image-20-60x28.png 60w, \/agile\/wp-content\/uploads\/sites\/2\/2024\/10\/image-20-100x47.png 100w\" sizes=\"auto, (max-width: 1600px) 100vw, 1600px\" \/><\/figure>\n\n\n\n<ol start=\"4\" class=\"wp-block-list\">\n<li>En fonction de la s\u00e9lection, la grille est actualis\u00e9e et les cong\u00e9s sont affich\u00e9s.\n<ol class=\"wp-block-list\">\n<li>Si l&rsquo;utilisateur a s\u00e9lectionn\u00e9 \u00ab Tous \u00bb, la liste de tous les jours f\u00e9ri\u00e9s associ\u00e9s au calendrier des vacances s\u00e9lectionn\u00e9 s&rsquo;affiche.&nbsp;<\/li>\n\n\n\n<li>Si l&rsquo;utilisateur a s\u00e9lectionn\u00e9 \u00ab Seulement les cong\u00e9s \u00e0 venir \u00bb, la liste des cong\u00e9s qui tombent \u00e0 des dates ult\u00e9rieures s&rsquo;affichera.&nbsp;<\/li>\n<\/ol>\n<\/li>\n<\/ol>\n","protected":false},"excerpt":{"rendered":"<p>L&rsquo;utilisateur peut afficher diff\u00e9rents cong\u00e9s dans le cadre du calendrier des cong\u00e9s s\u00e9lectionn\u00e9. Le filtre permet \u00e0 l&rsquo;utilisateur d&rsquo;afficher les cong\u00e9s actuels, les cong\u00e9s futurs et tous les cong\u00e9s (y compris les cong\u00e9s pass\u00e9s). Par d\u00e9faut, les cong\u00e9s actuels sont affich\u00e9s.&nbsp; Pour afficher diff\u00e9rents cong\u00e9s,&nbsp;<\/p>\n","protected":false},"author":4,"comment_status":"closed","ping_status":"closed","template":"","format":"standard","meta":{"_lmt_disableupdate":"","_lmt_disable":"","footnotes":""},"ht-kb-category":[246],"ht-kb-tag":[215,216,243,244,116,166],"class_list":["post-3810","ht_kb","type-ht_kb","status-publish","format-standard","hentry","ht_kb_category-conges-feries","ht_kb_tag-admin","ht_kb_tag-admin-2","ht_kb_tag-holidays","ht_kb_tag-holidays-2","ht_kb_tag-mss","ht_kb_tag-mss-2"],"_links":{"self":[{"href":"https:\/\/help.synerion.com\/agile\/fr\/wp-json\/wp\/v2\/ht-kb\/3810","targetHints":{"allow":["GET"]}}],"collection":[{"href":"https:\/\/help.synerion.com\/agile\/fr\/wp-json\/wp\/v2\/ht-kb"}],"about":[{"href":"https:\/\/help.synerion.com\/agile\/fr\/wp-json\/wp\/v2\/types\/ht_kb"}],"author":[{"embeddable":true,"href":"https:\/\/help.synerion.com\/agile\/fr\/wp-json\/wp\/v2\/users\/4"}],"replies":[{"embeddable":true,"href":"https:\/\/help.synerion.com\/agile\/fr\/wp-json\/wp\/v2\/comments?post=3810"}],"version-history":[{"count":3,"href":"https:\/\/help.synerion.com\/agile\/fr\/wp-json\/wp\/v2\/ht-kb\/3810\/revisions"}],"predecessor-version":[{"id":4558,"href":"https:\/\/help.synerion.com\/agile\/fr\/wp-json\/wp\/v2\/ht-kb\/3810\/revisions\/4558"}],"wp:attachment":[{"href":"https:\/\/help.synerion.com\/agile\/fr\/wp-json\/wp\/v2\/media?parent=3810"}],"wp:term":[{"taxonomy":"ht_kb_category","embeddable":true,"href":"https:\/\/help.synerion.com\/agile\/fr\/wp-json\/wp\/v2\/ht-kb-category?post=3810"},{"taxonomy":"ht_kb_tag","embeddable":true,"href":"https:\/\/help.synerion.com\/agile\/fr\/wp-json\/wp\/v2\/ht-kb-tag?post=3810"}],"curies":[{"name":"wp","href":"https:\/\/api.w.org\/{rel}","templated":true}]}}

Congés fériés-Filtrer les jours fériés

<p>L&rsquo;utilisateur peut afficher différents congés dans le cadre du calendrier des congés sélectionné. Le filtre permet à l&rsquo;utilisateur d&rsquo;afficher les congés actuels, les congés futurs et tous les congés (y compris les congés passés). Par défaut, les congés actuels sont affichés.&nbsp;</p>



<p>Pour afficher différents congés,&nbsp;</p>



<ol class="wp-block-list">
<li>Sélectionnez un groupe de congés dont l&rsquo;utilisateur souhaite visualiser les jours fériés.&nbsp;</li>



<li>&nbsp;Cliquez sur le filtre (par défaut, il affiche les jours fériés en cours).&nbsp;</li>



<li>L&rsquo;utilisateur sélectionne « Tous » ou « Seulement les congés à venir ».&nbsp;</li>
</ol>



<figure class="wp-block-image size-full"><img loading="lazy" decoding="async" width="1600" height="749" src="/agile/wp-content/uploads/sites/2/2024/10/image-20.png" alt="" class="wp-image-4555" srcset="/agile/wp-content/uploads/sites/2/2024/10/image-20.png 1600w, /agile/wp-content/uploads/sites/2/2024/10/image-20-300x140.png 300w, /agile/wp-content/uploads/sites/2/2024/10/image-20-1024x479.png 1024w, /agile/wp-content/uploads/sites/2/2024/10/image-20-768x360.png 768w, /agile/wp-content/uploads/sites/2/2024/10/image-20-50x23.png 50w, /agile/wp-content/uploads/sites/2/2024/10/image-20-1536x719.png 1536w, /agile/wp-content/uploads/sites/2/2024/10/image-20-60x28.png 60w, /agile/wp-content/uploads/sites/2/2024/10/image-20-100x47.png 100w" sizes="auto, (max-width: 1600px) 100vw, 1600px" /></figure>



<ol start="4" class="wp-block-list">
<li>En fonction de la sélection, la grille est actualisée et les congés sont affichés.
<ol class="wp-block-list">
<li>Si l&rsquo;utilisateur a sélectionné « Tous », la liste de tous les jours fériés associés au calendrier des vacances sélectionné s&rsquo;affiche.&nbsp;</li>



<li>Si l&rsquo;utilisateur a sélectionné « Seulement les congés à venir », la liste des congés qui tombent à des dates ultérieures s&rsquo;affichera.&nbsp;</li>
</ol>
</li>
</ol>

<p>L&rsquo;utilisateur peut afficher différents congés dans le cadre du calendrier des congés sélectionné. Le filtre permet à l&rsquo;utilisateur d&rsquo;afficher les congés actuels, les congés futurs et tous les congés (y compris les congés passés). Par défaut, les congés actuels sont affichés.&nbsp; Pour afficher différents congés,&nbsp;</p>
