{"id":6543,"date":"2025-04-25T16:22:29","date_gmt":"2025-04-25T16:22:29","guid":{"rendered":"\/agile\/fr\/?post_type=ht_kb&#038;p=6543"},"modified":"2025-04-25T16:22:34","modified_gmt":"2025-04-25T16:22:34","slug":"apercu-de-la-fonction-releves","status":"publish","type":"ht_kb","link":"\/agile\/fr\/knowledge-base\/apercu-de-la-fonction-releves\/","title":{"rendered":"Aper\u00e7u de la fonction Relev\u00e9s"},"content":{"rendered":"\n<p>\n  Les Relev\u00e9s permettent aux utilisateurs administratifs d&rsquo;exporter les Relev\u00e9s des employ\u00e9s dans diff\u00e9rents formats.\n<\/p>\n\n\n\n<h3 class=\"wp-block-heading\"><strong>Cat\u00e9gories de Relev\u00e9s<\/strong><\/h3>\n\n\n\n<p><strong>Liste des Relev\u00e9s format\u00e9s <\/strong>: Cette liste contient un sous-ensemble de Relev\u00e9s. L&rsquo;utilisateur peut g\u00e9n\u00e9rer et exporter des Relev\u00e9s relatifs aux donn\u00e9es de pr\u00e9sence, de planification et de paie des employ\u00e9s. \n<\/p>\n\n\n\n<p><strong>Exportations de donn\u00e9es flexibles<\/strong> : Cette liste comprend les exportations de donn\u00e9es relatives aux employ\u00e9s et aux transactions. L&rsquo;utilisateur peut exporter ces Relev\u00e9s au format Excel et csv ainsi qu&rsquo;au format de dur\u00e9e. \n<\/p>\n\n\n\n<p><strong>Exportations de donn\u00e9es format\u00e9es <\/strong>: Cette section fournit des Relev\u00e9s sp\u00e9cifiques comme Accrual Summary Excel et d&rsquo;autres Relev\u00e9s bas\u00e9s sur les permissions attribu\u00e9es.\n<\/p>\n\n\n\n<h3 class=\"wp-block-heading\">Formats des Relev\u00e9s<\/h3>\n\n\n\n<p>\n  Bolt ne prend en charge que 3 formats pour la liste des Relev\u00e9s format\u00e9s &#8211; Excel, PDF et HTML.  \n<\/p>\n\n\n\n<p>\n  L&rsquo;utilisateur peut exporter des Relev\u00e9s de donn\u00e9es format\u00e9s et flexibles au format Excel et CSV.\n<\/p>\n\n\n\n<h2 class=\"wp-block-heading\">Exporter le Relev\u00e9<\/h2>\n\n\n\n<p>\n  \u00c9tape 1 : Acc\u00e9der \u00e0 la section Relev\u00e9s \n<\/p>\n\n\n\n<ul class=\"wp-block-list\">\n<li>Connectez-<strong>vous<\/strong> \u00e0 MSS Web. <br>  <\/li>\n\n\n\n<li>Dans le menu lat\u00e9ral de gauche, cliquez sur Relev\u00e9s pour acc\u00e9der au Centre de Relev\u00e9s. <br>  <\/li>\n<\/ul>\n\n\n\n<p>\n  \u00c9tape 2 : S\u00e9lectionner un Relev\u00e9 \n<\/p>\n\n\n\n<ul class=\"wp-block-list\">\n<li>Dans le Centre de Relev\u00e9s, d\u00e9veloppez la cat\u00e9gorie pertinente (par exemple, Temps et pr\u00e9sence). <br>  <\/li>\n\n\n\n<li>Cliquez sur le type de Relev\u00e9 souhait\u00e9, par exemple R\u00e9sum\u00e9 de la p\u00e9riode de paie.<br>  <\/li>\n<\/ul>\n\n\n\n<p><strong>\u00c9tape 3 : S\u00e9lectionner les d\u00e9tails g\u00e9n\u00e9raux et les pr\u00e9f\u00e9rences <\/strong>\n<\/p>\n\n\n\n<ul class=\"wp-block-list\">\n<li><strong>S\u00e9lectionnez Employ\u00e9s :<\/strong> Choisissez un groupe sp\u00e9cifique d&#8217;employ\u00e9s ou tous les employ\u00e9s, les d\u00e9partements ou les \u00e9quipes. <br>  <\/li>\n\n\n\n<li><strong>D\u00e9finir la plage de dates <\/strong>: S\u00e9lectionnez les dates de d\u00e9but et de fin du Relev\u00e9. <br>  <\/li>\n\n\n\n<li><strong>Choisissez le groupe de cat\u00e9gories de temps <\/strong>: S\u00e9lectionnez le groupe de cat\u00e9gorie de temps dans le menu d\u00e9roulant. <br>  <\/li>\n\n\n\n<li><strong>Exclure des groupes de cat\u00e9gories de temps :<\/strong> S\u00e9lectionnez les exclusions \u00e9ventuelles. Sinon, la valeur par d\u00e9faut est None (Aucun). <br>  <\/li>\n\n\n\n<li><strong>D\u00e9finir les pr\u00e9f\u00e9rences :<\/strong>\n<ul class=\"wp-block-list\">\n<li>L&rsquo;utilisateur peut s\u00e9lectionner la pr\u00e9f\u00e9rence originale telle que d\u00e9finie par le syst\u00e8me OU l&rsquo;utilisateur peut cr\u00e9er une nouvelle pr\u00e9f\u00e9rence en cliquant sur l&rsquo;ic\u00f4ne \u00ab + \u00bb. <br>      <\/li>\n\n\n\n<li>D\u00e9finir la mani\u00e8re dont les donn\u00e9es doivent \u00eatre regroup\u00e9es (par exemple, d\u00e9partement, employ\u00e9, grands totaux).<br>      <\/li>\n<\/ul>\n<\/li>\n<\/ul>\n\n\n\n<p><strong>\u00c9tape 4 : Choisir le format de sortie <\/strong>\n<\/p>\n\n\n\n<ul class=\"wp-block-list\">\n<li>Cliquez sur le menu d\u00e9roulant Format de sortie. <br>  <\/li>\n\n\n\n<li>S\u00e9lectionnez le format souhait\u00e9 (par exemple, HTML, PDF ou Excel). <br>  <\/li>\n<\/ul>\n\n\n\n<p><\/p>\n\n\n\n<p><strong>\u00c9tape 5 : Exporter le Relev\u00e9 <\/strong>\n<\/p>\n\n\n\n<ul class=\"wp-block-list\">\n<li>Cliquez sur le bouton Exporter. <br>  <\/li>\n\n\n\n<li>Le syst\u00e8me g\u00e9n\u00e8re le Relev\u00e9 dans le format s\u00e9lectionn\u00e9.<br>  <\/li>\n<\/ul>\n\n\n\n<figure class=\"wp-block-image\"><img loading=\"lazy\" decoding=\"async\" width=\"2526\" height=\"1048\" src=\"\/agile\/wp-content\/uploads\/sites\/2\/2025\/04\/word-image-6543-1.png\" alt=\"\" class=\"wp-image-6544\" srcset=\"\/agile\/wp-content\/uploads\/sites\/2\/2025\/04\/word-image-6543-1.png 2526w, \/agile\/wp-content\/uploads\/sites\/2\/2025\/04\/word-image-6543-1-300x124.png 300w, \/agile\/wp-content\/uploads\/sites\/2\/2025\/04\/word-image-6543-1-1024x425.png 1024w, \/agile\/wp-content\/uploads\/sites\/2\/2025\/04\/word-image-6543-1-768x319.png 768w, \/agile\/wp-content\/uploads\/sites\/2\/2025\/04\/word-image-6543-1-50x21.png 50w, \/agile\/wp-content\/uploads\/sites\/2\/2025\/04\/word-image-6543-1-1536x637.png 1536w, \/agile\/wp-content\/uploads\/sites\/2\/2025\/04\/word-image-6543-1-2048x850.png 2048w, \/agile\/wp-content\/uploads\/sites\/2\/2025\/04\/word-image-6543-1-60x25.png 60w, \/agile\/wp-content\/uploads\/sites\/2\/2025\/04\/word-image-6543-1-100x41.png 100w\" sizes=\"auto, (max-width: 2526px) 100vw, 2526px\" \/><\/figure>\n\n\n\n<p><\/p>\n\n\n\n<h2 class=\"wp-block-heading\">Aper\u00e7u du Relev\u00e9<\/h2>\n\n\n\n<p>\n  Une fois le Relev\u00e9 export\u00e9, l&rsquo;utilisateur peut y acc\u00e9der dans le dossier de t\u00e9l\u00e9chargement. L&rsquo;aper\u00e7u PDF du Relev\u00e9 de synth\u00e8se de la p\u00e9riode de paie est pr\u00e9sent\u00e9 ci-dessous : \n<\/p>\n\n\n\n<p>\n  L&rsquo;utilisateur peut voir le titre du Relev\u00e9, la plage de dates et l&rsquo;heure \u00e0 laquelle le Relev\u00e9 a \u00e9t\u00e9 export\u00e9. Aper\u00e7u du Relev\u00e9\n<\/p>\n\n\n\n<figure class=\"wp-block-image\"><img loading=\"lazy\" decoding=\"async\" width=\"1180\" height=\"1008\" src=\"\/agile\/wp-content\/uploads\/sites\/2\/2025\/04\/word-image-6543-2.png\" alt=\"\" class=\"wp-image-6546\" srcset=\"\/agile\/wp-content\/uploads\/sites\/2\/2025\/04\/word-image-6543-2.png 1180w, \/agile\/wp-content\/uploads\/sites\/2\/2025\/04\/word-image-6543-2-300x256.png 300w, \/agile\/wp-content\/uploads\/sites\/2\/2025\/04\/word-image-6543-2-1024x875.png 1024w, \/agile\/wp-content\/uploads\/sites\/2\/2025\/04\/word-image-6543-2-768x656.png 768w, \/agile\/wp-content\/uploads\/sites\/2\/2025\/04\/word-image-6543-2-50x43.png 50w, \/agile\/wp-content\/uploads\/sites\/2\/2025\/04\/word-image-6543-2-60x51.png 60w, \/agile\/wp-content\/uploads\/sites\/2\/2025\/04\/word-image-6543-2-100x85.png 100w\" sizes=\"auto, (max-width: 1180px) 100vw, 1180px\" \/><\/figure>\n\n\n\n<p><\/p>\n","protected":false},"excerpt":{"rendered":"<p>Les Relev\u00e9s permettent aux utilisateurs administratifs d&rsquo;exporter les Relev\u00e9s des employ\u00e9s dans diff\u00e9rents formats. Cat\u00e9gories de Relev\u00e9s Liste des Relev\u00e9s format\u00e9s : Cette liste contient un sous-ensemble de Relev\u00e9s. L&rsquo;utilisateur peut g\u00e9n\u00e9rer et exporter des Relev\u00e9s relatifs aux donn\u00e9es de pr\u00e9sence, de planification et de paie des employ\u00e9s. Exportations de&#8230;<\/p>\n","protected":false},"author":4,"comment_status":"closed","ping_status":"closed","template":"","format":"standard","meta":{"_lmt_disableupdate":"","_lmt_disable":"","footnotes":""},"ht-kb-category":[276],"ht-kb-tag":[166],"class_list":["post-6543","ht_kb","type-ht_kb","status-publish","format-standard","hentry","ht_kb_category-releves-synerion-agile-bolt","ht_kb_tag-mss-2"],"_links":{"self":[{"href":"https:\/\/help.synerion.com\/agile\/fr\/wp-json\/wp\/v2\/ht-kb\/6543","targetHints":{"allow":["GET"]}}],"collection":[{"href":"https:\/\/help.synerion.com\/agile\/fr\/wp-json\/wp\/v2\/ht-kb"}],"about":[{"href":"https:\/\/help.synerion.com\/agile\/fr\/wp-json\/wp\/v2\/types\/ht_kb"}],"author":[{"embeddable":true,"href":"https:\/\/help.synerion.com\/agile\/fr\/wp-json\/wp\/v2\/users\/4"}],"replies":[{"embeddable":true,"href":"https:\/\/help.synerion.com\/agile\/fr\/wp-json\/wp\/v2\/comments?post=6543"}],"version-history":[{"count":2,"href":"https:\/\/help.synerion.com\/agile\/fr\/wp-json\/wp\/v2\/ht-kb\/6543\/revisions"}],"predecessor-version":[{"id":6549,"href":"https:\/\/help.synerion.com\/agile\/fr\/wp-json\/wp\/v2\/ht-kb\/6543\/revisions\/6549"}],"wp:attachment":[{"href":"https:\/\/help.synerion.com\/agile\/fr\/wp-json\/wp\/v2\/media?parent=6543"}],"wp:term":[{"taxonomy":"ht_kb_category","embeddable":true,"href":"https:\/\/help.synerion.com\/agile\/fr\/wp-json\/wp\/v2\/ht-kb-category?post=6543"},{"taxonomy":"ht_kb_tag","embeddable":true,"href":"https:\/\/help.synerion.com\/agile\/fr\/wp-json\/wp\/v2\/ht-kb-tag?post=6543"}],"curies":[{"name":"wp","href":"https:\/\/api.w.org\/{rel}","templated":true}]}}

Aperçu de la fonction Relevés

<p>
  Les Relevés permettent aux utilisateurs administratifs d&rsquo;exporter les Relevés des employés dans différents formats.
</p>



<h3 class="wp-block-heading"><strong>Catégories de Relevés</strong></h3>



<p><strong>Liste des Relevés formatés </strong>: Cette liste contient un sous-ensemble de Relevés. L&rsquo;utilisateur peut générer et exporter des Relevés relatifs aux données de présence, de planification et de paie des employés. 
</p>



<p><strong>Exportations de données flexibles</strong> : Cette liste comprend les exportations de données relatives aux employés et aux transactions. L&rsquo;utilisateur peut exporter ces Relevés au format Excel et csv ainsi qu&rsquo;au format de durée. 
</p>



<p><strong>Exportations de données formatées </strong>: Cette section fournit des Relevés spécifiques comme Accrual Summary Excel et d&rsquo;autres Relevés basés sur les permissions attribuées.
</p>



<h3 class="wp-block-heading">Formats des Relevés</h3>



<p>
  Bolt ne prend en charge que 3 formats pour la liste des Relevés formatés &#8211; Excel, PDF et HTML.  
</p>



<p>
  L&rsquo;utilisateur peut exporter des Relevés de données formatés et flexibles au format Excel et CSV.
</p>



<h2 class="wp-block-heading">Exporter le Relevé</h2>



<p>
  Étape 1 : Accéder à la section Relevés 
</p>



<ul class="wp-block-list">
<li>Connectez-<strong>vous</strong> à MSS Web. <br>  </li>



<li>Dans le menu latéral de gauche, cliquez sur Relevés pour accéder au Centre de Relevés. <br>  </li>
</ul>



<p>
  Étape 2 : Sélectionner un Relevé 
</p>



<ul class="wp-block-list">
<li>Dans le Centre de Relevés, développez la catégorie pertinente (par exemple, Temps et présence). <br>  </li>



<li>Cliquez sur le type de Relevé souhaité, par exemple Résumé de la période de paie.<br>  </li>
</ul>



<p><strong>Étape 3 : Sélectionner les détails généraux et les préférences </strong>
</p>



<ul class="wp-block-list">
<li><strong>Sélectionnez Employés :</strong> Choisissez un groupe spécifique d&#8217;employés ou tous les employés, les départements ou les équipes. <br>  </li>



<li><strong>Définir la plage de dates </strong>: Sélectionnez les dates de début et de fin du Relevé. <br>  </li>



<li><strong>Choisissez le groupe de catégories de temps </strong>: Sélectionnez le groupe de catégorie de temps dans le menu déroulant. <br>  </li>



<li><strong>Exclure des groupes de catégories de temps :</strong> Sélectionnez les exclusions éventuelles. Sinon, la valeur par défaut est None (Aucun). <br>  </li>



<li><strong>Définir les préférences :</strong>
<ul class="wp-block-list">
<li>L&rsquo;utilisateur peut sélectionner la préférence originale telle que définie par le système OU l&rsquo;utilisateur peut créer une nouvelle préférence en cliquant sur l&rsquo;icône « + ». <br>      </li>



<li>Définir la manière dont les données doivent être regroupées (par exemple, département, employé, grands totaux).<br>      </li>
</ul>
</li>
</ul>



<p><strong>Étape 4 : Choisir le format de sortie </strong>
</p>



<ul class="wp-block-list">
<li>Cliquez sur le menu déroulant Format de sortie. <br>  </li>



<li>Sélectionnez le format souhaité (par exemple, HTML, PDF ou Excel). <br>  </li>
</ul>



<p></p>



<p><strong>Étape 5 : Exporter le Relevé </strong>
</p>



<ul class="wp-block-list">
<li>Cliquez sur le bouton Exporter. <br>  </li>



<li>Le système génère le Relevé dans le format sélectionné.<br>  </li>
</ul>



<figure class="wp-block-image"><img loading="lazy" decoding="async" width="2526" height="1048" src="/agile/wp-content/uploads/sites/2/2025/04/word-image-6543-1.png" alt="" class="wp-image-6544" srcset="/agile/wp-content/uploads/sites/2/2025/04/word-image-6543-1.png 2526w, /agile/wp-content/uploads/sites/2/2025/04/word-image-6543-1-300x124.png 300w, /agile/wp-content/uploads/sites/2/2025/04/word-image-6543-1-1024x425.png 1024w, /agile/wp-content/uploads/sites/2/2025/04/word-image-6543-1-768x319.png 768w, /agile/wp-content/uploads/sites/2/2025/04/word-image-6543-1-50x21.png 50w, /agile/wp-content/uploads/sites/2/2025/04/word-image-6543-1-1536x637.png 1536w, /agile/wp-content/uploads/sites/2/2025/04/word-image-6543-1-2048x850.png 2048w, /agile/wp-content/uploads/sites/2/2025/04/word-image-6543-1-60x25.png 60w, /agile/wp-content/uploads/sites/2/2025/04/word-image-6543-1-100x41.png 100w" sizes="auto, (max-width: 2526px) 100vw, 2526px" /></figure>



<p></p>



<h2 class="wp-block-heading">Aperçu du Relevé</h2>



<p>
  Une fois le Relevé exporté, l&rsquo;utilisateur peut y accéder dans le dossier de téléchargement. L&rsquo;aperçu PDF du Relevé de synthèse de la période de paie est présenté ci-dessous : 
</p>



<p>
  L&rsquo;utilisateur peut voir le titre du Relevé, la plage de dates et l&rsquo;heure à laquelle le Relevé a été exporté. Aperçu du Relevé
</p>



<figure class="wp-block-image"><img loading="lazy" decoding="async" width="1180" height="1008" src="/agile/wp-content/uploads/sites/2/2025/04/word-image-6543-2.png" alt="" class="wp-image-6546" srcset="/agile/wp-content/uploads/sites/2/2025/04/word-image-6543-2.png 1180w, /agile/wp-content/uploads/sites/2/2025/04/word-image-6543-2-300x256.png 300w, /agile/wp-content/uploads/sites/2/2025/04/word-image-6543-2-1024x875.png 1024w, /agile/wp-content/uploads/sites/2/2025/04/word-image-6543-2-768x656.png 768w, /agile/wp-content/uploads/sites/2/2025/04/word-image-6543-2-50x43.png 50w, /agile/wp-content/uploads/sites/2/2025/04/word-image-6543-2-60x51.png 60w, /agile/wp-content/uploads/sites/2/2025/04/word-image-6543-2-100x85.png 100w" sizes="auto, (max-width: 1180px) 100vw, 1180px" /></figure>



<p></p>

<p>Les Relevés permettent aux utilisateurs administratifs d&rsquo;exporter les Relevés des employés dans différents formats. Catégories de Relevés Liste des Relevés formatés : Cette liste contient un sous-ensemble de Relevés. L&rsquo;utilisateur peut générer et exporter des Relevés relatifs aux données de présence, de planification et de paie des employés. Exportations de&#8230;</p>
