{"id":7050,"date":"2025-06-02T15:36:37","date_gmt":"2025-06-02T15:36:37","guid":{"rendered":"\/agile\/fr\/?post_type=ht_kb&#038;p=7050"},"modified":"2025-06-02T15:36:38","modified_gmt":"2025-06-02T15:36:38","slug":"ess-application-mobile-demande-de-echange-du-quart-de-travail","status":"publish","type":"ht_kb","link":"\/agile\/fr\/knowledge-base\/ess-application-mobile-demande-de-echange-du-quart-de-travail\/","title":{"rendered":"ESS Application Mobile \u2013 Demande de \u00c9change du quart de travail"},"content":{"rendered":"\n<p>\n  La fonction d&rsquo;\u00e9change de quarts de travail permet aux utilisateurs de l&rsquo;ESS d&rsquo;abandonner l&rsquo;horaire, de r\u00e9cup\u00e9rer les quarts de travail disponibles et d&rsquo;annuler les quarts de travail abandonn\u00e9s ou r\u00e9cup\u00e9r\u00e9s. L&rsquo;utilisateur peut acc\u00e9der \u00e0 cette fonction sur la page d&rsquo;accueil et via le calendrier.\n<\/p>\n\n\n\n<ol class=\"wp-block-list\">\n<li>L&rsquo;utilisateur de l&rsquo;ESS peut d\u00e9poser un quarts de travailsoit par le bouton de raccourci sur la page d&rsquo;accueil, soit par la page Calendrier.<br><\/li>\n<\/ol>\n\n\n<div class=\"wp-block-image\">\n<figure class=\"aligncenter is-resized\"><img loading=\"lazy\" decoding=\"async\" width=\"828\" height=\"1792\" src=\"\/agile\/wp-content\/uploads\/sites\/2\/2025\/06\/word-image-7050-1.png\" alt=\"\" class=\"wp-image-7051\" style=\"width:317px;height:auto\" srcset=\"\/agile\/wp-content\/uploads\/sites\/2\/2025\/06\/word-image-7050-1.png 828w, \/agile\/wp-content\/uploads\/sites\/2\/2025\/06\/word-image-7050-1-139x300.png 139w, \/agile\/wp-content\/uploads\/sites\/2\/2025\/06\/word-image-7050-1-473x1024.png 473w, \/agile\/wp-content\/uploads\/sites\/2\/2025\/06\/word-image-7050-1-768x1662.png 768w, \/agile\/wp-content\/uploads\/sites\/2\/2025\/06\/word-image-7050-1-23x50.png 23w, \/agile\/wp-content\/uploads\/sites\/2\/2025\/06\/word-image-7050-1-710x1536.png 710w, \/agile\/wp-content\/uploads\/sites\/2\/2025\/06\/word-image-7050-1-28x60.png 28w, \/agile\/wp-content\/uploads\/sites\/2\/2025\/06\/word-image-7050-1-46x100.png 46w\" sizes=\"auto, (max-width: 828px) 100vw, 828px\" \/><\/figure>\n<\/div>\n\n\n<p><\/p>\n\n\n\n<p>2. L&rsquo;utilisateur acc\u00e8de au calendrier de la semaine en cours. L&rsquo;utilisateur peut naviguer vers les semaines \u00e0 venir gr\u00e2ce \u00e0 l&rsquo;ic\u00f4ne de la fl\u00e8che vers l&rsquo;avant s&rsquo;il souhaite abandonner une \u00e9quipe dans les semaines \u00e0 venir.<br><\/p>\n\n\n\n<ol class=\"wp-block-list\"><\/ol>\n\n\n\n<p>3.  Tapez sur l&rsquo;horaire que vous souhaitez abandonner.<br><\/p>\n\n\n\n<ol class=\"wp-block-list\"><\/ol>\n\n\n<div class=\"wp-block-image\">\n<figure class=\"aligncenter is-resized\"><img loading=\"lazy\" decoding=\"async\" width=\"828\" height=\"1792\" src=\"\/agile\/wp-content\/uploads\/sites\/2\/2025\/06\/word-image-7050-2.png\" alt=\"\" class=\"wp-image-7053\" style=\"width:274px;height:auto\" srcset=\"\/agile\/wp-content\/uploads\/sites\/2\/2025\/06\/word-image-7050-2.png 828w, \/agile\/wp-content\/uploads\/sites\/2\/2025\/06\/word-image-7050-2-139x300.png 139w, \/agile\/wp-content\/uploads\/sites\/2\/2025\/06\/word-image-7050-2-473x1024.png 473w, \/agile\/wp-content\/uploads\/sites\/2\/2025\/06\/word-image-7050-2-768x1662.png 768w, \/agile\/wp-content\/uploads\/sites\/2\/2025\/06\/word-image-7050-2-23x50.png 23w, \/agile\/wp-content\/uploads\/sites\/2\/2025\/06\/word-image-7050-2-710x1536.png 710w, \/agile\/wp-content\/uploads\/sites\/2\/2025\/06\/word-image-7050-2-28x60.png 28w, \/agile\/wp-content\/uploads\/sites\/2\/2025\/06\/word-image-7050-2-46x100.png 46w\" sizes=\"auto, (max-width: 828px) 100vw, 828px\" \/><\/figure>\n<\/div>\n\n\n<p><\/p>\n\n\n\n<p>4. La fen\u00eatre modale \u00ab D\u00e9tails de l\u2019horaire\u00bb appara\u00eet, dans laquelle l&rsquo;utilisateur peut ajouter des notes (facultatif) et cliquer sur le bouton \u00ab Abandon-quart \u00bb.<br><\/p>\n\n\n\n<ol class=\"wp-block-list\"><\/ol>\n\n\n<div class=\"wp-block-image\">\n<figure class=\"aligncenter is-resized\"><img loading=\"lazy\" decoding=\"async\" width=\"828\" height=\"1792\" src=\"\/agile\/wp-content\/uploads\/sites\/2\/2025\/06\/word-image-7050-3.png\" alt=\"\" class=\"wp-image-7055\" style=\"width:285px;height:auto\" srcset=\"\/agile\/wp-content\/uploads\/sites\/2\/2025\/06\/word-image-7050-3.png 828w, \/agile\/wp-content\/uploads\/sites\/2\/2025\/06\/word-image-7050-3-139x300.png 139w, \/agile\/wp-content\/uploads\/sites\/2\/2025\/06\/word-image-7050-3-473x1024.png 473w, \/agile\/wp-content\/uploads\/sites\/2\/2025\/06\/word-image-7050-3-768x1662.png 768w, \/agile\/wp-content\/uploads\/sites\/2\/2025\/06\/word-image-7050-3-23x50.png 23w, \/agile\/wp-content\/uploads\/sites\/2\/2025\/06\/word-image-7050-3-710x1536.png 710w, \/agile\/wp-content\/uploads\/sites\/2\/2025\/06\/word-image-7050-3-28x60.png 28w, \/agile\/wp-content\/uploads\/sites\/2\/2025\/06\/word-image-7050-3-46x100.png 46w\" sizes=\"auto, (max-width: 828px) 100vw, 828px\" \/><\/figure>\n<\/div>\n\n\n<p><\/p>\n\n\n\n<p>5. Tapez sur \u00ab Abandon \u00bb dans la bo\u00eete de dialogue de confirmation.<br><\/p>\n\n\n\n<ol class=\"wp-block-list\"><\/ol>\n\n\n<div class=\"wp-block-image\">\n<figure class=\"aligncenter is-resized\"><img loading=\"lazy\" decoding=\"async\" width=\"828\" height=\"1792\" src=\"\/agile\/wp-content\/uploads\/sites\/2\/2025\/06\/word-image-7050-4.png\" alt=\"\" class=\"wp-image-7057\" style=\"width:256px;height:auto\" srcset=\"\/agile\/wp-content\/uploads\/sites\/2\/2025\/06\/word-image-7050-4.png 828w, \/agile\/wp-content\/uploads\/sites\/2\/2025\/06\/word-image-7050-4-139x300.png 139w, \/agile\/wp-content\/uploads\/sites\/2\/2025\/06\/word-image-7050-4-473x1024.png 473w, \/agile\/wp-content\/uploads\/sites\/2\/2025\/06\/word-image-7050-4-768x1662.png 768w, \/agile\/wp-content\/uploads\/sites\/2\/2025\/06\/word-image-7050-4-23x50.png 23w, \/agile\/wp-content\/uploads\/sites\/2\/2025\/06\/word-image-7050-4-710x1536.png 710w, \/agile\/wp-content\/uploads\/sites\/2\/2025\/06\/word-image-7050-4-28x60.png 28w, \/agile\/wp-content\/uploads\/sites\/2\/2025\/06\/word-image-7050-4-46x100.png 46w\" sizes=\"auto, (max-width: 828px) 100vw, 828px\" \/><\/figure>\n<\/div>\n\n\n<p><\/p>\n\n\n\n<p>6.  La fen\u00eatre modale des d\u00e9tails de la programmation sera ferm\u00e9e, le message de r\u00e9ussite s&rsquo;affichera et le calendrier sera actualis\u00e9 avec le statut \u00ab En attente de reprise \u00bb.<br><\/p>\n\n\n\n<ol class=\"wp-block-list\"><\/ol>\n\n\n<div class=\"wp-block-image\">\n<figure class=\"aligncenter is-resized\"><img loading=\"lazy\" decoding=\"async\" width=\"828\" height=\"1792\" src=\"\/agile\/wp-content\/uploads\/sites\/2\/2025\/06\/word-image-7050-5.png\" alt=\"\" class=\"wp-image-7059\" style=\"width:268px;height:auto\" srcset=\"\/agile\/wp-content\/uploads\/sites\/2\/2025\/06\/word-image-7050-5.png 828w, \/agile\/wp-content\/uploads\/sites\/2\/2025\/06\/word-image-7050-5-139x300.png 139w, \/agile\/wp-content\/uploads\/sites\/2\/2025\/06\/word-image-7050-5-473x1024.png 473w, \/agile\/wp-content\/uploads\/sites\/2\/2025\/06\/word-image-7050-5-768x1662.png 768w, \/agile\/wp-content\/uploads\/sites\/2\/2025\/06\/word-image-7050-5-23x50.png 23w, \/agile\/wp-content\/uploads\/sites\/2\/2025\/06\/word-image-7050-5-710x1536.png 710w, \/agile\/wp-content\/uploads\/sites\/2\/2025\/06\/word-image-7050-5-28x60.png 28w, \/agile\/wp-content\/uploads\/sites\/2\/2025\/06\/word-image-7050-5-46x100.png 46w\" sizes=\"auto, (max-width: 828px) 100vw, 828px\" \/><\/figure>\n<\/div>\n\n\n<p><\/p>\n\n\n\n<p><strong><em>NOTE:<\/em><\/strong>\n<\/p>\n\n\n\n<ul class=\"wp-block-list\">\n<li><strong><em>L&rsquo;utilisateur ne peut pas d\u00e9poser un quart de travail dans les dates ant\u00e9rieures.<\/em><\/strong><br>  <\/li>\n\n\n\n<li><strong><em>L&rsquo;utilisateur ne peut pas abandonner un quart de travail qui n&rsquo;est pas dans la fen\u00eatre.<\/em><\/strong><br>  <\/li>\n\n\n\n<li><strong><em>L&rsquo;utilisateur est toujours tenu de travailler sur le quart de travail abandonn\u00e9 jusqu&rsquo;\u00e0 ce qu&rsquo;il soit approuv\u00e9 par le superviseur.<\/em><\/strong><br>  <\/li>\n<\/ul>\n","protected":false},"excerpt":{"rendered":"<p>La fonction d&rsquo;\u00e9change de quarts de travail permet aux utilisateurs de l&rsquo;ESS d&rsquo;abandonner l&rsquo;horaire, de r\u00e9cup\u00e9rer les quarts de travail disponibles et d&rsquo;annuler les quarts de travail abandonn\u00e9s ou r\u00e9cup\u00e9r\u00e9s. L&rsquo;utilisateur peut acc\u00e9der \u00e0 cette fonction sur la page d&rsquo;accueil et via le calendrier. 2. L&rsquo;utilisateur acc\u00e8de au calendrier de&#8230;<\/p>\n","protected":false},"author":4,"comment_status":"closed","ping_status":"closed","template":"","format":"standard","meta":{"_lmt_disableupdate":"","_lmt_disable":"","footnotes":""},"ht-kb-category":[214],"ht-kb-tag":[219,200,269],"class_list":["post-7050","ht_kb","type-ht_kb","status-publish","format-standard","hentry","ht_kb_category-mobile_app_fr","ht_kb_tag-app","ht_kb_tag-ess-2","ht_kb_tag-shift-swap-2"],"_links":{"self":[{"href":"https:\/\/help.synerion.com\/agile\/fr\/wp-json\/wp\/v2\/ht-kb\/7050","targetHints":{"allow":["GET"]}}],"collection":[{"href":"https:\/\/help.synerion.com\/agile\/fr\/wp-json\/wp\/v2\/ht-kb"}],"about":[{"href":"https:\/\/help.synerion.com\/agile\/fr\/wp-json\/wp\/v2\/types\/ht_kb"}],"author":[{"embeddable":true,"href":"https:\/\/help.synerion.com\/agile\/fr\/wp-json\/wp\/v2\/users\/4"}],"replies":[{"embeddable":true,"href":"https:\/\/help.synerion.com\/agile\/fr\/wp-json\/wp\/v2\/comments?post=7050"}],"version-history":[{"count":1,"href":"https:\/\/help.synerion.com\/agile\/fr\/wp-json\/wp\/v2\/ht-kb\/7050\/revisions"}],"predecessor-version":[{"id":7061,"href":"https:\/\/help.synerion.com\/agile\/fr\/wp-json\/wp\/v2\/ht-kb\/7050\/revisions\/7061"}],"wp:attachment":[{"href":"https:\/\/help.synerion.com\/agile\/fr\/wp-json\/wp\/v2\/media?parent=7050"}],"wp:term":[{"taxonomy":"ht_kb_category","embeddable":true,"href":"https:\/\/help.synerion.com\/agile\/fr\/wp-json\/wp\/v2\/ht-kb-category?post=7050"},{"taxonomy":"ht_kb_tag","embeddable":true,"href":"https:\/\/help.synerion.com\/agile\/fr\/wp-json\/wp\/v2\/ht-kb-tag?post=7050"}],"curies":[{"name":"wp","href":"https:\/\/api.w.org\/{rel}","templated":true}]}}

ESS Application Mobile – Demande de Échange du quart de travail

<p>
  La fonction d&rsquo;échange de quarts de travail permet aux utilisateurs de l&rsquo;ESS d&rsquo;abandonner l&rsquo;horaire, de récupérer les quarts de travail disponibles et d&rsquo;annuler les quarts de travail abandonnés ou récupérés. L&rsquo;utilisateur peut accéder à cette fonction sur la page d&rsquo;accueil et via le calendrier.
</p>



<ol class="wp-block-list">
<li>L&rsquo;utilisateur de l&rsquo;ESS peut déposer un quarts de travailsoit par le bouton de raccourci sur la page d&rsquo;accueil, soit par la page Calendrier.<br></li>
</ol>


<div class="wp-block-image">
<figure class="aligncenter is-resized"><img loading="lazy" decoding="async" width="828" height="1792" src="/agile/wp-content/uploads/sites/2/2025/06/word-image-7050-1.png" alt="" class="wp-image-7051" style="width:317px;height:auto" srcset="/agile/wp-content/uploads/sites/2/2025/06/word-image-7050-1.png 828w, /agile/wp-content/uploads/sites/2/2025/06/word-image-7050-1-139x300.png 139w, /agile/wp-content/uploads/sites/2/2025/06/word-image-7050-1-473x1024.png 473w, /agile/wp-content/uploads/sites/2/2025/06/word-image-7050-1-768x1662.png 768w, /agile/wp-content/uploads/sites/2/2025/06/word-image-7050-1-23x50.png 23w, /agile/wp-content/uploads/sites/2/2025/06/word-image-7050-1-710x1536.png 710w, /agile/wp-content/uploads/sites/2/2025/06/word-image-7050-1-28x60.png 28w, /agile/wp-content/uploads/sites/2/2025/06/word-image-7050-1-46x100.png 46w" sizes="auto, (max-width: 828px) 100vw, 828px" /></figure>
</div>


<p></p>



<p>2. L&rsquo;utilisateur accède au calendrier de la semaine en cours. L&rsquo;utilisateur peut naviguer vers les semaines à venir grâce à l&rsquo;icône de la flèche vers l&rsquo;avant s&rsquo;il souhaite abandonner une équipe dans les semaines à venir.<br></p>



<ol class="wp-block-list"></ol>



<p>3.  Tapez sur l&rsquo;horaire que vous souhaitez abandonner.<br></p>



<ol class="wp-block-list"></ol>


<div class="wp-block-image">
<figure class="aligncenter is-resized"><img loading="lazy" decoding="async" width="828" height="1792" src="/agile/wp-content/uploads/sites/2/2025/06/word-image-7050-2.png" alt="" class="wp-image-7053" style="width:274px;height:auto" srcset="/agile/wp-content/uploads/sites/2/2025/06/word-image-7050-2.png 828w, /agile/wp-content/uploads/sites/2/2025/06/word-image-7050-2-139x300.png 139w, /agile/wp-content/uploads/sites/2/2025/06/word-image-7050-2-473x1024.png 473w, /agile/wp-content/uploads/sites/2/2025/06/word-image-7050-2-768x1662.png 768w, /agile/wp-content/uploads/sites/2/2025/06/word-image-7050-2-23x50.png 23w, /agile/wp-content/uploads/sites/2/2025/06/word-image-7050-2-710x1536.png 710w, /agile/wp-content/uploads/sites/2/2025/06/word-image-7050-2-28x60.png 28w, /agile/wp-content/uploads/sites/2/2025/06/word-image-7050-2-46x100.png 46w" sizes="auto, (max-width: 828px) 100vw, 828px" /></figure>
</div>


<p></p>



<p>4. La fenêtre modale « Détails de l’horaire» apparaît, dans laquelle l&rsquo;utilisateur peut ajouter des notes (facultatif) et cliquer sur le bouton « Abandon-quart ».<br></p>



<ol class="wp-block-list"></ol>


<div class="wp-block-image">
<figure class="aligncenter is-resized"><img loading="lazy" decoding="async" width="828" height="1792" src="/agile/wp-content/uploads/sites/2/2025/06/word-image-7050-3.png" alt="" class="wp-image-7055" style="width:285px;height:auto" srcset="/agile/wp-content/uploads/sites/2/2025/06/word-image-7050-3.png 828w, /agile/wp-content/uploads/sites/2/2025/06/word-image-7050-3-139x300.png 139w, /agile/wp-content/uploads/sites/2/2025/06/word-image-7050-3-473x1024.png 473w, /agile/wp-content/uploads/sites/2/2025/06/word-image-7050-3-768x1662.png 768w, /agile/wp-content/uploads/sites/2/2025/06/word-image-7050-3-23x50.png 23w, /agile/wp-content/uploads/sites/2/2025/06/word-image-7050-3-710x1536.png 710w, /agile/wp-content/uploads/sites/2/2025/06/word-image-7050-3-28x60.png 28w, /agile/wp-content/uploads/sites/2/2025/06/word-image-7050-3-46x100.png 46w" sizes="auto, (max-width: 828px) 100vw, 828px" /></figure>
</div>


<p></p>



<p>5. Tapez sur « Abandon » dans la boîte de dialogue de confirmation.<br></p>



<ol class="wp-block-list"></ol>


<div class="wp-block-image">
<figure class="aligncenter is-resized"><img loading="lazy" decoding="async" width="828" height="1792" src="/agile/wp-content/uploads/sites/2/2025/06/word-image-7050-4.png" alt="" class="wp-image-7057" style="width:256px;height:auto" srcset="/agile/wp-content/uploads/sites/2/2025/06/word-image-7050-4.png 828w, /agile/wp-content/uploads/sites/2/2025/06/word-image-7050-4-139x300.png 139w, /agile/wp-content/uploads/sites/2/2025/06/word-image-7050-4-473x1024.png 473w, /agile/wp-content/uploads/sites/2/2025/06/word-image-7050-4-768x1662.png 768w, /agile/wp-content/uploads/sites/2/2025/06/word-image-7050-4-23x50.png 23w, /agile/wp-content/uploads/sites/2/2025/06/word-image-7050-4-710x1536.png 710w, /agile/wp-content/uploads/sites/2/2025/06/word-image-7050-4-28x60.png 28w, /agile/wp-content/uploads/sites/2/2025/06/word-image-7050-4-46x100.png 46w" sizes="auto, (max-width: 828px) 100vw, 828px" /></figure>
</div>


<p></p>



<p>6.  La fenêtre modale des détails de la programmation sera fermée, le message de réussite s&rsquo;affichera et le calendrier sera actualisé avec le statut « En attente de reprise ».<br></p>



<ol class="wp-block-list"></ol>


<div class="wp-block-image">
<figure class="aligncenter is-resized"><img loading="lazy" decoding="async" width="828" height="1792" src="/agile/wp-content/uploads/sites/2/2025/06/word-image-7050-5.png" alt="" class="wp-image-7059" style="width:268px;height:auto" srcset="/agile/wp-content/uploads/sites/2/2025/06/word-image-7050-5.png 828w, /agile/wp-content/uploads/sites/2/2025/06/word-image-7050-5-139x300.png 139w, /agile/wp-content/uploads/sites/2/2025/06/word-image-7050-5-473x1024.png 473w, /agile/wp-content/uploads/sites/2/2025/06/word-image-7050-5-768x1662.png 768w, /agile/wp-content/uploads/sites/2/2025/06/word-image-7050-5-23x50.png 23w, /agile/wp-content/uploads/sites/2/2025/06/word-image-7050-5-710x1536.png 710w, /agile/wp-content/uploads/sites/2/2025/06/word-image-7050-5-28x60.png 28w, /agile/wp-content/uploads/sites/2/2025/06/word-image-7050-5-46x100.png 46w" sizes="auto, (max-width: 828px) 100vw, 828px" /></figure>
</div>


<p></p>



<p><strong><em>NOTE:</em></strong>
</p>



<ul class="wp-block-list">
<li><strong><em>L&rsquo;utilisateur ne peut pas déposer un quart de travail dans les dates antérieures.</em></strong><br>  </li>



<li><strong><em>L&rsquo;utilisateur ne peut pas abandonner un quart de travail qui n&rsquo;est pas dans la fenêtre.</em></strong><br>  </li>



<li><strong><em>L&rsquo;utilisateur est toujours tenu de travailler sur le quart de travail abandonné jusqu&rsquo;à ce qu&rsquo;il soit approuvé par le superviseur.</em></strong><br>  </li>
</ul>

<p>La fonction d&rsquo;échange de quarts de travail permet aux utilisateurs de l&rsquo;ESS d&rsquo;abandonner l&rsquo;horaire, de récupérer les quarts de travail disponibles et d&rsquo;annuler les quarts de travail abandonnés ou récupérés. L&rsquo;utilisateur peut accéder à cette fonction sur la page d&rsquo;accueil et via le calendrier. 2. L&rsquo;utilisateur accède au calendrier de&#8230;</p>
