{"id":7086,"date":"2025-06-02T16:12:21","date_gmt":"2025-06-02T16:12:21","guid":{"rendered":"\/agile\/fr\/?post_type=ht_kb&#038;p=7086"},"modified":"2025-06-02T16:12:23","modified_gmt":"2025-06-02T16:12:23","slug":"ess-application-mobile-canceller-la-demande-de-echange-du-quart-de-travail","status":"publish","type":"ht_kb","link":"\/agile\/fr\/knowledge-base\/ess-application-mobile-canceller-la-demande-de-echange-du-quart-de-travail\/","title":{"rendered":"ESS Application Mobile \u2013 Canceller la Demande de \u00c9change du quart de travail"},"content":{"rendered":"\n<ol class=\"wp-block-list\">\n<li>L&rsquo;utilisateur peut soit cliquer sur le bouton \u00ab Abandon- quart \u00bb qui appara\u00eet sur la page d&rsquo;accueil, soit cliquer sur l&rsquo;ic\u00f4ne de navigation du bas \u00ab Calendrier \u00bb, ce qui l&rsquo;am\u00e8nera au calendrier de la semaine en cours.<br><\/li>\n\n\n\n<li>L&rsquo;utilisateur peut naviguer vers les semaines suivantes \u00e0 l&rsquo;aide de l&rsquo;ic\u00f4ne de la fl\u00e8che vers l&rsquo;avant si l&rsquo;\u00e9quipe que l&rsquo;utilisateur souhaite annuler ne se trouve pas dans la semaine en cours, <br><\/li>\n\n\n\n<li>Tapez sur le quart de travail que l&rsquo;utilisateur souhaite annuler,<br><\/li>\n<\/ol>\n\n\n<div class=\"wp-block-image\">\n<figure class=\"aligncenter is-resized\"><img loading=\"lazy\" decoding=\"async\" width=\"828\" height=\"1792\" src=\"\/agile\/wp-content\/uploads\/sites\/2\/2025\/06\/word-image-7086-1.png\" alt=\"\" class=\"wp-image-7087\" style=\"width:259px;height:auto\" srcset=\"\/agile\/wp-content\/uploads\/sites\/2\/2025\/06\/word-image-7086-1.png 828w, \/agile\/wp-content\/uploads\/sites\/2\/2025\/06\/word-image-7086-1-139x300.png 139w, \/agile\/wp-content\/uploads\/sites\/2\/2025\/06\/word-image-7086-1-473x1024.png 473w, \/agile\/wp-content\/uploads\/sites\/2\/2025\/06\/word-image-7086-1-768x1662.png 768w, \/agile\/wp-content\/uploads\/sites\/2\/2025\/06\/word-image-7086-1-23x50.png 23w, \/agile\/wp-content\/uploads\/sites\/2\/2025\/06\/word-image-7086-1-710x1536.png 710w, \/agile\/wp-content\/uploads\/sites\/2\/2025\/06\/word-image-7086-1-28x60.png 28w, \/agile\/wp-content\/uploads\/sites\/2\/2025\/06\/word-image-7086-1-46x100.png 46w\" sizes=\"auto, (max-width: 828px) 100vw, 828px\" \/><\/figure>\n<\/div>\n\n\n<p><\/p>\n\n\n\n<p>4. La fen\u00eatre modale \u00ab D\u00e9tails de l&rsquo;horaire \u00bb s&rsquo;affiche et permet \u00e0 l&rsquo;utilisateur de mettre \u00e0 jour les notes (facultatif) et de cliquer sur le bouton \u00ab Annuler le d\u00e9p\u00f4t de quart \u00bb,<br><\/p>\n\n\n\n<ol class=\"wp-block-list\"><\/ol>\n\n\n<div class=\"wp-block-image\">\n<figure class=\"aligncenter is-resized\"><img loading=\"lazy\" decoding=\"async\" width=\"828\" height=\"1792\" src=\"\/agile\/wp-content\/uploads\/sites\/2\/2025\/06\/word-image-7086-2.png\" alt=\"\" class=\"wp-image-7089\" style=\"width:284px;height:auto\" srcset=\"\/agile\/wp-content\/uploads\/sites\/2\/2025\/06\/word-image-7086-2.png 828w, \/agile\/wp-content\/uploads\/sites\/2\/2025\/06\/word-image-7086-2-139x300.png 139w, \/agile\/wp-content\/uploads\/sites\/2\/2025\/06\/word-image-7086-2-473x1024.png 473w, \/agile\/wp-content\/uploads\/sites\/2\/2025\/06\/word-image-7086-2-768x1662.png 768w, \/agile\/wp-content\/uploads\/sites\/2\/2025\/06\/word-image-7086-2-23x50.png 23w, \/agile\/wp-content\/uploads\/sites\/2\/2025\/06\/word-image-7086-2-710x1536.png 710w, \/agile\/wp-content\/uploads\/sites\/2\/2025\/06\/word-image-7086-2-28x60.png 28w, \/agile\/wp-content\/uploads\/sites\/2\/2025\/06\/word-image-7086-2-46x100.png 46w\" sizes=\"auto, (max-width: 828px) 100vw, 828px\" \/><\/figure>\n<\/div>\n\n\n<p><\/p>\n\n\n\n<p>5. Tapez sur \u00ab Oui, je suis s\u00fbr \u00bb dans la bo\u00eete de dialogue de confirmation,<br><\/p>\n\n\n\n<p>6. La fen\u00eatre modale \u00ab D\u00e9tails de l&rsquo;horaire \u00bb sera ferm\u00e9e, le message de r\u00e9ussite s&rsquo;affichera et le calendrier sera actualis\u00e9 avec la programmation de la journ\u00e9e,<br><\/p>\n\n\n\n<ol class=\"wp-block-list\"><\/ol>\n\n\n<div class=\"wp-block-image\">\n<figure class=\"aligncenter is-resized\"><img loading=\"lazy\" decoding=\"async\" width=\"828\" height=\"1792\" src=\"\/agile\/wp-content\/uploads\/sites\/2\/2025\/06\/word-image-7086-3.png\" alt=\"\" class=\"wp-image-7091\" style=\"width:334px;height:auto\" srcset=\"\/agile\/wp-content\/uploads\/sites\/2\/2025\/06\/word-image-7086-3.png 828w, \/agile\/wp-content\/uploads\/sites\/2\/2025\/06\/word-image-7086-3-139x300.png 139w, \/agile\/wp-content\/uploads\/sites\/2\/2025\/06\/word-image-7086-3-473x1024.png 473w, \/agile\/wp-content\/uploads\/sites\/2\/2025\/06\/word-image-7086-3-768x1662.png 768w, \/agile\/wp-content\/uploads\/sites\/2\/2025\/06\/word-image-7086-3-23x50.png 23w, \/agile\/wp-content\/uploads\/sites\/2\/2025\/06\/word-image-7086-3-710x1536.png 710w, \/agile\/wp-content\/uploads\/sites\/2\/2025\/06\/word-image-7086-3-28x60.png 28w, \/agile\/wp-content\/uploads\/sites\/2\/2025\/06\/word-image-7086-3-46x100.png 46w\" sizes=\"auto, (max-width: 828px) 100vw, 828px\" \/><\/figure>\n<\/div>\n\n\n<p><\/p>\n\n\n\n<p><\/p>\n","protected":false},"excerpt":{"rendered":"<p>4. La fen\u00eatre modale \u00ab D\u00e9tails de l&rsquo;horaire \u00bb s&rsquo;affiche et permet \u00e0 l&rsquo;utilisateur de mettre \u00e0 jour les notes (facultatif) et de cliquer sur le bouton \u00ab Annuler le d\u00e9p\u00f4t de quart \u00bb, 5. Tapez sur \u00ab Oui, je suis s\u00fbr \u00bb dans la bo\u00eete de dialogue de confirmation,&#8230;<\/p>\n","protected":false},"author":4,"comment_status":"closed","ping_status":"closed","template":"","format":"standard","meta":{"_lmt_disableupdate":"","_lmt_disable":"","footnotes":""},"ht-kb-category":[214],"ht-kb-tag":[219,200,269],"class_list":["post-7086","ht_kb","type-ht_kb","status-publish","format-standard","hentry","ht_kb_category-mobile_app_fr","ht_kb_tag-app","ht_kb_tag-ess-2","ht_kb_tag-shift-swap-2"],"_links":{"self":[{"href":"https:\/\/help.synerion.com\/agile\/fr\/wp-json\/wp\/v2\/ht-kb\/7086","targetHints":{"allow":["GET"]}}],"collection":[{"href":"https:\/\/help.synerion.com\/agile\/fr\/wp-json\/wp\/v2\/ht-kb"}],"about":[{"href":"https:\/\/help.synerion.com\/agile\/fr\/wp-json\/wp\/v2\/types\/ht_kb"}],"author":[{"embeddable":true,"href":"https:\/\/help.synerion.com\/agile\/fr\/wp-json\/wp\/v2\/users\/4"}],"replies":[{"embeddable":true,"href":"https:\/\/help.synerion.com\/agile\/fr\/wp-json\/wp\/v2\/comments?post=7086"}],"version-history":[{"count":1,"href":"https:\/\/help.synerion.com\/agile\/fr\/wp-json\/wp\/v2\/ht-kb\/7086\/revisions"}],"predecessor-version":[{"id":7093,"href":"https:\/\/help.synerion.com\/agile\/fr\/wp-json\/wp\/v2\/ht-kb\/7086\/revisions\/7093"}],"wp:attachment":[{"href":"https:\/\/help.synerion.com\/agile\/fr\/wp-json\/wp\/v2\/media?parent=7086"}],"wp:term":[{"taxonomy":"ht_kb_category","embeddable":true,"href":"https:\/\/help.synerion.com\/agile\/fr\/wp-json\/wp\/v2\/ht-kb-category?post=7086"},{"taxonomy":"ht_kb_tag","embeddable":true,"href":"https:\/\/help.synerion.com\/agile\/fr\/wp-json\/wp\/v2\/ht-kb-tag?post=7086"}],"curies":[{"name":"wp","href":"https:\/\/api.w.org\/{rel}","templated":true}]}}

ESS Application Mobile – Canceller la Demande de Échange du quart de travail

<ol class="wp-block-list">
<li>L&rsquo;utilisateur peut soit cliquer sur le bouton « Abandon- quart » qui apparaît sur la page d&rsquo;accueil, soit cliquer sur l&rsquo;icône de navigation du bas « Calendrier », ce qui l&rsquo;amènera au calendrier de la semaine en cours.<br></li>



<li>L&rsquo;utilisateur peut naviguer vers les semaines suivantes à l&rsquo;aide de l&rsquo;icône de la flèche vers l&rsquo;avant si l&rsquo;équipe que l&rsquo;utilisateur souhaite annuler ne se trouve pas dans la semaine en cours, <br></li>



<li>Tapez sur le quart de travail que l&rsquo;utilisateur souhaite annuler,<br></li>
</ol>


<div class="wp-block-image">
<figure class="aligncenter is-resized"><img loading="lazy" decoding="async" width="828" height="1792" src="/agile/wp-content/uploads/sites/2/2025/06/word-image-7086-1.png" alt="" class="wp-image-7087" style="width:259px;height:auto" srcset="/agile/wp-content/uploads/sites/2/2025/06/word-image-7086-1.png 828w, /agile/wp-content/uploads/sites/2/2025/06/word-image-7086-1-139x300.png 139w, /agile/wp-content/uploads/sites/2/2025/06/word-image-7086-1-473x1024.png 473w, /agile/wp-content/uploads/sites/2/2025/06/word-image-7086-1-768x1662.png 768w, /agile/wp-content/uploads/sites/2/2025/06/word-image-7086-1-23x50.png 23w, /agile/wp-content/uploads/sites/2/2025/06/word-image-7086-1-710x1536.png 710w, /agile/wp-content/uploads/sites/2/2025/06/word-image-7086-1-28x60.png 28w, /agile/wp-content/uploads/sites/2/2025/06/word-image-7086-1-46x100.png 46w" sizes="auto, (max-width: 828px) 100vw, 828px" /></figure>
</div>


<p></p>



<p>4. La fenêtre modale « Détails de l&rsquo;horaire » s&rsquo;affiche et permet à l&rsquo;utilisateur de mettre à jour les notes (facultatif) et de cliquer sur le bouton « Annuler le dépôt de quart »,<br></p>



<ol class="wp-block-list"></ol>


<div class="wp-block-image">
<figure class="aligncenter is-resized"><img loading="lazy" decoding="async" width="828" height="1792" src="/agile/wp-content/uploads/sites/2/2025/06/word-image-7086-2.png" alt="" class="wp-image-7089" style="width:284px;height:auto" srcset="/agile/wp-content/uploads/sites/2/2025/06/word-image-7086-2.png 828w, /agile/wp-content/uploads/sites/2/2025/06/word-image-7086-2-139x300.png 139w, /agile/wp-content/uploads/sites/2/2025/06/word-image-7086-2-473x1024.png 473w, /agile/wp-content/uploads/sites/2/2025/06/word-image-7086-2-768x1662.png 768w, /agile/wp-content/uploads/sites/2/2025/06/word-image-7086-2-23x50.png 23w, /agile/wp-content/uploads/sites/2/2025/06/word-image-7086-2-710x1536.png 710w, /agile/wp-content/uploads/sites/2/2025/06/word-image-7086-2-28x60.png 28w, /agile/wp-content/uploads/sites/2/2025/06/word-image-7086-2-46x100.png 46w" sizes="auto, (max-width: 828px) 100vw, 828px" /></figure>
</div>


<p></p>



<p>5. Tapez sur « Oui, je suis sûr » dans la boîte de dialogue de confirmation,<br></p>



<p>6. La fenêtre modale « Détails de l&rsquo;horaire » sera fermée, le message de réussite s&rsquo;affichera et le calendrier sera actualisé avec la programmation de la journée,<br></p>



<ol class="wp-block-list"></ol>


<div class="wp-block-image">
<figure class="aligncenter is-resized"><img loading="lazy" decoding="async" width="828" height="1792" src="/agile/wp-content/uploads/sites/2/2025/06/word-image-7086-3.png" alt="" class="wp-image-7091" style="width:334px;height:auto" srcset="/agile/wp-content/uploads/sites/2/2025/06/word-image-7086-3.png 828w, /agile/wp-content/uploads/sites/2/2025/06/word-image-7086-3-139x300.png 139w, /agile/wp-content/uploads/sites/2/2025/06/word-image-7086-3-473x1024.png 473w, /agile/wp-content/uploads/sites/2/2025/06/word-image-7086-3-768x1662.png 768w, /agile/wp-content/uploads/sites/2/2025/06/word-image-7086-3-23x50.png 23w, /agile/wp-content/uploads/sites/2/2025/06/word-image-7086-3-710x1536.png 710w, /agile/wp-content/uploads/sites/2/2025/06/word-image-7086-3-28x60.png 28w, /agile/wp-content/uploads/sites/2/2025/06/word-image-7086-3-46x100.png 46w" sizes="auto, (max-width: 828px) 100vw, 828px" /></figure>
</div>


<p></p>



<p></p>

<p>4. La fenêtre modale « Détails de l&rsquo;horaire » s&rsquo;affiche et permet à l&rsquo;utilisateur de mettre à jour les notes (facultatif) et de cliquer sur le bouton « Annuler le dépôt de quart », 5. Tapez sur « Oui, je suis sûr » dans la boîte de dialogue de confirmation,&#8230;</p>
