{"id":7108,"date":"2025-06-02T18:45:23","date_gmt":"2025-06-02T18:45:23","guid":{"rendered":"\/agile\/fr\/?post_type=ht_kb&#038;p=7108"},"modified":"2025-06-02T18:45:25","modified_gmt":"2025-06-02T18:45:25","slug":"ess-application-mobile-canceller-la-demande-de-reprise-du-quart-de-travail","status":"publish","type":"ht_kb","link":"\/agile\/fr\/knowledge-base\/ess-application-mobile-canceller-la-demande-de-reprise-du-quart-de-travail\/","title":{"rendered":"ESS Application Mobile \u2013 Canceller la Demande de reprise du quart de travail"},"content":{"rendered":"\n<p><\/p>\n\n\n\n<p>\n  L&rsquo;utilisateur ESS peut annuler l&rsquo;\u00e9quipe reprise de quart jusqu&rsquo;\u00e0 ce qu&rsquo;elle ne soit pas approuv\u00e9e par le superviseur. Pour annuler une reprise,\n<\/p>\n\n\n\n<ol class=\"wp-block-list\">\n<li>L&rsquo;utilisateur tape sur l&rsquo;ic\u00f4ne de navigation inf\u00e9rieure \u00ab Calendrier \u00bb,<br><\/li>\n\n\n\n<li>L&rsquo;utilisateur acc\u00e8de au calendrier de la semaine en cours. L&rsquo;utilisateur peut naviguer vers les semaines suivantes \u00e0 l&rsquo;aide de l&rsquo;ic\u00f4ne de la fl\u00e8che vers l&rsquo;avant si l&rsquo;\u00e9quipe qu&rsquo;il souhaite annuler se trouve dans les semaines \u00e0 venir,<br><\/li>\n\n\n\n<li>Tapez sur une \u00e9quipe r\u00e9cup\u00e9r\u00e9e dont le statut est \u00ab En attente d&rsquo;approbation \u00bb,<br><\/li>\n<\/ol>\n\n\n<div class=\"wp-block-image\">\n<figure class=\"aligncenter is-resized\"><img loading=\"lazy\" decoding=\"async\" width=\"828\" height=\"1792\" src=\"\/agile\/wp-content\/uploads\/sites\/2\/2025\/06\/word-image-7108-1.png\" alt=\"\" class=\"wp-image-7109\" style=\"width:258px;height:auto\" srcset=\"\/agile\/wp-content\/uploads\/sites\/2\/2025\/06\/word-image-7108-1.png 828w, \/agile\/wp-content\/uploads\/sites\/2\/2025\/06\/word-image-7108-1-139x300.png 139w, \/agile\/wp-content\/uploads\/sites\/2\/2025\/06\/word-image-7108-1-473x1024.png 473w, \/agile\/wp-content\/uploads\/sites\/2\/2025\/06\/word-image-7108-1-768x1662.png 768w, \/agile\/wp-content\/uploads\/sites\/2\/2025\/06\/word-image-7108-1-23x50.png 23w, \/agile\/wp-content\/uploads\/sites\/2\/2025\/06\/word-image-7108-1-710x1536.png 710w, \/agile\/wp-content\/uploads\/sites\/2\/2025\/06\/word-image-7108-1-28x60.png 28w, \/agile\/wp-content\/uploads\/sites\/2\/2025\/06\/word-image-7108-1-46x100.png 46w\" sizes=\"auto, (max-width: 828px) 100vw, 828px\" \/><\/figure>\n<\/div>\n\n\n<figure class=\"wp-block-image\"><img loading=\"lazy\" decoding=\"async\" width=\"1\" height=\"1\" src=\"\/agile\/wp-content\/uploads\/sites\/2\/2025\/06\/word-image-7108-2.png\" alt=\"\" class=\"wp-image-7111\" \/><\/figure>\n\n\n\n<p><\/p>\n\n\n\n<p>4.  La fen\u00eatre modale \u00ab D\u00e9tails de l&rsquo;horaire \u00bb s&rsquo;affiche et permet \u00e0 l&rsquo;utilisateur de consulter les informations relatives \u00e0 l&#8217;employ\u00e9 qui d\u00e9pose, les informations relatives \u00e0 l&rsquo;horaire et les notes ajout\u00e9es par le d\u00e9posant (le cas \u00e9ch\u00e9ant). L&#8217;employ\u00e9 peut ajouter des notes (facultatives) et cliquer sur le bouton \u00ab Annuler la prise en charge \u00bb,<br><\/p>\n\n\n\n<ol class=\"wp-block-list\"><\/ol>\n\n\n<div class=\"wp-block-image\">\n<figure class=\"aligncenter is-resized\"><img loading=\"lazy\" decoding=\"async\" width=\"828\" height=\"1792\" src=\"\/agile\/wp-content\/uploads\/sites\/2\/2025\/06\/word-image-7108-3.png\" alt=\"\" class=\"wp-image-7113\" style=\"width:302px;height:auto\" srcset=\"\/agile\/wp-content\/uploads\/sites\/2\/2025\/06\/word-image-7108-3.png 828w, \/agile\/wp-content\/uploads\/sites\/2\/2025\/06\/word-image-7108-3-139x300.png 139w, \/agile\/wp-content\/uploads\/sites\/2\/2025\/06\/word-image-7108-3-473x1024.png 473w, \/agile\/wp-content\/uploads\/sites\/2\/2025\/06\/word-image-7108-3-768x1662.png 768w, \/agile\/wp-content\/uploads\/sites\/2\/2025\/06\/word-image-7108-3-23x50.png 23w, \/agile\/wp-content\/uploads\/sites\/2\/2025\/06\/word-image-7108-3-710x1536.png 710w, \/agile\/wp-content\/uploads\/sites\/2\/2025\/06\/word-image-7108-3-28x60.png 28w, \/agile\/wp-content\/uploads\/sites\/2\/2025\/06\/word-image-7108-3-46x100.png 46w\" sizes=\"auto, (max-width: 828px) 100vw, 828px\" \/><\/figure>\n<\/div>\n\n\n<p><\/p>\n\n\n\n<p>5. Tapez sur \u00ab Oui, j&rsquo;en suis s\u00fbr \u00bb dans la bo\u00eete de dialogue de confirmation,<br><\/p>\n\n\n\n<ol class=\"wp-block-list\"><\/ol>\n\n\n<div class=\"wp-block-image\">\n<figure class=\"aligncenter is-resized\"><img loading=\"lazy\" decoding=\"async\" width=\"828\" height=\"1792\" src=\"\/agile\/wp-content\/uploads\/sites\/2\/2025\/06\/word-image-7108-4.png\" alt=\"\" class=\"wp-image-7115\" style=\"width:235px;height:auto\" srcset=\"\/agile\/wp-content\/uploads\/sites\/2\/2025\/06\/word-image-7108-4.png 828w, \/agile\/wp-content\/uploads\/sites\/2\/2025\/06\/word-image-7108-4-139x300.png 139w, \/agile\/wp-content\/uploads\/sites\/2\/2025\/06\/word-image-7108-4-473x1024.png 473w, \/agile\/wp-content\/uploads\/sites\/2\/2025\/06\/word-image-7108-4-768x1662.png 768w, \/agile\/wp-content\/uploads\/sites\/2\/2025\/06\/word-image-7108-4-23x50.png 23w, \/agile\/wp-content\/uploads\/sites\/2\/2025\/06\/word-image-7108-4-710x1536.png 710w, \/agile\/wp-content\/uploads\/sites\/2\/2025\/06\/word-image-7108-4-28x60.png 28w, \/agile\/wp-content\/uploads\/sites\/2\/2025\/06\/word-image-7108-4-46x100.png 46w\" sizes=\"auto, (max-width: 828px) 100vw, 828px\" \/><\/figure>\n<\/div>\n\n\n<p><\/p>\n\n\n\n<p>6. La fen\u00eatre modale \u00ab D\u00e9tails de l&rsquo;horaire\u00bb sera ferm\u00e9e, le message de r\u00e9ussite s&rsquo;affichera et le calendrier sera actualis\u00e9 avec l&rsquo;\u00e9tat \u00ab Disponible pour reprise\u00bb,<br><\/p>\n\n\n\n<ol class=\"wp-block-list\"><\/ol>\n\n\n<div class=\"wp-block-image\">\n<figure class=\"aligncenter is-resized\"><img loading=\"lazy\" decoding=\"async\" width=\"828\" height=\"1792\" src=\"\/agile\/wp-content\/uploads\/sites\/2\/2025\/06\/word-image-7108-5.png\" alt=\"\" class=\"wp-image-7117\" style=\"width:293px;height:auto\" srcset=\"\/agile\/wp-content\/uploads\/sites\/2\/2025\/06\/word-image-7108-5.png 828w, \/agile\/wp-content\/uploads\/sites\/2\/2025\/06\/word-image-7108-5-139x300.png 139w, \/agile\/wp-content\/uploads\/sites\/2\/2025\/06\/word-image-7108-5-473x1024.png 473w, \/agile\/wp-content\/uploads\/sites\/2\/2025\/06\/word-image-7108-5-768x1662.png 768w, \/agile\/wp-content\/uploads\/sites\/2\/2025\/06\/word-image-7108-5-23x50.png 23w, \/agile\/wp-content\/uploads\/sites\/2\/2025\/06\/word-image-7108-5-710x1536.png 710w, \/agile\/wp-content\/uploads\/sites\/2\/2025\/06\/word-image-7108-5-28x60.png 28w, \/agile\/wp-content\/uploads\/sites\/2\/2025\/06\/word-image-7108-5-46x100.png 46w\" sizes=\"auto, (max-width: 828px) 100vw, 828px\" \/><\/figure>\n<\/div>\n\n\n<p><\/p>\n","protected":false},"excerpt":{"rendered":"<p>L&rsquo;utilisateur ESS peut annuler l&rsquo;\u00e9quipe reprise de quart jusqu&rsquo;\u00e0 ce qu&rsquo;elle ne soit pas approuv\u00e9e par le superviseur. Pour annuler une reprise, 4. La fen\u00eatre modale \u00ab D\u00e9tails de l&rsquo;horaire \u00bb s&rsquo;affiche et permet \u00e0 l&rsquo;utilisateur de consulter les informations relatives \u00e0 l&#8217;employ\u00e9 qui d\u00e9pose, les informations relatives \u00e0 l&rsquo;horaire&#8230;<\/p>\n","protected":false},"author":4,"comment_status":"closed","ping_status":"closed","template":"","format":"standard","meta":{"_lmt_disableupdate":"","_lmt_disable":"","footnotes":""},"ht-kb-category":[214],"ht-kb-tag":[219,200,269],"class_list":["post-7108","ht_kb","type-ht_kb","status-publish","format-standard","hentry","ht_kb_category-mobile_app_fr","ht_kb_tag-app","ht_kb_tag-ess-2","ht_kb_tag-shift-swap-2"],"_links":{"self":[{"href":"https:\/\/help.synerion.com\/agile\/fr\/wp-json\/wp\/v2\/ht-kb\/7108","targetHints":{"allow":["GET"]}}],"collection":[{"href":"https:\/\/help.synerion.com\/agile\/fr\/wp-json\/wp\/v2\/ht-kb"}],"about":[{"href":"https:\/\/help.synerion.com\/agile\/fr\/wp-json\/wp\/v2\/types\/ht_kb"}],"author":[{"embeddable":true,"href":"https:\/\/help.synerion.com\/agile\/fr\/wp-json\/wp\/v2\/users\/4"}],"replies":[{"embeddable":true,"href":"https:\/\/help.synerion.com\/agile\/fr\/wp-json\/wp\/v2\/comments?post=7108"}],"version-history":[{"count":1,"href":"https:\/\/help.synerion.com\/agile\/fr\/wp-json\/wp\/v2\/ht-kb\/7108\/revisions"}],"predecessor-version":[{"id":7119,"href":"https:\/\/help.synerion.com\/agile\/fr\/wp-json\/wp\/v2\/ht-kb\/7108\/revisions\/7119"}],"wp:attachment":[{"href":"https:\/\/help.synerion.com\/agile\/fr\/wp-json\/wp\/v2\/media?parent=7108"}],"wp:term":[{"taxonomy":"ht_kb_category","embeddable":true,"href":"https:\/\/help.synerion.com\/agile\/fr\/wp-json\/wp\/v2\/ht-kb-category?post=7108"},{"taxonomy":"ht_kb_tag","embeddable":true,"href":"https:\/\/help.synerion.com\/agile\/fr\/wp-json\/wp\/v2\/ht-kb-tag?post=7108"}],"curies":[{"name":"wp","href":"https:\/\/api.w.org\/{rel}","templated":true}]}}

<p></p>



<p>
  L&rsquo;utilisateur ESS peut annuler l&rsquo;équipe reprise de quart jusqu&rsquo;à ce qu&rsquo;elle ne soit pas approuvée par le superviseur. Pour annuler une reprise,
</p>



<ol class="wp-block-list">
<li>L&rsquo;utilisateur tape sur l&rsquo;icône de navigation inférieure « Calendrier »,<br></li>



<li>L&rsquo;utilisateur accède au calendrier de la semaine en cours. L&rsquo;utilisateur peut naviguer vers les semaines suivantes à l&rsquo;aide de l&rsquo;icône de la flèche vers l&rsquo;avant si l&rsquo;équipe qu&rsquo;il souhaite annuler se trouve dans les semaines à venir,<br></li>



<li>Tapez sur une équipe récupérée dont le statut est « En attente d&rsquo;approbation »,<br></li>
</ol>


<div class="wp-block-image">
<figure class="aligncenter is-resized"><img loading="lazy" decoding="async" width="828" height="1792" src="/agile/wp-content/uploads/sites/2/2025/06/word-image-7108-1.png" alt="" class="wp-image-7109" style="width:258px;height:auto" srcset="/agile/wp-content/uploads/sites/2/2025/06/word-image-7108-1.png 828w, /agile/wp-content/uploads/sites/2/2025/06/word-image-7108-1-139x300.png 139w, /agile/wp-content/uploads/sites/2/2025/06/word-image-7108-1-473x1024.png 473w, /agile/wp-content/uploads/sites/2/2025/06/word-image-7108-1-768x1662.png 768w, /agile/wp-content/uploads/sites/2/2025/06/word-image-7108-1-23x50.png 23w, /agile/wp-content/uploads/sites/2/2025/06/word-image-7108-1-710x1536.png 710w, /agile/wp-content/uploads/sites/2/2025/06/word-image-7108-1-28x60.png 28w, /agile/wp-content/uploads/sites/2/2025/06/word-image-7108-1-46x100.png 46w" sizes="auto, (max-width: 828px) 100vw, 828px" /></figure>
</div>


<figure class="wp-block-image"><img loading="lazy" decoding="async" width="1" height="1" src="/agile/wp-content/uploads/sites/2/2025/06/word-image-7108-2.png" alt="" class="wp-image-7111" /></figure>



<p></p>



<p>4.  La fenêtre modale « Détails de l&rsquo;horaire » s&rsquo;affiche et permet à l&rsquo;utilisateur de consulter les informations relatives à l&#8217;employé qui dépose, les informations relatives à l&rsquo;horaire et les notes ajoutées par le déposant (le cas échéant). L&#8217;employé peut ajouter des notes (facultatives) et cliquer sur le bouton « Annuler la prise en charge »,<br></p>



<ol class="wp-block-list"></ol>


<div class="wp-block-image">
<figure class="aligncenter is-resized"><img loading="lazy" decoding="async" width="828" height="1792" src="/agile/wp-content/uploads/sites/2/2025/06/word-image-7108-3.png" alt="" class="wp-image-7113" style="width:302px;height:auto" srcset="/agile/wp-content/uploads/sites/2/2025/06/word-image-7108-3.png 828w, /agile/wp-content/uploads/sites/2/2025/06/word-image-7108-3-139x300.png 139w, /agile/wp-content/uploads/sites/2/2025/06/word-image-7108-3-473x1024.png 473w, /agile/wp-content/uploads/sites/2/2025/06/word-image-7108-3-768x1662.png 768w, /agile/wp-content/uploads/sites/2/2025/06/word-image-7108-3-23x50.png 23w, /agile/wp-content/uploads/sites/2/2025/06/word-image-7108-3-710x1536.png 710w, /agile/wp-content/uploads/sites/2/2025/06/word-image-7108-3-28x60.png 28w, /agile/wp-content/uploads/sites/2/2025/06/word-image-7108-3-46x100.png 46w" sizes="auto, (max-width: 828px) 100vw, 828px" /></figure>
</div>


<p></p>



<p>5. Tapez sur « Oui, j&rsquo;en suis sûr » dans la boîte de dialogue de confirmation,<br></p>



<ol class="wp-block-list"></ol>


<div class="wp-block-image">
<figure class="aligncenter is-resized"><img loading="lazy" decoding="async" width="828" height="1792" src="/agile/wp-content/uploads/sites/2/2025/06/word-image-7108-4.png" alt="" class="wp-image-7115" style="width:235px;height:auto" srcset="/agile/wp-content/uploads/sites/2/2025/06/word-image-7108-4.png 828w, /agile/wp-content/uploads/sites/2/2025/06/word-image-7108-4-139x300.png 139w, /agile/wp-content/uploads/sites/2/2025/06/word-image-7108-4-473x1024.png 473w, /agile/wp-content/uploads/sites/2/2025/06/word-image-7108-4-768x1662.png 768w, /agile/wp-content/uploads/sites/2/2025/06/word-image-7108-4-23x50.png 23w, /agile/wp-content/uploads/sites/2/2025/06/word-image-7108-4-710x1536.png 710w, /agile/wp-content/uploads/sites/2/2025/06/word-image-7108-4-28x60.png 28w, /agile/wp-content/uploads/sites/2/2025/06/word-image-7108-4-46x100.png 46w" sizes="auto, (max-width: 828px) 100vw, 828px" /></figure>
</div>


<p></p>



<p>6. La fenêtre modale « Détails de l&rsquo;horaire» sera fermée, le message de réussite s&rsquo;affichera et le calendrier sera actualisé avec l&rsquo;état « Disponible pour reprise»,<br></p>



<ol class="wp-block-list"></ol>


<div class="wp-block-image">
<figure class="aligncenter is-resized"><img loading="lazy" decoding="async" width="828" height="1792" src="/agile/wp-content/uploads/sites/2/2025/06/word-image-7108-5.png" alt="" class="wp-image-7117" style="width:293px;height:auto" srcset="/agile/wp-content/uploads/sites/2/2025/06/word-image-7108-5.png 828w, /agile/wp-content/uploads/sites/2/2025/06/word-image-7108-5-139x300.png 139w, /agile/wp-content/uploads/sites/2/2025/06/word-image-7108-5-473x1024.png 473w, /agile/wp-content/uploads/sites/2/2025/06/word-image-7108-5-768x1662.png 768w, /agile/wp-content/uploads/sites/2/2025/06/word-image-7108-5-23x50.png 23w, /agile/wp-content/uploads/sites/2/2025/06/word-image-7108-5-710x1536.png 710w, /agile/wp-content/uploads/sites/2/2025/06/word-image-7108-5-28x60.png 28w, /agile/wp-content/uploads/sites/2/2025/06/word-image-7108-5-46x100.png 46w" sizes="auto, (max-width: 828px) 100vw, 828px" /></figure>
</div>


<p></p>

<p>L&rsquo;utilisateur ESS peut annuler l&rsquo;équipe reprise de quart jusqu&rsquo;à ce qu&rsquo;elle ne soit pas approuvée par le superviseur. Pour annuler une reprise, 4. La fenêtre modale « Détails de l&rsquo;horaire » s&rsquo;affiche et permet à l&rsquo;utilisateur de consulter les informations relatives à l&#8217;employé qui dépose, les informations relatives à l&rsquo;horaire&#8230;</p>
