{"id":4226,"date":"2025-08-28T18:34:27","date_gmt":"2025-08-28T18:34:27","guid":{"rendered":"\/enterprise\/?post_type=ht_kb&#038;p=4226"},"modified":"2025-09-08T19:43:50","modified_gmt":"2025-09-08T19:43:50","slug":"version-juillet-2025-fonctionnalites-principales","status":"publish","type":"ht_kb","link":"\/enterprise\/fr\/knowledge-base\/version-juillet-2025-fonctionnalites-principales\/","title":{"rendered":"Version juillet 2025 &#8211; Fonctionnalit\u00e9s principales"},"content":{"rendered":"\n<p class=\"has-medium-font-size\"><strong><u>Horaires<\/u><\/strong><\/p>\n\n\n\n<p><strong>Relev\u00e9 d\u2019\u00e9cart des heures budget\u00e9es \u2013 <\/strong>Un nouveau relev\u00e9 d\u2019\u00e9cart des heures budget\u00e9es peut \u00eatre lanc\u00e9 \u00e0 partir de l\u2019\u00e9cran de gestion d\u2019employ\u00e9 ou de l\u2019\u00e9cran d\u2019affichage de couverture quotidienne. Ce relev\u00e9 est identique au relev\u00e9 existant intitul\u00e9 Relev\u00e9 sommaire d\u2019\u00e9cart des heures budget\u00e9es mais n\u2019inclut pas les totaux sommaires.<\/p>\n\n\n\n<figure class=\"wp-block-image size-full\"><img loading=\"lazy\" decoding=\"async\" width=\"917\" height=\"264\" src=\"\/enterprise\/wp-content\/uploads\/sites\/3\/2025\/08\/July-2025-Key-Features-1_FR-1.png\" alt=\"\" class=\"wp-image-4233\" srcset=\"\/enterprise\/wp-content\/uploads\/sites\/3\/2025\/08\/July-2025-Key-Features-1_FR-1.png 917w, \/enterprise\/wp-content\/uploads\/sites\/3\/2025\/08\/July-2025-Key-Features-1_FR-1-300x86.png 300w, \/enterprise\/wp-content\/uploads\/sites\/3\/2025\/08\/July-2025-Key-Features-1_FR-1-768x221.png 768w, \/enterprise\/wp-content\/uploads\/sites\/3\/2025\/08\/July-2025-Key-Features-1_FR-1-50x14.png 50w, \/enterprise\/wp-content\/uploads\/sites\/3\/2025\/08\/July-2025-Key-Features-1_FR-1-60x17.png 60w, \/enterprise\/wp-content\/uploads\/sites\/3\/2025\/08\/July-2025-Key-Features-1_FR-1-100x29.png 100w\" sizes=\"auto, (max-width: 917px) 100vw, 917px\" \/><\/figure>\n\n\n\n<p class=\"has-medium-font-size\"><strong><u>Pr\u00e9sences<\/u><\/strong><\/p>\n\n\n\n<p><strong>Calcul du solde pr\u00e9vu \u2013 <\/strong>Une nouvelle option \u00ab&nbsp;inclure les demandes futures&nbsp;\u00bb a \u00e9t\u00e9 ajout\u00e9e au volet de solde d\u2019absences dans l\u2019\u00e9cran des pr\u00e9sences. Cet \u00e9l\u00e9ment glissant permettra \u00e0 l\u2019usager d\u2019inclure les futures absences approuv\u00e9es dans le calcul du solde d\u2019absences.<\/p>\n\n\n\n<figure class=\"wp-block-image size-full\"><img loading=\"lazy\" decoding=\"async\" width=\"363\" height=\"583\" src=\"\/enterprise\/wp-content\/uploads\/sites\/3\/2025\/08\/July-2025-Key-Features-2_FR-1.png\" alt=\"\" class=\"wp-image-4235\" srcset=\"\/enterprise\/wp-content\/uploads\/sites\/3\/2025\/08\/July-2025-Key-Features-2_FR-1.png 363w, \/enterprise\/wp-content\/uploads\/sites\/3\/2025\/08\/July-2025-Key-Features-2_FR-1-187x300.png 187w, \/enterprise\/wp-content\/uploads\/sites\/3\/2025\/08\/July-2025-Key-Features-2_FR-1-31x50.png 31w, \/enterprise\/wp-content\/uploads\/sites\/3\/2025\/08\/July-2025-Key-Features-2_FR-1-37x60.png 37w, \/enterprise\/wp-content\/uploads\/sites\/3\/2025\/08\/July-2025-Key-Features-2_FR-1-62x100.png 62w\" sizes=\"auto, (max-width: 363px) 100vw, 363px\" \/><\/figure>\n\n\n\n<p class=\"has-medium-font-size\"><strong><u>Taux de palier<\/u><\/strong><\/p>\n\n\n\n<p><strong>Support du taux amalgam\u00e9 \u2013 <\/strong>Une nouvelle option a \u00e9t\u00e9 ajout\u00e9e pour scinder une t\u00e2che en deux t\u00e2ches quand le taux de palier a \u00e9t\u00e9 atteint et qu\u2019un nouveau taux est appliqu\u00e9. La premi\u00e8re t\u00e2che est calcul\u00e9e en utilisant le taux pr\u00e9c\u00e9dent et la deuxi\u00e8me sera calcul\u00e9e avec le taux suivant.<\/p>\n\n\n\n<figure class=\"wp-block-image size-full\"><img loading=\"lazy\" decoding=\"async\" width=\"987\" height=\"351\" src=\"\/enterprise\/wp-content\/uploads\/sites\/3\/2025\/08\/July-2025-Key-Features-3_FR.png\" alt=\"\" class=\"wp-image-4278\" srcset=\"\/enterprise\/wp-content\/uploads\/sites\/3\/2025\/08\/July-2025-Key-Features-3_FR.png 987w, \/enterprise\/wp-content\/uploads\/sites\/3\/2025\/08\/July-2025-Key-Features-3_FR-300x107.png 300w, \/enterprise\/wp-content\/uploads\/sites\/3\/2025\/08\/July-2025-Key-Features-3_FR-768x273.png 768w, \/enterprise\/wp-content\/uploads\/sites\/3\/2025\/08\/July-2025-Key-Features-3_FR-50x18.png 50w, \/enterprise\/wp-content\/uploads\/sites\/3\/2025\/08\/July-2025-Key-Features-3_FR-60x21.png 60w, \/enterprise\/wp-content\/uploads\/sites\/3\/2025\/08\/July-2025-Key-Features-3_FR-100x36.png 100w\" sizes=\"auto, (max-width: 987px) 100vw, 987px\" \/><\/figure>\n\n\n\n<p><strong>Ajustements des heures \u2013 <\/strong>Apr\u00e8s avoir fix\u00e9 la valeur initiale des heures, des ajustements peuvent \u00eatre effectu\u00e9s pour des dates sp\u00e9cifiques en utilisant l\u2019option de l\u2019ajustement des heures. Des heures peuvent \u00eatre ajout\u00e9es avec une valeur positive ou retranch\u00e9es avec une valeur n\u00e9gative.<\/p>\n\n\n\n<figure class=\"wp-block-image size-large\"><img loading=\"lazy\" decoding=\"async\" width=\"1024\" height=\"327\" src=\"\/enterprise\/wp-content\/uploads\/sites\/3\/2025\/08\/July-2025-Key-Features-4_FR-1024x327.png\" alt=\"\" class=\"wp-image-4280\" srcset=\"\/enterprise\/wp-content\/uploads\/sites\/3\/2025\/08\/July-2025-Key-Features-4_FR-1024x327.png 1024w, \/enterprise\/wp-content\/uploads\/sites\/3\/2025\/08\/July-2025-Key-Features-4_FR-300x96.png 300w, \/enterprise\/wp-content\/uploads\/sites\/3\/2025\/08\/July-2025-Key-Features-4_FR-768x246.png 768w, \/enterprise\/wp-content\/uploads\/sites\/3\/2025\/08\/July-2025-Key-Features-4_FR-50x16.png 50w, \/enterprise\/wp-content\/uploads\/sites\/3\/2025\/08\/July-2025-Key-Features-4_FR-60x19.png 60w, \/enterprise\/wp-content\/uploads\/sites\/3\/2025\/08\/July-2025-Key-Features-4_FR-100x32.png 100w, \/enterprise\/wp-content\/uploads\/sites\/3\/2025\/08\/July-2025-Key-Features-4_FR.png 1076w\" sizes=\"auto, (max-width: 1024px) 100vw, 1024px\" \/><\/figure>\n","protected":false},"excerpt":{"rendered":"<p>Horaires Relev\u00e9 d\u2019\u00e9cart des heures budget\u00e9es \u2013 Un nouveau relev\u00e9 d\u2019\u00e9cart des heures budget\u00e9es peut \u00eatre lanc\u00e9 \u00e0 partir de l\u2019\u00e9cran de gestion d\u2019employ\u00e9 ou de l\u2019\u00e9cran d\u2019affichage de couverture quotidienne. Ce relev\u00e9 est identique au relev\u00e9 existant intitul\u00e9 Relev\u00e9 sommaire d\u2019\u00e9cart des heures budget\u00e9es mais n\u2019inclut pas les totaux&#8230;<\/p>\n","protected":false},"author":5,"comment_status":"closed","ping_status":"closed","template":"","format":"standard","meta":{"_lmt_disableupdate":"","_lmt_disable":"","footnotes":""},"ht-kb-category":[58],"ht-kb-tag":[],"class_list":["post-4226","ht_kb","type-ht_kb","status-publish","format-standard","hentry","ht_kb_category-notes-de-mise-a-jour"],"_links":{"self":[{"href":"https:\/\/help.synerion.com\/enterprise\/fr\/wp-json\/wp\/v2\/ht-kb\/4226","targetHints":{"allow":["GET"]}}],"collection":[{"href":"https:\/\/help.synerion.com\/enterprise\/fr\/wp-json\/wp\/v2\/ht-kb"}],"about":[{"href":"https:\/\/help.synerion.com\/enterprise\/fr\/wp-json\/wp\/v2\/types\/ht_kb"}],"author":[{"embeddable":true,"href":"https:\/\/help.synerion.com\/enterprise\/fr\/wp-json\/wp\/v2\/users\/5"}],"replies":[{"embeddable":true,"href":"https:\/\/help.synerion.com\/enterprise\/fr\/wp-json\/wp\/v2\/comments?post=4226"}],"version-history":[{"count":3,"href":"https:\/\/help.synerion.com\/enterprise\/fr\/wp-json\/wp\/v2\/ht-kb\/4226\/revisions"}],"predecessor-version":[{"id":4282,"href":"https:\/\/help.synerion.com\/enterprise\/fr\/wp-json\/wp\/v2\/ht-kb\/4226\/revisions\/4282"}],"wp:attachment":[{"href":"https:\/\/help.synerion.com\/enterprise\/fr\/wp-json\/wp\/v2\/media?parent=4226"}],"wp:term":[{"taxonomy":"ht_kb_category","embeddable":true,"href":"https:\/\/help.synerion.com\/enterprise\/fr\/wp-json\/wp\/v2\/ht-kb-category?post=4226"},{"taxonomy":"ht_kb_tag","embeddable":true,"href":"https:\/\/help.synerion.com\/enterprise\/fr\/wp-json\/wp\/v2\/ht-kb-tag?post=4226"}],"curies":[{"name":"wp","href":"https:\/\/api.w.org\/{rel}","templated":true}]}}

Version juillet 2025 &#8211; Fonctionnalités principales

<p class="has-medium-font-size"><strong><u>Horaires</u></strong></p>



<p><strong>Relevé d’écart des heures budgetées – </strong>Un nouveau relevé d’écart des heures budgetées peut être lancé à partir de l’écran de gestion d’employé ou de l’écran d’affichage de couverture quotidienne. Ce relevé est identique au relevé existant intitulé Relevé sommaire d’écart des heures budgetées mais n’inclut pas les totaux sommaires.</p>



<figure class="wp-block-image size-full"><img loading="lazy" decoding="async" width="917" height="264" src="/enterprise/wp-content/uploads/sites/3/2025/08/July-2025-Key-Features-1_FR-1.png" alt="" class="wp-image-4233" srcset="/enterprise/wp-content/uploads/sites/3/2025/08/July-2025-Key-Features-1_FR-1.png 917w, /enterprise/wp-content/uploads/sites/3/2025/08/July-2025-Key-Features-1_FR-1-300x86.png 300w, /enterprise/wp-content/uploads/sites/3/2025/08/July-2025-Key-Features-1_FR-1-768x221.png 768w, /enterprise/wp-content/uploads/sites/3/2025/08/July-2025-Key-Features-1_FR-1-50x14.png 50w, /enterprise/wp-content/uploads/sites/3/2025/08/July-2025-Key-Features-1_FR-1-60x17.png 60w, /enterprise/wp-content/uploads/sites/3/2025/08/July-2025-Key-Features-1_FR-1-100x29.png 100w" sizes="auto, (max-width: 917px) 100vw, 917px" /></figure>



<p class="has-medium-font-size"><strong><u>Présences</u></strong></p>



<p><strong>Calcul du solde prévu – </strong>Une nouvelle option «&nbsp;inclure les demandes futures&nbsp;» a été ajoutée au volet de solde d’absences dans l’écran des présences. Cet élément glissant permettra à l’usager d’inclure les futures absences approuvées dans le calcul du solde d’absences.</p>



<figure class="wp-block-image size-full"><img loading="lazy" decoding="async" width="363" height="583" src="/enterprise/wp-content/uploads/sites/3/2025/08/July-2025-Key-Features-2_FR-1.png" alt="" class="wp-image-4235" srcset="/enterprise/wp-content/uploads/sites/3/2025/08/July-2025-Key-Features-2_FR-1.png 363w, /enterprise/wp-content/uploads/sites/3/2025/08/July-2025-Key-Features-2_FR-1-187x300.png 187w, /enterprise/wp-content/uploads/sites/3/2025/08/July-2025-Key-Features-2_FR-1-31x50.png 31w, /enterprise/wp-content/uploads/sites/3/2025/08/July-2025-Key-Features-2_FR-1-37x60.png 37w, /enterprise/wp-content/uploads/sites/3/2025/08/July-2025-Key-Features-2_FR-1-62x100.png 62w" sizes="auto, (max-width: 363px) 100vw, 363px" /></figure>



<p class="has-medium-font-size"><strong><u>Taux de palier</u></strong></p>



<p><strong>Support du taux amalgamé – </strong>Une nouvelle option a été ajoutée pour scinder une tâche en deux tâches quand le taux de palier a été atteint et qu’un nouveau taux est appliqué. La première tâche est calculée en utilisant le taux précédent et la deuxième sera calculée avec le taux suivant.</p>



<figure class="wp-block-image size-full"><img loading="lazy" decoding="async" width="987" height="351" src="/enterprise/wp-content/uploads/sites/3/2025/08/July-2025-Key-Features-3_FR.png" alt="" class="wp-image-4278" srcset="/enterprise/wp-content/uploads/sites/3/2025/08/July-2025-Key-Features-3_FR.png 987w, /enterprise/wp-content/uploads/sites/3/2025/08/July-2025-Key-Features-3_FR-300x107.png 300w, /enterprise/wp-content/uploads/sites/3/2025/08/July-2025-Key-Features-3_FR-768x273.png 768w, /enterprise/wp-content/uploads/sites/3/2025/08/July-2025-Key-Features-3_FR-50x18.png 50w, /enterprise/wp-content/uploads/sites/3/2025/08/July-2025-Key-Features-3_FR-60x21.png 60w, /enterprise/wp-content/uploads/sites/3/2025/08/July-2025-Key-Features-3_FR-100x36.png 100w" sizes="auto, (max-width: 987px) 100vw, 987px" /></figure>



<p><strong>Ajustements des heures – </strong>Après avoir fixé la valeur initiale des heures, des ajustements peuvent être effectués pour des dates spécifiques en utilisant l’option de l’ajustement des heures. Des heures peuvent être ajoutées avec une valeur positive ou retranchées avec une valeur négative.</p>



<figure class="wp-block-image size-large"><img loading="lazy" decoding="async" width="1024" height="327" src="/enterprise/wp-content/uploads/sites/3/2025/08/July-2025-Key-Features-4_FR-1024x327.png" alt="" class="wp-image-4280" srcset="/enterprise/wp-content/uploads/sites/3/2025/08/July-2025-Key-Features-4_FR-1024x327.png 1024w, /enterprise/wp-content/uploads/sites/3/2025/08/July-2025-Key-Features-4_FR-300x96.png 300w, /enterprise/wp-content/uploads/sites/3/2025/08/July-2025-Key-Features-4_FR-768x246.png 768w, /enterprise/wp-content/uploads/sites/3/2025/08/July-2025-Key-Features-4_FR-50x16.png 50w, /enterprise/wp-content/uploads/sites/3/2025/08/July-2025-Key-Features-4_FR-60x19.png 60w, /enterprise/wp-content/uploads/sites/3/2025/08/July-2025-Key-Features-4_FR-100x32.png 100w, /enterprise/wp-content/uploads/sites/3/2025/08/July-2025-Key-Features-4_FR.png 1076w" sizes="auto, (max-width: 1024px) 100vw, 1024px" /></figure>

<p>Horaires Relevé d’écart des heures budgetées – Un nouveau relevé d’écart des heures budgetées peut être lancé à partir de l’écran de gestion d’employé ou de l’écran d’affichage de couverture quotidienne. Ce relevé est identique au relevé existant intitulé Relevé sommaire d’écart des heures budgetées mais n’inclut pas les totaux&#8230;</p>
